I/ActivityManager( 426): Delay finish: com.google.android.gms/.wearable.init.InitializeGmsWearableReceiver
I/ActivityManager( 426): Resuming delayed broadcast
I/ActivityManager( 426): Delay finish: com.google.android.gms/.wearable.init.InitializeGmsWearableReceiver
I/ActivityManager( 426): Resuming delayed broadcast
I/ActivityManager( 426): Delay finish: com.google.android.gms/.wearable.init.InitializeGmsWearableReceiver
I/ActivityManager( 426): Resuming delayed broadcast
I/ActivityManager( 426): Delay finish: com.google.android.gms/.wearable.init.InitializeGmsWearableReceiver
I/ActivityManager( 426): Resuming delayed broadcast
I/ActivityManager( 426): Delay finish: com.google.android.gms/.wearable.init.InitializeGmsWearableReceiver
I/ActivityManager( 426): Resuming delayed broadcast
I/ActivityManager( 426): Delay finish: com.google.android.gms/.wearable.init.InitializeGmsWearableReceiver
I/ActivityManager( 426): Resuming delayed broadcast
I/ActivityManager( 426): Delay finish: com.google.android.gms/.wearable.init.InitializeGmsWearableReceiver
I/ActivityManager( 426): Resuming delayed broadcast
I/ActivityManager( 426): Delay finish: com.google.android.gms/.wearable.init.InitializeGmsWearableReceiver
I/ActivityManager( 426): Resuming delayed broadcast
I/ActivityManager( 426): Delay finish: com.google.android.gms/.wearable.init.InitializeGmsWearableReceiver
I/ActivityManager( 426): Resuming delayed broadcast
I/ActivityManager( 426): Delay finish: com.google.android.gms/.wearable.init.InitializeGmsWearableReceiver
I/ActivityManager( 426): Resuming delayed broadcast
I/ActivityManager( 426): Delay finish: com.google.android.gms/.wearable.init.InitializeGmsWearableReceiver
I/ActivityManager( 426): Resuming delayed broadcast
I/ActivityManager( 426): Delay finish: com.google.android.gms/.wearable.init.InitializeGmsWearableReceiver
I/ActivityManager( 426): Resuming delayed broadcast
I/ActivityManager( 426): Delay finish: com.google.android.gms/.wearable.init.InitializeGmsWearableReceiver
I/ActivityManager( 426): Resuming delayed broadcast
I/ActivityManager( 426): Delay finish: com.google.android.gms/.wearable.init.InitializeGmsWearableReceiver
I/ActivityManager( 426): Resuming delayed broadcast
I/ActivityManager( 426): Delay finish: com.google.android.gms/.wearable.init.InitializeGmsWearableReceiver
I/ActivityManager( 426): Resuming delayed broadcast
I/ActivityManager( 426): START u0 {act=android.intent.action.MAIN flg=0x10200000 cmp=wearablesoftware.wearsysteminfo/.MainActivity} from uid 10002 on display 0
I/ActivityManager( 426): Delay finish: com.google.android.gms/.wearable.init.InitializeGmsWearableReceiver
I/ActivityManager( 426): Resuming delayed broadcast
I/ActivityManager( 426): Delay finish: com.google.android.gms/.wearable.init.InitializeGmsWearableReceiver
I/ActivityManager( 426): Resuming delayed broadcast
I/ActivityManager( 426): Delay finish: com.google.android.gms/.wearable.init.InitializeGmsWearableReceiver
I/ActivityManager( 426): Resuming delayed broadcast
I/ActivityManager( 426): Process com.google.android.gms (pid 19875) has died
I/ActivityManager( 426): Start proc 20207:com.google.android.gms/u0a9 for broadcast com.google.android.gms/.wearable.init.InitializeGmsWearableReceiver
I/ActivityManager( 426): Process sony.com.stepservice (pid 19827) has died
W/ActivityManager( 426): Scheduling restart of crashed service sony.com.stepservice/.StepService in 64000ms
W/ResourcesManager(20207): Asset path '/system/framework/com.android.location.provider.jar' does not exist or contains no resources.
I/ActivityManager( 426): Delay finish: com.google.android.gms/.wearable.init.InitializeGmsWearableReceiver
I/ActivityManager( 426): Resuming delayed broadcast
I/ActivityManager( 426): Process com.google.android.gms (pid 20207) has died
I/ActivityManager( 426): Start proc 20229:com.google.android.gms/u0a9 for broadcast com.google.android.gms/.common.stats.GmsCoreStatsServiceLauncher
W/ResourcesManager(20229): Asset path '/system/framework/com.android.location.provider.jar' does not exist or contains no resources.
I/ActivityManager( 426): Process com.google.process.gapps (pid 19848) has died
W/ActivityManager( 426): Scheduling restart of crashed service com.google.android.gms/.gcm.GcmService in 4096000ms
I/ActivityManager( 426): Process com.google.android.gms (pid 20229) has died
I/ActivityManager( 426): Start proc 20249:com.google.process.gapps/u0a9 for broadcast com.google.android.gms/.gcm.ServiceAutoStarter
W/ResourcesManager(20249): Asset path '/system/framework/com.android.location.provider.jar' does not exist or contains no resources.
I/ActivityManager( 426): Start proc 20270:com.google.android.gms/u0a9 for broadcast com.google.android.gms/.subscribedfeeds.ConfigurationReceiver
W/ResourcesManager(20270): Asset path '/system/framework/com.android.location.provider.jar' does not exist or contains no resources.
I/ActivityManager( 426): Process com.google.android.gms (pid 20270) has died
I/ActivityManager( 426): Start proc 20295:com.google.android.gms/u0a9 for broadcast com.google.android.gms/.common.stats.GmsCoreStatsServiceLauncher
W/ResourcesManager(20295): Asset path '/system/framework/com.android.location.provider.jar' does not exist or contains no resources.
I/ActivityManager( 426): Process com.google.android.gms (pid 20295) has died
W/BroadcastQueue( 426): Exception when sending broadcast to ComponentInfo{com.google.android.gms/com.google.android.gms.gcm.ServiceAutoStarter}
W/BroadcastQueue( 426): android.os.TransactionTooLargeException
W/BroadcastQueue( 426): at android.os.BinderProxy.transactNative(Native Method)
W/BroadcastQueue( 426): at android.os.BinderProxy.transact(Binder.java:496)
W/BroadcastQueue( 426): at android.app.ApplicationThreadProxy.scheduleReceiver(ApplicationThreadNative.java:861)
W/BroadcastQueue( 426): at com.android.server.am.BroadcastQueue.processCurBroadcastLocked(BroadcastQueue.java:245)
W/BroadcastQueue( 426): at com.android.server.am.BroadcastQueue.processNextBroadcast(BroadcastQueue.java:898)
W/BroadcastQueue( 426): at com.android.server.am.BroadcastQueue$BroadcastHandler.handleMessage(BroadcastQueue.java:149)
W/BroadcastQueue( 426): at android.os.Handler.dispatchMessage(Handler.java:102)
W/BroadcastQueue( 426): at android.os.Looper.loop(Looper.java:135)
W/BroadcastQueue( 426): at android.os.HandlerThread.run(HandlerThread.java:61)
W/BroadcastQueue( 426): at com.android.server.ServiceThread.run(ServiceThread.java:46)
W/ActivityManager( 426): Scheduling restart of crashed service com.google.android.gms/.gcm.GcmService in 16384000ms
I/ActivityManager( 426): Start proc 20315:com.google.process.gapps/u0a9 for broadcast com.google.android.gms/.gcm.ServiceAutoStarter
W/ActivityManager( 426): Spurious death for ProcessRecord{abc0979 20315:com.google.process.gapps/u0a9}, curProc for 20249: null
W/ResourcesManager(20315): Asset path '/system/framework/com.android.location.provider.jar' does not exist or contains no resources.
I/ActivityManager( 426): Start proc 20336:com.google.android.gms/u0a9 for broadcast com.google.android.gms/.subscribedfeeds.ConfigurationReceiver
W/ResourcesManager(20336): Asset path '/system/framework/com.android.location.provider.jar' does not exist or contains no resources.
I/ActivityManager( 426): Process com.google.android.gms (pid 20336) has died
I/ActivityManager( 426): Start proc 20361:com.google.android.gms/u0a9 for broadcast com.google.android.gms/.common.stats.GmsCoreStatsServiceLauncher
W/ResourcesManager(20361): Asset path '/system/framework/com.android.location.provider.jar' does not exist or contains no resources.
I/ActivityManager( 426): Delay finish: com.google.android.gms/.wearable.init.InitializeGmsWearableReceiver
I/ActivityManager( 426): Process com.google.process.gapps (pid 20315) has died
W/ActivityManager( 426): Scheduling restart of crashed service com.google.android.gms/.gcm.GcmService in 65536000ms
I/ActivityManager( 426): Resuming delayed broadcast
I/ActivityManager( 426): Start proc 20383:com.google.process.gapps/u0a9 for broadcast com.google.android.gms/.gcm.ServiceAutoStarter
W/ResourcesManager(20383): Asset path '/system/framework/com.android.location.provider.jar' does not exist or contains no resources.
I/ActivityManager( 426): Process com.google.android.gms (pid 20361) has died
I/ActivityManager( 426): Start proc 20404:com.google.android.gms/u0a9 for broadcast com.google.android.gms/.subscribedfeeds.ConfigurationReceiver
W/ResourcesManager(20404): Asset path '/system/framework/com.android.location.provider.jar' does not exist or contains no resources.
W/BroadcastQueue( 426): Exception when sending broadcast to ComponentInfo{com.google.android.gms/com.google.android.gms.common.stats.GmsCoreStatsServiceLauncher}
W/BroadcastQueue( 426): android.os.TransactionTooLargeException
W/BroadcastQueue( 426): at android.os.BinderProxy.transactNative(Native Method)
W/BroadcastQueue( 426): at android.os.BinderProxy.transact(Binder.java:496)
W/BroadcastQueue( 426): at android.app.ApplicationThreadProxy.scheduleReceiver(ApplicationThreadNative.java:861)
W/BroadcastQueue( 426): at com.android.server.am.BroadcastQueue.processCurBroadcastLocked(BroadcastQueue.java:245)
W/BroadcastQueue( 426): at com.android.server.am.BroadcastQueue.processNextBroadcast(BroadcastQueue.java:898)
W/BroadcastQueue( 426): at com.android.server.am.ActivityManagerService.finishReceiver(ActivityManagerService.java:16451)
W/BroadcastQueue( 426): at android.app.ActivityManagerNative.onTransact(ActivityManagerNative.java:469)
W/BroadcastQueue( 426): at com.android.server.am.ActivityManagerService.onTransact(ActivityManagerService.java:2212)
W/BroadcastQueue( 426): at android.os.Binder.execTransact(Binder.java:446)
I/ActivityManager( 426): Start proc 20430:com.google.android.gms/u0a9 for broadcast com.google.android.gms/.common.stats.GmsCoreStatsServiceLauncher
W/ActivityManager( 426): Spurious death for ProcessRecord{1a5640f6 20430:com.google.android.gms/u0a9}, curProc for 20404: null
W/ResourcesManager(20430): Asset path '/system/framework/com.android.location.provider.jar' does not exist or contains no resources.
I/ActivityManager( 426): Process com.google.process.gapps (pid 20383) has died
W/ActivityManager( 426): Scheduling restart of crashed service com.google.android.gms/.gcm.GcmService in 262144000ms
I/ActivityThread(20430): Removing dead content provider:android.content.ContentProviderProxy@2bd06e48
I/ActivityManager( 426): Start proc 20448:com.google.process.gapps/u0a9 for content provider com.google.android.gsf/.gservices.GservicesProvider
W/ResourcesManager(20448): Asset path '/system/framework/com.android.location.provider.jar' does not exist or contains no resources.
I/ActivityManager( 426): Process com.google.android.gms (pid 20430) has died
I/ActivityManager( 426): Start proc 20477:com.google.android.gms/u0a9 for broadcast com.google.android.gms/.subscribedfeeds.ConfigurationReceiver
W/ResourcesManager(20477): Asset path '/system/framework/com.android.location.provider.jar' does not exist or contains no resources.
W/BroadcastQueue( 426): Exception when sending broadcast to ComponentInfo{com.google.android.gms/com.google.android.gms.common.stats.GmsCoreStatsServiceLauncher}
W/BroadcastQueue( 426): android.os.TransactionTooLargeException
W/BroadcastQueue( 426): at android.os.BinderProxy.transactNative(Native Method)
W/BroadcastQueue( 426): at android.os.BinderProxy.transact(Binder.java:496)
W/BroadcastQueue( 426): at android.app.ApplicationThreadProxy.scheduleReceiver(ApplicationThreadNative.java:861)
W/BroadcastQueue( 426): at com.android.server.am.BroadcastQueue.processCurBroadcastLocked(BroadcastQueue.java:245)
W/BroadcastQueue( 426): at com.android.server.am.BroadcastQueue.processNextBroadcast(BroadcastQueue.java:898)
W/BroadcastQueue( 426): at com.android.server.am.ActivityManagerService.finishReceiver(ActivityManagerService.java:16451)
W/BroadcastQueue( 426): at android.app.ActivityManagerNative.onTransact(ActivityManagerNative.java:469)
W/BroadcastQueue( 426): at com.android.server.am.ActivityManagerService.onTransact(ActivityManagerService.java:2212)
W/BroadcastQueue( 426): at android.os.Binder.execTransact(Binder.java:446)
I/ActivityManager( 426): Start proc 20497:com.google.android.gms/u0a9 for broadcast com.google.android.gms/.common.stats.GmsCoreStatsServiceLauncher
W/ActivityManager( 426): Spurious death for ProcessRecord{9d45739 20497:com.google.android.gms/u0a9}, curProc for 20477: null
W/ResourcesManager(20497): Asset path '/system/framework/com.android.location.provider.jar' does not exist or contains no resources.
I/ActivityManager( 426): Process com.google.android.gms (pid 20497) has died
I/ActivityManager( 426): Start proc 20519:com.google.android.gms/u0a9 for broadcast com.google.android.gms/.subscribedfeeds.ConfigurationReceiver
W/ResourcesManager(20519): Asset path '/system/framework/com.android.location.provider.jar' does not exist or contains no resources.
I/ActivityManager( 426): Delay finish: com.google.android.gms/.wearable.init.InitializeGmsWearableReceiver
I/ActivityManager( 426): Resuming delayed broadcast
W/BroadcastQueue( 426): Exception when sending broadcast to ComponentInfo{com.google.android.gms/com.google.android.gms.gcm.ServiceAutoStarter}
W/BroadcastQueue( 426): android.os.TransactionTooLargeException
W/BroadcastQueue( 426): at android.os.BinderProxy.transactNative(Native Method)
W/BroadcastQueue( 426): at android.os.BinderProxy.transact(Binder.java:496)
W/BroadcastQueue( 426): at android.app.ApplicationThreadProxy.scheduleReceiver(ApplicationThreadNative.java:861)
W/BroadcastQueue( 426): at com.android.server.am.BroadcastQueue.processCurBroadcastLocked(BroadcastQueue.java:245)
W/BroadcastQueue( 426): at com.android.server.am.BroadcastQueue.processNextBroadcast(BroadcastQueue.java:898)
W/BroadcastQueue( 426): at com.android.server.am.BroadcastQueue.backgroundServicesFinishedLocked(BroadcastQueue.java:418)
W/BroadcastQueue( 426): at com.android.server.am.ActivityManagerService.backgroundServicesFinishedLocked(ActivityManagerService.java:16424)
W/BroadcastQueue( 426): at com.android.server.am.ActiveServices$ServiceMap.rescheduleDelayedStarts(ActiveServices.java:257)
W/BroadcastQueue( 426): at com.android.server.am.ActiveServices$ServiceMap.ensureNotStartingBackground(ActiveServices.java:210)
W/BroadcastQueue( 426): at com.android.server.am.ActiveServices.bringDownServiceLocked(ActiveServices.java:1732)
W/BroadcastQueue( 426): at com.android.server.am.ActiveServices.bringDownServiceIfNeededLocked(ActiveServices.java:1608)
W/BroadcastQueue( 426): at com.android.server.am.ActiveServices.stopServiceTokenLocked(ActiveServices.java:568)
W/BroadcastQueue( 426): at com.android.server.am.ActivityManagerService.stopServiceToken(ActivityManagerService.java:15169)
W/BroadcastQueue( 426): at android.app.ActivityManagerNative.onTransact(ActivityManagerNative.java:925)
W/BroadcastQueue( 426): at com.android.server.am.ActivityManagerService.onTransact(ActivityManagerService.java:2212)
W/BroadcastQueue( 426): at android.os.Binder.execTransact(Binder.java:446)
W/ActivityManager( 426): Scheduling restart of crashed service com.google.android.gms/.gcm.GcmService in 1048576000ms
I/ActivityManager( 426): Start proc 20541:com.google.process.gapps/u0a9 for broadcast com.google.android.gms/.gcm.ServiceAutoStarter
W/ActivityManager( 426): Spurious death for ProcessRecord{2b4851fb 20541:com.google.process.gapps/u0a9}, curProc for 20448: null
W/ResourcesManager(20541): Asset path '/system/framework/com.android.location.provider.jar' does not exist or contains no resources.
I/ActivityManager( 426): Process com.google.android.gms (pid 20519) has died
I/ActivityManager( 426): Start proc 20562:com.google.android.gms/u0a9 for broadcast com.google.android.gms/.subscribedfeeds.ConfigurationReceiver
W/ResourcesManager(20562): Asset path '/system/framework/com.android.location.provider.jar' does not exist or contains no resources.
W/BroadcastQueue( 426): Exception when sending broadcast to ComponentInfo{com.google.android.gms/com.google.android.gms.common.stats.GmsCoreStatsServiceLauncher}
W/BroadcastQueue( 426): android.os.TransactionTooLargeException
W/BroadcastQueue( 426): at android.os.BinderProxy.transactNative(Native Method)
W/BroadcastQueue( 426): at android.os.BinderProxy.transact(Binder.java:496)
W/BroadcastQueue( 426): at android.app.ApplicationThreadProxy.scheduleReceiver(ApplicationThreadNative.java:861)
W/BroadcastQueue( 426): at com.android.server.am.BroadcastQueue.processCurBroadcastLocked(BroadcastQueue.java:245)
W/BroadcastQueue( 426): at com.android.server.am.BroadcastQueue.processNextBroadcast(BroadcastQueue.java:898)
W/BroadcastQueue( 426): at com.android.server.am.ActivityManagerService.finishReceiver(ActivityManagerService.java:16451)
W/BroadcastQueue( 426): at android.app.ActivityManagerNative.onTransact(ActivityManagerNative.java:469)
W/BroadcastQueue( 426): at com.android.server.am.ActivityManagerService.onTransact(ActivityManagerService.java:2212)
W/BroadcastQueue( 426): at android.os.Binder.execTransact(Binder.java:446)
I/ActivityManager( 426): Start proc 20587:com.google.android.gms/u0a9 for broadcast com.google.android.gms/.common.stats.GmsCoreStatsServiceLauncher
W/ActivityManager( 426): Spurious death for ProcessRecord{dd55fc7 20587:com.google.android.gms/u0a9}, curProc for 20562: null
W/ResourcesManager(20587): Asset path '/system/framework/com.android.location.provider.jar' does not exist or contains no resources.
I/ActivityManager( 426): Process com.google.process.gapps (pid 20541) has died
W/ActivityManager( 426): Scheduling restart of crashed service com.google.android.gms/.gcm.GcmService in 4194304000ms
I/ActivityThread(20587): Removing dead content provider:android.content.ContentProviderProxy@2f0fe5ee
I/ActivityManager( 426): Start proc 20605:com.google.process.gapps/u0a9 for content provider com.google.android.gsf/.gservices.GservicesProvider
I/ActivityManager( 426): Delay finish: com.google.android.gms/.wearable.init.InitializeGmsWearableReceiver
I/ActivityManager( 426): Resuming delayed broadcast
W/ResourcesManager(20605): Asset path '/system/framework/com.android.location.provider.jar' does not exist or contains no resources.
I/ActivityManager( 426): Process com.google.android.gms (pid 20587) has died
I/ActivityManager( 426): Start proc 20636:com.google.android.gms/u0a9 for broadcast com.google.android.gms/.subscribedfeeds.ConfigurationReceiver
W/ResourcesManager(20636): Asset path '/system/framework/com.android.location.provider.jar' does not exist or contains no resources.
I/ActivityManager( 426): Process com.google.process.gapps (pid 20605) has died
W/ActivityManager( 426): Scheduling restart of crashed service com.google.android.gms/.gcm.GcmService in 16777216000ms
I/ActivityThread(20636): Removing dead content provider:android.content.ContentProviderProxy@2f0fe5ee
I/ActivityManager( 426): Start proc 20654:com.google.process.gapps/u0a9 for content provider com.google.android.gsf/.gservices.GservicesProvider
W/ResourcesManager(20654): Asset path '/system/framework/com.android.location.provider.jar' does not exist or contains no resources.
I/ActivityManager( 426): Process com.google.android.gms (pid 20636) has died
I/ActivityManager( 426): Start proc 20680:com.google.android.gms/u0a9 for broadcast com.google.android.gms/.common.stats.GmsCoreStatsServiceLauncher
I/ActivityManager( 426): Process com.google.process.gapps (pid 20654) has died
W/ActivityManager( 426): Scheduling restart of crashed service com.google.android.gms/.gcm.GcmService in 67108864000ms
W/ResourcesManager(20680): Asset path '/system/framework/com.android.location.provider.jar' does not exist or contains no resources.
I/ActivityManager( 426): Start proc 20698:com.google.process.gapps/u0a9 for content provider com.google.android.gsf/.gservices.GservicesProvider
W/ResourcesManager(20698): Asset path '/system/framework/com.android.location.provider.jar' does not exist or contains no resources.
I/ActivityManager( 426): Delay finish: com.google.android.gms/.wearable.init.InitializeGmsWearableReceiver
I/ActivityManager( 426): Process com.google.android.gms (pid 20680) has died
W/ActivityManager( 426): Scheduling restart of crashed service com.google.android.gms/.wearable.init.InitializeWearableIntentService in 1000ms
I/ActivityManager( 426): Resuming delayed broadcast
I/ActivityManager( 426): Start proc 20729:com.google.android.gms/u0a9 for broadcast com.google.android.gms/.subscribedfeeds.ConfigurationReceiver
W/ResourcesManager(20729): Asset path '/system/framework/com.android.location.provider.jar' does not exist or contains no resources.
I/ActivityManager( 426): Process com.google.process.gapps (pid 20698) has died
W/ActivityManager( 426): Scheduling restart of crashed service com.google.android.gms/.gcm.GcmService in 268435456000ms
I/ActivityThread(20729): Removing dead content provider:android.content.ContentProviderProxy@2bd06e48
I/ActivityManager( 426): Start proc 20747:com.google.process.gapps/u0a9 for content provider com.google.android.gsf/.gservices.GservicesProvider
W/ResourcesManager(20747): Asset path '/system/framework/com.android.location.provider.jar' does not exist or contains no resources.
I/ActivityManager( 426): Process com.google.android.gms (pid 20729) has died
I/ActivityManager( 426): Start proc 20774:com.google.android.gms/u0a9 for broadcast com.google.android.gms/.common.stats.GmsCoreStatsServiceLauncher
W/ResourcesManager(20774): Asset path '/system/framework/com.android.location.provider.jar' does not exist or contains no resources.
I/ActivityManager( 426): Process com.google.process.gapps (pid 20747) has died
W/ActivityManager( 426): Scheduling restart of crashed service com.google.android.gms/.gcm.GcmService in 1073741824000ms
I/ActivityThread(20774): Removing dead content provider:android.content.ContentProviderProxy@2f0fe5ee
I/ActivityManager( 426): Start proc 20792:com.google.process.gapps/u0a9 for content provider com.google.android.gsf/.gservices.GservicesProvider
W/ResourcesManager(20792): Asset path '/system/framework/com.android.location.provider.jar' does not exist or contains no resources.
I/ActivityManager( 426): Process com.google.android.gms (pid 20774) has died
I/ActivityManager( 426): Start proc 20820:com.google.android.gms/u0a9 for broadcast com.google.android.gms/.subscribedfeeds.ConfigurationReceiver
W/ResourcesManager(20820): Asset path '/system/framework/com.android.location.provider.jar' does not exist or contains no resources.
I/ActivityManager( 426): Process com.google.process.gapps (pid 20792) has died
W/ActivityManager( 426): Scheduling restart of crashed service com.google.android.gms/.gcm.GcmService in 4294967296000ms
I/ActivityThread(20820): Removing dead content provider:android.content.ContentProviderProxy@2f0fe5ee
I/ActivityManager( 426): Start proc 20838:com.google.process.gapps/u0a9 for content provider com.google.android.gsf/.gservices.GservicesProvider
W/ResourcesManager(20838): Asset path '/system/framework/com.android.location.provider.jar' does not exist or contains no resources.
I/ActivityManager( 426): Process com.google.android.gms (pid 20820) has died
I/ActivityManager( 426): Start proc 20865:com.google.android.gms/u0a9 for broadcast com.google.android.gms/.common.stats.GmsCoreStatsServiceLauncher
W/ResourcesManager(20865): Asset path '/system/framework/com.android.location.provider.jar' does not exist or contains no resources.
I/ActivityManager( 426): Process com.google.process.gapps (pid 20838) has died
W/ActivityManager( 426): Scheduling restart of crashed service com.google.android.gms/.gcm.GcmService in 17179869184000ms
I/ActivityThread(20865): Removing dead content provider:android.content.ContentProviderProxy@2f0fe5ee
I/ActivityManager( 426): Start proc 20883:com.google.process.gapps/u0a9 for content provider com.google.android.gsf/.gservices.GservicesProvider
W/ResourcesManager(20883): Asset path '/system/framework/com.android.location.provider.jar' does not exist or contains no resources.
I/ActivityManager( 426): Delay finish: com.google.android.gms/.wearable.init.InitializeGmsWearableReceiver
I/ActivityManager( 426): Process com.google.android.gms (pid 20865) has died
W/ActivityManager( 426): Scheduling restart of crashed service com.google.android.gms/.wearable.init.InitializeWearableIntentService in 1000ms
I/ActivityManager( 426): Resuming delayed broadcast
I/ActivityManager( 426): Start proc 20914:com.google.android.gms/u0a9 for broadcast com.google.android.gms/.subscribedfeeds.ConfigurationReceiver
W/ResourcesManager(20914): Asset path '/system/framework/com.android.location.provider.jar' does not exist or contains no resources.
W/BroadcastQueue( 426): Exception when sending broadcast to ComponentInfo{com.google.android.gms/com.google.android.gms.common.stats.GmsCoreStatsServiceLauncher}
W/BroadcastQueue( 426): android.os.TransactionTooLargeException
W/BroadcastQueue( 426): at android.os.BinderProxy.transactNative(Native Method)
W/BroadcastQueue( 426): at android.os.BinderProxy.transact(Binder.java:496)
W/BroadcastQueue( 426): at android.app.ApplicationThreadProxy.scheduleReceiver(ApplicationThreadNative.java:861)
W/BroadcastQueue( 426): at com.android.server.am.BroadcastQueue.processCurBroadcastLocked(BroadcastQueue.java:245)
W/BroadcastQueue( 426): at com.android.server.am.BroadcastQueue.processNextBroadcast(BroadcastQueue.java:898)
W/BroadcastQueue( 426): at com.android.server.am.ActivityManagerService.finishReceiver(ActivityManagerService.java:16451)
W/BroadcastQueue( 426): at android.app.ActivityManagerNative.onTransact(ActivityManagerNative.java:469)
W/BroadcastQueue( 426): at com.android.server.am.ActivityManagerService.onTransact(ActivityManagerService.java:2212)
W/BroadcastQueue( 426): at android.os.Binder.execTransact(Binder.java:446)
I/ActivityManager( 426): Start proc 20934:com.google.android.gms/u0a9 for broadcast com.google.android.gms/.common.stats.GmsCoreStatsServiceLauncher
W/ActivityManager( 426): Spurious death for ProcessRecord{2bfe250c 20934:com.google.android.gms/u0a9}, curProc for 20914: null
I/ActivityManager( 426): Process com.google.process.gapps (pid 20883) has died
W/ActivityManager( 426): Scheduling restart of crashed service com.google.android.gms/.gcm.GcmService in 68719476736000ms
W/ResourcesManager(20934): Asset path '/system/framework/com.android.location.provider.jar' does not exist or contains no resources.
I/ActivityManager( 426): Start proc 20952:com.google.process.gapps/u0a9 for content provider com.google.android.gsf/.gservices.GservicesProvider
W/ResourcesManager(20952): Asset path '/system/framework/com.android.location.provider.jar' does not exist or contains no resources.
I/ActivityManager( 426): Delay finish: com.google.android.gms/.wearable.init.InitializeGmsWearableReceiver
I/ActivityManager( 426): Process com.google.android.gms (pid 20934) has died
W/ActivityManager( 426): Scheduling restart of crashed service com.google.android.gms/.wearable.init.InitializeWearableIntentService in 1000ms
I/ActivityManager( 426): Resuming delayed broadcast
I/ActivityManager( 426): Start proc 20984:com.google.android.gms/u0a9 for broadcast com.google.android.gms/.subscribedfeeds.ConfigurationReceiver
W/ResourcesManager(20984): Asset path '/system/framework/com.android.location.provider.jar' does not exist or contains no resources.
I/ActivityManager( 426): Process com.google.process.gapps (pid 20952) has died
W/ActivityManager( 426): Scheduling restart of crashed service com.google.android.gms/.gcm.GcmService in 274877906944000ms
I/ActivityThread(20984): Removing dead content provider:android.content.ContentProviderProxy@2f0fe5ee
I/ActivityManager( 426): Start proc 21002:com.google.process.gapps/u0a9 for content provider com.google.android.gsf/.gservices.GservicesProvider
W/ResourcesManager(21002): Asset path '/system/framework/com.android.location.provider.jar' does not exist or contains no resources.
I/ActivityManager( 426): Process com.google.android.gms (pid 20984) has died
I/ActivityManager( 426): Start proc 21028:com.google.android.gms/u0a9 for broadcast com.google.android.gms/.common.stats.GmsCoreStatsServiceLauncher
W/ResourcesManager(21028): Asset path '/system/framework/com.android.location.provider.jar' does not exist or contains no resources.
I/ActivityManager( 426): Process com.google.process.gapps (pid 21002) has died
W/ActivityManager( 426): Scheduling restart of crashed service com.google.android.gms/.gcm.GcmService in 1099511627776000ms
I/ActivityManager( 426): Start proc 21046:com.google.process.gapps/u0a9 for content provider com.google.android.gsf/.gservices.GservicesProvider
W/ResourcesManager(21046): Asset path '/system/framework/com.android.location.provider.jar' does not exist or contains no resources.
I/ActivityManager( 426): Process com.google.android.gms (pid 21028) has died
I/ActivityManager( 426): Start proc 21076:com.google.android.gms/u0a9 for broadcast com.google.android.gms/.subscribedfeeds.ConfigurationReceiver
W/ResourcesManager(21076): Asset path '/system/framework/com.android.location.provider.jar' does not exist or contains no resources.
I/ActivityManager( 426): Process com.google.process.gapps (pid 21046) has died
W/ActivityManager( 426): Scheduling restart of crashed service com.google.android.gms/.gcm.GcmService in 4398046511104000ms
I/ActivityManager( 426): Start proc 21094:com.google.process.gapps/u0a9 for content provider com.google.android.gsf/.gservices.GservicesProvider
W/ResourcesManager(21094): Asset path '/system/framework/com.android.location.provider.jar' does not exist or contains no resources.
I/ActivityManager( 426): Process com.google.android.gms (pid 21076) has died
I/ActivityManager( 426): Start proc 21121:com.google.android.gms/u0a9 for broadcast com.google.android.gms/.common.stats.GmsCoreStatsServiceLauncher
W/ResourcesManager(21121): Asset path '/system/framework/com.android.location.provider.jar' does not exist or contains no resources.
I/ActivityManager( 426): Process com.google.process.gapps (pid 21094) has died
W/ActivityManager( 426): Scheduling restart of crashed service com.google.android.gms/.gcm.GcmService in 17592186044416000ms
I/ActivityThread(21121): Removing dead content provider:android.content.ContentProviderProxy@2f0fe5ee
I/ActivityManager( 426): Start proc 21139:com.google.process.gapps/u0a9 for content provider com.google.android.gsf/.gservices.GservicesProvider
W/ResourcesManager(21139): Asset path '/system/framework/com.android.location.provider.jar' does not exist or contains no resources.
I/ActivityManager( 426): Process com.google.android.gms (pid 21121) has died
I/ActivityManager( 426): Start proc 21167:com.google.android.gms/u0a9 for broadcast com.google.android.gms/.subscribedfeeds.ConfigurationReceiver
W/ResourcesManager(21167): Asset path '/system/framework/com.android.location.provider.jar' does not exist or contains no resources.
I/ActivityManager( 426): Process com.google.process.gapps (pid 21139) has died
W/ActivityManager( 426): Scheduling restart of crashed service com.google.android.gms/.gcm.GcmService in 70368744177664000ms
I/ActivityThread(21167): Removing dead content provider:android.content.ContentProviderProxy@2bd06e48
I/ActivityManager( 426): Start proc 21185:com.google.process.gapps/u0a9 for content provider com.google.android.gsf/.gservices.GservicesProvider
W/ResourcesManager(21185): Asset path '/system/framework/com.android.location.provider.jar' does not exist or contains no resources.
I/ActivityManager( 426): Process com.google.android.gms (pid 21167) has died
I/ActivityManager( 426): Start proc 21211:com.google.android.gms/u0a9 for broadcast com.google.android.gms/.common.stats.GmsCoreStatsServiceLauncher
W/ResourcesManager(21211): Asset path '/system/framework/com.android.location.provider.jar' does not exist or contains no resources.
I/ActivityManager( 426): Process com.google.process.gapps (pid 21185) has died
W/ActivityManager( 426): Scheduling restart of crashed service com.google.android.gms/.gcm.GcmService in 281474976710656000ms
I/ActivityManager( 426): Start proc 21229:com.google.process.gapps/u0a9 for content provider com.google.android.gsf/.gservices.GservicesProvider
W/ResourcesManager(21229): Asset path '/system/framework/com.android.location.provider.jar' does not exist or contains no resources.
I/ActivityManager( 426): Delay finish: com.google.android.gms/.wearable.init.InitializeGmsWearableReceiver
I/ActivityManager( 426): Process com.google.android.gms (pid 21211) has died
W/ActivityManager( 426): Scheduling restart of crashed service com.google.android.gms/.wearable.init.InitializeWearableIntentService in 1000ms
I/ActivityManager( 426): Resuming delayed broadcast
I/ActivityManager( 426): Start proc 21258:com.google.android.gms/u0a9 for broadcast com.google.android.gms/.subscribedfeeds.ConfigurationReceiver
W/ResourcesManager(21258): Asset path '/system/framework/com.android.location.provider.jar' does not exist or contains no resources.
I/ActivityManager( 426): Process com.google.process.gapps (pid 21229) has died
W/ActivityManager( 426): Scheduling restart of crashed service com.google.android.gms/.gcm.GcmService in 1125899906842624000ms
I/ActivityThread(21258): Removing dead content provider:android.content.ContentProviderProxy@2bd06e48
I/ActivityManager( 426): Start proc 21276:com.google.process.gapps/u0a9 for content provider com.google.android.gsf/.gservices.GservicesProvider
W/ResourcesManager(21276): Asset path '/system/framework/com.android.location.provider.jar' does not exist or contains no resources.
I/ActivityManager( 426): Process com.google.android.gms (pid 21258) has died
I/ActivityManager( 426): Start proc 21302:com.google.android.gms/u0a9 for broadcast com.google.android.gms/.common.stats.GmsCoreStatsServiceLauncher
W/ResourcesManager(21302): Asset path '/system/framework/com.android.location.provider.jar' does not exist or contains no resources.
I/ActivityManager( 426): Process com.google.process.gapps (pid 21276) has died
W/ActivityManager( 426): Scheduling restart of crashed service com.google.android.gms/.gcm.GcmService in 4503599627370496000ms
I/ActivityManager( 426): Start proc 21320:com.google.process.gapps/u0a9 for content provider com.google.android.gsf/.gservices.GservicesProvider
W/ResourcesManager(21320): Asset path '/system/framework/com.android.location.provider.jar' does not exist or contains no resources.
I/ActivityManager( 426): Process com.google.android.gms (pid 21302) has died
I/ActivityManager( 426): Start proc 21342:com.google.android.gms/u0a9 for broadcast com.google.android.gms/.wearable.init.InitializeGmsWearableReceiver
W/ResourcesManager(21342): Asset path '/system/framework/com.android.location.provider.jar' does not exist or contains no resources.
I/ActivityManager( 426): Delay finish: com.google.android.gms/.wearable.init.InitializeGmsWearableReceiver
I/ActivityManager( 426): Process com.google.process.gapps (pid 21320) has died
W/ActivityManager( 426): Scheduling restart of crashed service com.google.android.gms/.gcm.GcmService in 1000ms
I/ActivityManager( 426): Resuming delayed broadcast
I/ActivityManager( 426): Start proc 21366:com.google.process.gapps/u0a9 for broadcast com.google.android.gms/.gcm.ServiceAutoStarter
W/ResourcesManager(21366): Asset path '/system/framework/com.android.location.provider.jar' does not exist or contains no resources.
I/ActivityManager( 426): Process com.google.android.gms (pid 21342) has died
I/ActivityManager( 426): Start proc 21387:com.google.android.gms/u0a9 for broadcast com.google.android.gms/.subscribedfeeds.ConfigurationReceiver
W/ResourcesManager(21387): Asset path '/system/framework/com.android.location.provider.jar' does not exist or contains no resources.
I/ActivityManager( 426): Process com.google.android.gms (pid 21387) has died
I/ActivityManager( 426): Start proc 21412:com.google.android.gms/u0a9 for broadcast com.google.android.gms/.common.stats.GmsCoreStatsServiceLauncher
W/ResourcesManager(21412): Asset path '/system/framework/com.android.location.provider.jar' does not exist or contains no resources.
I/ActivityManager( 426): Process com.google.process.gapps (pid 21366) has died
W/ActivityManager( 426): Scheduling restart of crashed service com.google.android.gms/.gcm.GcmService in 4000ms
I/ActivityManager( 426): Start proc 21430:com.google.process.gapps/u0a9 for content provider com.google.android.gsf/.gservices.GservicesProvider
W/ResourcesManager(21430): Asset path '/system/framework/com.android.location.provider.jar' does not exist or contains no resources.
I/ActivityManager( 426): Process com.google.android.gms (pid 21412) has died
I/ActivityManager( 426): Start proc 21453:com.google.android.gms/u0a9 for broadcast com.google.android.gms/.wearable.init.InitializeGmsWearableReceiver
W/ResourcesManager(21453): Asset path '/system/framework/com.android.location.provider.jar' does not exist or contains no resources.
I/ActivityManager( 426): Delay finish: com.google.android.gms/.wearable.init.InitializeGmsWearableReceiver
I/ActivityManager( 426): Resuming delayed broadcast
W/BroadcastQueue( 426): Exception when sending broadcast to ComponentInfo{com.google.android.gms/com.google.android.gms.gcm.ServiceAutoStarter}
W/BroadcastQueue( 426): android.os.TransactionTooLargeException
W/BroadcastQueue( 426): at android.os.BinderProxy.transactNative(Native Method)
W/BroadcastQueue( 426): at android.os.BinderProxy.transact(Binder.java:496)
W/BroadcastQueue( 426): at android.app.ApplicationThreadProxy.scheduleReceiver(ApplicationThreadNative.java:861)
W/BroadcastQueue( 426): at com.android.server.am.BroadcastQueue.processCurBroadcastLocked(BroadcastQueue.java:245)
W/BroadcastQueue( 426): at com.android.server.am.BroadcastQueue.processNextBroadcast(BroadcastQueue.java:898)
W/BroadcastQueue( 426): at com.android.server.am.BroadcastQueue.backgroundServicesFinishedLocked(BroadcastQueue.java:418)
W/BroadcastQueue( 426): at com.android.server.am.ActivityManagerService.backgroundServicesFinishedLocked(ActivityManagerService.java:16424)
W/BroadcastQueue( 426): at com.android.server.am.ActiveServices$ServiceMap.rescheduleDelayedStarts(ActiveServices.java:257)
W/BroadcastQueue( 426): at com.android.server.am.ActiveServices$ServiceMap.ensureNotStartingBackground(ActiveServices.java:210)
W/BroadcastQueue( 426): at com.android.server.am.ActiveServices.bringDownServiceLocked(ActiveServices.java:1732)
W/BroadcastQueue( 426): at com.android.server.am.ActiveServices.bringDownServiceIfNeededLocked(ActiveServices.java:1608)
W/BroadcastQueue( 426): at com.android.server.am.ActiveServices.stopServiceTokenLocked(ActiveServices.java:568)
W/BroadcastQueue( 426): at com.android.server.am.ActivityManagerService.stopServiceToken(ActivityManagerService.java:15169)
W/BroadcastQueue( 426): at android.app.ActivityManagerNative.onTransact(ActivityManagerNative.java:925)
W/BroadcastQueue( 426): at com.android.server.am.ActivityManagerService.onTransact(ActivityManagerService.java:2212)
W/BroadcastQueue( 426): at android.os.Binder.execTransact(Binder.java:446)
W/ActivityManager( 426): Scheduling restart of crashed service com.google.android.gms/.gcm.GcmService in 16000ms
I/ActivityManager( 426): Start proc 21477:com.google.process.gapps/u0a9 for broadcast com.google.android.gms/.gcm.ServiceAutoStarter
W/ActivityManager( 426): Spurious death for ProcessRecord{25727405 21477:com.google.process.gapps/u0a9}, curProc for 21430: null
I/ActivityManager( 426): Process com.google.android.gms (pid 21453) has died
W/ResourcesManager(21477): Asset path '/system/framework/com.android.location.provider.jar' does not exist or contains no resources.
I/ActivityManager( 426): Start proc 21498:com.google.android.gms/u0a9 for broadcast com.google.android.gms/.subscribedfeeds.ConfigurationReceiver
W/ResourcesManager(21498): Asset path '/system/framework/com.android.location.provider.jar' does not exist or contains no resources.
I/ActivityManager( 426): Process com.google.android.gms (pid 21498) has died
I/ActivityManager( 426): Start proc 21523:com.google.android.gms/u0a9 for broadcast com.google.android.gms/.common.stats.GmsCoreStatsServiceLauncher
W/ResourcesManager(21523): Asset path '/system/framework/com.android.location.provider.jar' does not exist or contains no resources.
I/ActivityManager( 426): Process com.google.process.gapps (pid 21477) has died
W/ActivityManager( 426): Scheduling restart of crashed service com.google.android.gms/.gcm.GcmService in 64000ms
I/ActivityManager( 426): Start proc 21541:com.google.process.gapps/u0a9 for content provider com.google.android.gsf/.gservices.GservicesProvider
W/ResourcesManager(21541): Asset path '/system/framework/com.android.location.provider.jar' does not exist or contains no resources.
I/ActivityManager( 426): Process com.google.android.gms (pid 21523) has died
I/ActivityManager( 426): Start proc 21563:com.google.android.gms/u0a9 for broadcast com.google.android.gms/.wearable.init.InitializeGmsWearableReceiver
W/ResourcesManager(21563): Asset path '/system/framework/com.android.location.provider.jar' does not exist or contains no resources.
I/ActivityManager( 426): Process com.google.process.gapps (pid 21541) has died
W/ActivityManager( 426): Scheduling restart of crashed service com.google.android.gms/.gcm.GcmService in 256000ms
I/ActivityManager( 426): Start proc 21583:com.google.process.gapps/u0a9 for content provider com.google.android.gsf/.gservices.GservicesProvider
W/ResourcesManager(21583): Asset path '/system/framework/com.android.location.provider.jar' does not exist or contains no resources.
I/ActivityManager( 426): Delay finish: com.google.android.gms/.wearable.init.InitializeGmsWearableReceiver
I/ActivityManager( 426): Process com.google.android.gms (pid 21563) has died
W/ActivityManager( 426): Scheduling restart of crashed service com.google.android.gms/.wearable.init.InitializeWearableIntentService in 1000ms
I/ActivityManager( 426): Resuming delayed broadcast
I/ActivityManager( 426): Start proc 21612:com.google.android.gms/u0a9 for broadcast com.google.android.gms/.subscribedfeeds.ConfigurationReceiver
W/ResourcesManager(21612): Asset path '/system/framework/com.android.location.provider.jar' does not exist or contains no resources.
I/ActivityManager( 426): Process com.google.process.gapps (pid 21583) has died
W/ActivityManager( 426): Scheduling restart of crashed service com.google.android.gms/.gcm.GcmService in 1024000ms
I/ActivityThread(21612): Removing dead content provider:android.content.ContentProviderProxy@2f0fe5ee
I/ActivityManager( 426): Start proc 21630:com.google.process.gapps/u0a9 for content provider com.google.android.gsf/.gservices.GservicesProvider
W/ResourcesManager(21630): Asset path '/system/framework/com.android.location.provider.jar' does not exist or contains no resources.
I/ActivityManager( 426): Process com.google.android.gms (pid 21612) has died
I/ActivityManager( 426): Start proc 21656:com.google.android.gms/u0a9 for broadcast com.google.android.gms/.common.stats.GmsCoreStatsServiceLauncher
W/ResourcesManager(21656): Asset path '/system/framework/com.android.location.provider.jar' does not exist or contains no resources.
I/ActivityManager( 426): Process com.google.process.gapps (pid 21630) has died
W/ActivityManager( 426): Scheduling restart of crashed service com.google.android.gms/.gcm.GcmService in 4096000ms
I/ActivityManager( 426): Start proc 21674:com.google.process.gapps/u0a9 for content provider com.google.android.gsf/.gservices.GservicesProvider
W/ResourcesManager(21674): Asset path '/system/framework/com.android.location.provider.jar' does not exist or contains no resources.
I/PowerManagerService( 426): Going to sleep due to screen timeout (uid 1000)...
I/ActivityManager( 426): Process com.google.android.gms (pid 21656) has died
I/ActivityManager( 426): Start proc 21696:com.google.android.gms/u0a9 for broadcast com.google.android.gms/.wearable.init.InitializeGmsWearableReceiver
E/InputMethodManagerService( 426): Ignoring setImeWindowStatus due to an invalid token. uid:1000 token:null
I/DreamManagerService( 426): Entering dreamland.
I/PowerManagerService( 426): Dozing...
I/DreamController( 426): Starting dream: name=ComponentInfo{com.google.android.wearable.ambient/com.google.android.wearable.ambient.AmbientDream}, isTest=false, canDoze=true, userId=0
E/InputMethodManagerService( 426): Ignoring setImeWindowStatus due to an invalid token. uid:1000 token:null
V/DreamService[AmbientDream]( 810): onBind() intent = Intent { act=android.service.dreams.DreamService flg=0x800000 cmp=com.google.android.wearable.ambient/.AmbientDream }
I/AmbientService( 810): Ambient Created: launching default
I/ActivityManager( 426): START u0 {act=android.intent.action.MAIN cat=[android.intent.category.HOME] flg=0x34010000 cmp=com.google.android.wearable.app/com.google.android.clockwork.home.HomeActivity} from uid 10013 on display 0
V/DreamService[AmbientDream]( 810): Calling onDreamingStarted()
I/AmbientService( 810): Ambient Starting
W/ResourcesManager(21696): Asset path '/system/framework/com.android.location.provider.jar' does not exist or contains no resources.
W/BatteryStatsImpl( 426): Couldn't get kernel wake lock stats
I/DisplayManagerService( 426): Display device changed state: "Built-in Screen", DOZE_SUSPEND
V/ActivityManager( 426): Display changed displayId=0
I/DisplayManagerService( 426): Display device changed state: "Built-in Screen", DOZE
V/ActivityManager( 426): Display changed displayId=0
I/ActivityManager( 426): Delay finish: com.google.android.gms/.wearable.init.InitializeGmsWearableReceiver
I/ActivityManager( 426): Resuming delayed broadcast
I/DisplayManagerService( 426): Display device changed state: "Built-in Screen", DOZE_SUSPEND
V/ActivityManager( 426): Display changed displayId=0
I/ActivityManager( 426): Delay finish: com.google.android.gms/.wearable.init.InitializeGmsWearableReceiver
I/ActivityManager( 426): Resuming delayed broadcast
I/ActivityManager( 426): Delay finish: com.google.android.gms/.wearable.init.InitializeGmsWearableReceiver
I/ActivityManager( 426): Resuming delayed broadcast
I/ActivityManager( 426): Delay finish: com.google.android.gms/.wearable.init.InitializeGmsWearableReceiver
I/ActivityManager( 426): Resuming delayed broadcast
I/ActivityManager( 426): Delay finish: com.google.android.gms/.wearable.init.InitializeGmsWearableReceiver
I/ActivityManager( 426): Resuming delayed broadcast
I/ActivityManager( 426): Delay finish: com.google.android.gms/.wearable.init.InitializeGmsWearableReceiver
I/ActivityManager( 426): Resuming delayed broadcast
I/ActivityManager( 426): Delay finish: com.google.android.gms/.wearable.init.InitializeGmsWearableReceiver
I/ActivityManager( 426): Resuming delayed broadcast
I/ActivityManager( 426): Delay finish: com.google.android.gms/.wearable.init.InitializeGmsWearableReceiver
I/ActivityManager( 426): Resuming delayed broadcast
I/ActivityManager( 426): Delay finish: com.google.android.gms/.wearable.init.InitializeGmsWearableReceiver
I/ActivityManager( 426): Resuming delayed broadcast
I/ActivityManager( 426): Delay finish: com.google.android.gms/.wearable.init.InitializeGmsWearableReceiver
I/ActivityManager( 426): Resuming delayed broadcast
I/ActivityManager( 426): Delay finish: com.google.android.gms/.wearable.init.InitializeGmsWearableReceiver
I/ActivityManager( 426): Resuming delayed broadcast
I/ActivityManager( 426): Delay finish: com.google.android.gms/.wearable.init.InitializeGmsWearableReceiver
I/ActivityManager( 426): Resuming delayed broadcast
I/ActivityManager( 426): Delay finish: com.google.android.gms/.wearable.init.InitializeGmsWearableReceiver
I/ActivityManager( 426): Resuming delayed broadcast
I/ActivityManager( 426): Delay finish: com.google.android.gms/.wearable.init.InitializeGmsWearableReceiver
I/ActivityManager( 426): Resuming delayed broadcast
I/ActivityManager( 426): Delay finish: com.google.android.gms/.wearable.init.InitializeGmsWearableReceiver
I/ActivityManager( 426): Resuming delayed broadcast
I/ActivityManager( 426): Delay finish: com.google.android.gms/.wearable.init.InitializeGmsWearableReceiver
I/ActivityManager( 426): Resuming delayed broadcast
I/ActivityManager( 426): Delay finish: com.google.android.gms/.wearable.init.InitializeGmsWearableReceiver
I/ActivityManager( 426): Resuming delayed broadcast
I/ActivityManager( 426): Delay finish: com.google.android.gms/.wearable.init.InitializeGmsWearableReceiver
I/ActivityManager( 426): Resuming delayed broadcast
I/ActivityManager( 426): Delay finish: com.google.android.gms/.wearable.init.InitializeGmsWearableReceiver
I/ActivityManager( 426): Resuming delayed broadcast
I/ActivityManager( 426): Delay finish: com.google.android.gms/.wearable.init.InitializeGmsWearableReceiver
I/ActivityManager( 426): Resuming delayed broadcast
I/ActivityManager( 426): Delay finish: com.google.android.gms/.wearable.init.InitializeGmsWearableReceiver
I/ActivityManager( 426): Resuming delayed broadcast
I/ActivityManager( 426): Delay finish: com.google.android.gms/.wearable.init.InitializeGmsWearableReceiver
I/ActivityManager( 426): Resuming delayed broadcast
I/ActivityManager( 426): Delay finish: com.google.android.gms/.wearable.init.InitializeGmsWearableReceiver
I/ActivityManager( 426): Resuming delayed broadcast
I/ActivityManager( 426): Delay finish: com.google.android.gms/.wearable.init.InitializeGmsWearableReceiver
I/ActivityManager( 426): Resuming delayed broadcast
I/ActivityManager( 426): Delay finish: com.google.android.gms/.wearable.init.InitializeGmsWearableReceiver
I/ActivityManager( 426): Resuming delayed broadcast
I/ActivityManager( 426): Delay finish: com.google.android.gms/.wearable.init.InitializeGmsWearableReceiver
I/ActivityManager( 426): Resuming delayed broadcast
I/ActivityManager( 426): Delay finish: com.google.android.gms/.wearable.init.InitializeGmsWearableReceiver
