V/JNIHelp (23803): Registering com/google/android/gms/org/conscrypt/NativeCrypto's 227 native methods...
I/ProviderInstaller(23803): Installed default security provider GmsCore_OpenSSL
D/GCM (23803): COMPAT: Multi user not supported
W/art (23803): Suspending all threads took: 8.239ms
I/ActivityManager( 426): Process com.google.android.gms (pid 23781) has died
D/GCM (23803): GcmService start null null
D/GCM (23803): GcmService start Intent { act=com.google.android.gms.INITIALIZE flg=0x10 pkg=com.google.android.gms cmp=com.google.android.gms/.gcm.GcmService } com.google.android.gms.INITIALIZE
D/AuthorizationBluetoothService(23803): Received GmsCore event: Intent { act=com.google.android.gms.INITIALIZE flg=0x10 pkg=com.google.android.gms cmp=com.google.android.gms/.auth.be.proximity.authorization.bt.AuthorizationBluetoothService$AutoStarter }.
D/a (23803): Opening database auth.proximity.permit_store...
I/ActivityManager( 426): Start proc 23830:com.google.android.gms/u0a9 for broadcast com.google.android.gms/.common.stats.GmsCoreStatsServiceLauncher
W/ResourcesManager(23830): Asset path '/system/framework/com.android.location.provider.jar' does not exist or contains no resources.
I/MultiDex(23830): VM with version 2.1.0 has multidex support
I/MultiDex(23830): install
I/MultiDex(23830): VM has multidex support, MultiDex support library is disabled.
V/JNIHelp (23830): Registering com/google/android/gms/org/conscrypt/NativeCrypto's 227 native methods...
I/ProviderInstaller(23830): Installed default security provider GmsCore_OpenSSL
V/GmsCoreStatsServiceLauncher(23830): Received broadcast intent Intent { act=com.google.android.gms.INITIALIZE flg=0x10 pkg=com.google.android.gms cmp=com.google.android.gms/.common.stats.GmsCoreStatsServiceLauncher }
E/lowmemorykiller( 143): Error writing /proc/23803/oom_score_adj; errno=22
I/ActivityManager( 426): Process com.google.process.gapps (pid 23803) has died
W/ActivityManager( 426): Scheduling restart of crashed service com.google.android.gms/.gcm.GcmService in 1073741824000ms
I/ActivityManager( 426): Process com.google.android.gms (pid 23830) has died
D/Eid-InitializeEidServerReceiver( 755): EID server is disabled.
I/ActivityManager( 426): Start proc 23849:com.google.android.gms/u0a9 for broadcast com.google.android.gms/.wearable.init.InitializeGmsWearableReceiver
W/ResourcesManager(23849): Asset path '/system/framework/com.android.location.provider.jar' does not exist or contains no resources.
I/MultiDex(23849): VM with version 2.1.0 has multidex support
I/MultiDex(23849): install
I/MultiDex(23849): VM has multidex support, MultiDex support library is disabled.
I/ActivityManager( 426): Start proc 23868:com.google.process.gapps/u0a9 for content provider com.google.android.gsf/.gservices.GservicesProvider
I/GservicesProvider(23868): Gservices pushing to system: true; secure/global: true
I/GoogleHttpClient(23868): GMS http client unavailable, use old client
V/JNIHelp (23849): Registering com/google/android/gms/org/conscrypt/NativeCrypto's 227 native methods...
W/ResourcesManager(23868): Asset path '/system/framework/com.android.location.provider.jar' does not exist or contains no resources.
I/MultiDex(23868): VM with version 2.1.0 has multidex support
I/MultiDex(23868): install
I/MultiDex(23868): VM has multidex support, MultiDex support library is disabled.
I/ProviderInstaller(23849): Installed default security provider GmsCore_OpenSSL
V/JNIHelp (23868): Registering com/google/android/gms/org/conscrypt/NativeCrypto's 227 native methods...
I/ActivityManager( 426): Delay finish: com.google.android.gms/.wearable.init.InitializeGmsWearableReceiver
I/ActivityManager( 426): Resuming delayed broadcast
I/ProviderInstaller(23868): Installed default security provider GmsCore_OpenSSL
I/ActivityManager( 426): Process com.google.android.gms (pid 23849) has died
D/GCM (23868): COMPAT: Multi user not supported
D/GCM (23868): GcmService start null null
D/GCM (23868): GcmService start Intent { act=com.google.android.gms.INITIALIZE flg=0x10 pkg=com.google.android.gms cmp=com.google.android.gms/.gcm.GcmService } com.google.android.gms.INITIALIZE
I/ActivityManager( 426): Start proc 23897:com.google.android.gms/u0a9 for broadcast com.google.android.gms/.subscribedfeeds.ConfigurationReceiver
W/ResourcesManager(23897): Asset path '/system/framework/com.android.location.provider.jar' does not exist or contains no resources.
I/MultiDex(23897): VM with version 2.1.0 has multidex support
I/MultiDex(23897): install
I/MultiDex(23897): VM has multidex support, MultiDex support library is disabled.
E/lowmemorykiller( 143): Error writing /proc/23868/oom_score_adj; errno=22
E/JavaBinder(23897): !!! FAILED BINDER TRANSACTION !!!
V/JNIHelp (23897): Registering com/google/android/gms/org/conscrypt/NativeCrypto's 227 native methods...
I/ActivityManager( 426): Process com.google.process.gapps (pid 23868) has died
W/ActivityManager( 426): Scheduling restart of crashed service com.google.android.gms/.gcm.GcmService in 4294967296000ms
I/ProviderInstaller(23897): Installed default security provider GmsCore_OpenSSL
I/ActivityThread(23897): Removing dead content provider:android.content.ContentProviderProxy@2f0fe5ee
I/ActivityManager( 426): Start proc 23915:com.google.process.gapps/u0a9 for content provider com.google.android.gsf/.gservices.GservicesProvider
I/art ( 162): Explicit concurrent mark sweep GC freed 709(30KB) AllocSpace objects, 0(0B) LOS objects, 24% free, 5MB/7MB, paused 366us total 24.597ms
I/art ( 162): Explicit concurrent mark sweep GC freed 5(160B) AllocSpace objects, 0(0B) LOS objects, 24% free, 5MB/7MB, paused 366us total 26.184ms
I/GservicesProvider(23915): Gservices pushing to system: true; secure/global: true
I/art ( 162): Explicit concurrent mark sweep GC freed 5(160B) AllocSpace objects, 0(0B) LOS objects, 24% free, 5MB/7MB, paused 335us total 19.378ms
I/GoogleHttpClient(23915): GMS http client unavailable, use old client
W/ResourcesManager(23915): Asset path '/system/framework/com.android.location.provider.jar' does not exist or contains no resources.
I/MultiDex(23915): VM with version 2.1.0 has multidex support
I/MultiDex(23915): install
I/MultiDex(23915): VM has multidex support, MultiDex support library is disabled.
V/JNIHelp (23915): Registering com/google/android/gms/org/conscrypt/NativeCrypto's 227 native methods...
I/ActivityManager( 426): Process com.google.android.gms (pid 23897) has died
I/ProviderInstaller(23915): Installed default security provider GmsCore_OpenSSL
D/GCM (23915): COMPAT: Multi user not supported
I/art ( 426): Explicit concurrent mark sweep GC freed 9108(477KB) AllocSpace objects, 0(0B) LOS objects, 6% free, 31MB/33MB, paused 1.678ms total 284.057ms
D/GCM (23915): GcmService start null null
D/AuthorizationBluetoothService(23915): Received GmsCore event: Intent { act=com.google.android.gms.INITIALIZE flg=0x10 pkg=com.google.android.gms cmp=com.google.android.gms/.auth.be.proximity.authorization.bt.AuthorizationBluetoothService$AutoStarter }.
D/a (23915): Opening database auth.proximity.permit_store...
I/ActivityManager( 426): Start proc 23942:com.google.android.gms/u0a9 for broadcast com.google.android.gms/.common.stats.GmsCoreStatsServiceLauncher
W/ResourcesManager(23942): Asset path '/system/framework/com.android.location.provider.jar' does not exist or contains no resources.
I/MultiDex(23942): VM with version 2.1.0 has multidex support
I/MultiDex(23942): install
I/MultiDex(23942): VM has multidex support, MultiDex support library is disabled.
E/lowmemorykiller( 143): Error writing /proc/23915/oom_score_adj; errno=22
E/JavaBinder(23942): !!! FAILED BINDER TRANSACTION !!!
I/ActivityManager( 426): Process com.google.process.gapps (pid 23915) has died
W/ActivityManager( 426): Scheduling restart of crashed service com.google.android.gms/.gcm.GcmService in 17179869184000ms
V/JNIHelp (23942): Registering com/google/android/gms/org/conscrypt/NativeCrypto's 227 native methods...
I/ProviderInstaller(23942): Installed default security provider GmsCore_OpenSSL
I/ActivityThread(23942): Removing dead content provider:android.content.ContentProviderProxy@2f0fe5ee
I/ActivityManager( 426): Start proc 23960:com.google.process.gapps/u0a9 for content provider com.google.android.gsf/.gservices.GservicesProvider
I/GservicesProvider(23960): Gservices pushing to system: true; secure/global: true
I/GoogleHttpClient(23960): GMS http client unavailable, use old client
V/GmsCoreStatsServiceLauncher(23942): Received broadcast intent Intent { act=com.google.android.gms.INITIALIZE flg=0x10 pkg=com.google.android.gms cmp=com.google.android.gms/.common.stats.GmsCoreStatsServiceLauncher }
W/ResourcesManager(23960): Asset path '/system/framework/com.android.location.provider.jar' does not exist or contains no resources.
I/MultiDex(23960): VM with version 2.1.0 has multidex support
I/MultiDex(23960): install
I/MultiDex(23960): VM has multidex support, MultiDex support library is disabled.
V/JNIHelp (23960): Registering com/google/android/gms/org/conscrypt/NativeCrypto's 227 native methods...
D/Eid-InitializeEidServerReceiver( 755): EID server is disabled.
I/ActivityManager( 426): Delay finish: com.google.android.gms/.wearable.init.InitializeGmsWearableReceiver
I/ProviderInstaller(23960): Installed default security provider GmsCore_OpenSSL
D/GCM (23960): COMPAT: Multi user not supported
I/ActivityManager( 426): Process com.google.android.gms (pid 23942) has died
W/ActivityManager( 426): Scheduling restart of crashed service com.google.android.gms/.wearable.init.InitializeWearableIntentService in 1000ms
I/ActivityManager( 426): Resuming delayed broadcast
W/NativeLibraryUtils(23960): Install did not work
W/NativeLibraryUtils(23960): java.io.IOException: fcntl failed: EAGAIN (Try again)
W/NativeLibraryUtils(23960): at java.nio.FileChannelImpl.basicLock(FileChannelImpl.java:123)
W/NativeLibraryUtils(23960): at java.nio.FileChannelImpl.tryLock(FileChannelImpl.java:181)
W/NativeLibraryUtils(23960): at java.nio.channels.FileChannel.tryLock(FileChannel.java:584)
W/NativeLibraryUtils(23960): at com.google.android.gms.common.util.am.a(SourceFile:314)
W/NativeLibraryUtils(23960): at com.google.android.gms.common.app.a.run(SourceFile:136)
W/NativeLibraryUtils(23960): Caused by: android.system.ErrnoException: fcntl failed: EAGAIN (Try again)
W/NativeLibraryUtils(23960): at libcore.io.Posix.fcntlFlock(Native Method)
W/NativeLibraryUtils(23960): at libcore.io.ForwardingOs.fcntlFlock(ForwardingOs.java:70)
W/NativeLibraryUtils(23960): at java.nio.FileChannelImpl.basicLock(FileChannelImpl.java:121)
W/NativeLibraryUtils(23960): ... 4 more
D/GCM (23960): GcmService start null null
D/GCM (23960): GcmService start Intent { act=com.google.android.gms.INITIALIZE flg=0x10 pkg=com.google.android.gms cmp=com.google.android.gms/.gcm.GcmService } com.google.android.gms.INITIALIZE
I/ActivityManager( 426): Start proc 23989:com.google.android.gms/u0a9 for broadcast com.google.android.gms/.subscribedfeeds.ConfigurationReceiver
W/ResourcesManager(23989): Asset path '/system/framework/com.android.location.provider.jar' does not exist or contains no resources.
I/MultiDex(23989): VM with version 2.1.0 has multidex support
I/MultiDex(23989): install
I/MultiDex(23989): VM has multidex support, MultiDex support library is disabled.
V/JNIHelp (23989): Registering com/google/android/gms/org/conscrypt/NativeCrypto's 227 native methods...
I/ProviderInstaller(23989): Installed default security provider GmsCore_OpenSSL
D/AuthorizationBluetoothService(23960): Received GmsCore event: Intent { act=com.google.android.gms.INITIALIZE flg=0x10 pkg=com.google.android.gms cmp=com.google.android.gms/.auth.be.proximity.authorization.bt.AuthorizationBluetoothService$AutoStarter }.
D/a (23960): Opening database auth.proximity.permit_store...
E/lowmemorykiller( 143): Error writing /proc/23989/oom_score_adj; errno=22
E/JavaBinder( 426): !!! FAILED BINDER TRANSACTION !!!
W/BroadcastQueue( 426): Exception when sending broadcast to ComponentInfo{com.google.android.gms/com.google.android.gms.common.stats.GmsCoreStatsServiceLauncher}
W/BroadcastQueue( 426): android.os.TransactionTooLargeException
W/BroadcastQueue( 426): at android.os.BinderProxy.transactNative(Native Method)
W/BroadcastQueue( 426): at android.os.BinderProxy.transact(Binder.java:496)
W/BroadcastQueue( 426): at android.app.ApplicationThreadProxy.scheduleReceiver(ApplicationThreadNative.java:861)
W/BroadcastQueue( 426): at com.android.server.am.BroadcastQueue.processCurBroadcastLocked(BroadcastQueue.java:245)
W/BroadcastQueue( 426): at com.android.server.am.BroadcastQueue.processNextBroadcast(BroadcastQueue.java:898)
W/BroadcastQueue( 426): at com.android.server.am.ActivityManagerService.finishReceiver(ActivityManagerService.java:16451)
W/BroadcastQueue( 426): at android.app.ActivityManagerNative.onTransact(ActivityManagerNative.java:469)
W/BroadcastQueue( 426): at com.android.server.am.ActivityManagerService.onTransact(ActivityManagerService.java:2212)
W/BroadcastQueue( 426): at android.os.Binder.execTransact(Binder.java:446)
I/ActivityManager( 426): Start proc 24009:com.google.android.gms/u0a9 for broadcast com.google.android.gms/.common.stats.GmsCoreStatsServiceLauncher
W/ActivityManager( 426): Spurious death for ProcessRecord{19d8e8eb 24009:com.google.android.gms/u0a9}, curProc for 23989: null
W/ResourcesManager(24009): Asset path '/system/framework/com.android.location.provider.jar' does not exist or contains no resources.
I/MultiDex(24009): VM with version 2.1.0 has multidex support
I/MultiDex(24009): install
I/MultiDex(24009): VM has multidex support, MultiDex support library is disabled.
E/lowmemorykiller( 143): Error writing /proc/23960/oom_score_adj; errno=22
E/JavaBinder(24009): !!! FAILED BINDER TRANSACTION !!!
I/ActivityManager( 426): Process com.google.process.gapps (pid 23960) has died
W/ActivityManager( 426): Scheduling restart of crashed service com.google.android.gms/.gcm.GcmService in 68719476736000ms
V/JNIHelp (24009): Registering com/google/android/gms/org/conscrypt/NativeCrypto's 227 native methods...
I/ProviderInstaller(24009): Installed default security provider GmsCore_OpenSSL
I/ActivityThread(24009): Removing dead content provider:android.content.ContentProviderProxy@2f0fe5ee
I/ActivityManager( 426): Start proc 24027:com.google.process.gapps/u0a9 for content provider com.google.android.gsf/.gservices.GservicesProvider
I/GservicesProvider(24027): Gservices pushing to system: true; secure/global: true
I/GoogleHttpClient(24027): GMS http client unavailable, use old client
V/GmsCoreStatsServiceLauncher(24009): Received broadcast intent Intent { act=com.google.android.gms.INITIALIZE flg=0x10 pkg=com.google.android.gms cmp=com.google.android.gms/.common.stats.GmsCoreStatsServiceLauncher }
D/Eid-InitializeEidServerReceiver( 755): EID server is disabled.
I/ActivityManager( 426): Delay finish: com.google.android.gms/.wearable.init.InitializeGmsWearableReceiver
W/ResourcesManager(24027): Asset path '/system/framework/com.android.location.provider.jar' does not exist or contains no resources.
I/MultiDex(24027): VM with version 2.1.0 has multidex support
I/MultiDex(24027): install
I/MultiDex(24027): VM has multidex support, MultiDex support library is disabled.
V/JNIHelp (24027): Registering com/google/android/gms/org/conscrypt/NativeCrypto's 227 native methods...
I/ActivityManager( 426): Process com.google.android.gms (pid 24009) has died
W/ActivityManager( 426): Scheduling restart of crashed service com.google.android.gms/.wearable.init.InitializeWearableIntentService in 1000ms
I/ActivityManager( 426): Resuming delayed broadcast
I/ProviderInstaller(24027): Installed default security provider GmsCore_OpenSSL
D/GCM (24027): COMPAT: Multi user not supported
D/GCM (24027): GcmService start null null
D/GCM (24027): GcmService start Intent { act=com.google.android.gms.INITIALIZE flg=0x10 pkg=com.google.android.gms cmp=com.google.android.gms/.gcm.GcmService } com.google.android.gms.INITIALIZE
I/ActivityManager( 426): Start proc 24056:com.google.android.gms/u0a9 for broadcast com.google.android.gms/.subscribedfeeds.ConfigurationReceiver
W/ResourcesManager(24056): Asset path '/system/framework/com.android.location.provider.jar' does not exist or contains no resources.
I/MultiDex(24056): VM with version 2.1.0 has multidex support
I/MultiDex(24056): install
I/MultiDex(24056): VM has multidex support, MultiDex support library is disabled.
V/JNIHelp (24056): Registering com/google/android/gms/org/conscrypt/NativeCrypto's 227 native methods...
I/ProviderInstaller(24056): Installed default security provider GmsCore_OpenSSL
D/AuthorizationBluetoothService(24027): Received GmsCore event: Intent { act=com.google.android.gms.INITIALIZE flg=0x10 pkg=com.google.android.gms cmp=com.google.android.gms/.auth.be.proximity.authorization.bt.AuthorizationBluetoothService$AutoStarter }.
D/a (24027): Opening database auth.proximity.permit_store...
E/lowmemorykiller( 143): Error writing /proc/24056/oom_score_adj; errno=22
E/JavaBinder( 426): !!! FAILED BINDER TRANSACTION !!!
W/BroadcastQueue( 426): Exception when sending broadcast to ComponentInfo{com.google.android.gms/com.google.android.gms.common.stats.GmsCoreStatsServiceLauncher}
W/BroadcastQueue( 426): android.os.TransactionTooLargeException
W/BroadcastQueue( 426): at android.os.BinderProxy.transactNative(Native Method)
W/BroadcastQueue( 426): at android.os.BinderProxy.transact(Binder.java:496)
W/BroadcastQueue( 426): at android.app.ApplicationThreadProxy.scheduleReceiver(ApplicationThreadNative.java:861)
W/BroadcastQueue( 426): at com.android.server.am.BroadcastQueue.processCurBroadcastLocked(BroadcastQueue.java:245)
W/BroadcastQueue( 426): at com.android.server.am.BroadcastQueue.processNextBroadcast(BroadcastQueue.java:898)
W/BroadcastQueue( 426): at com.android.server.am.ActivityManagerService.finishReceiver(ActivityManagerService.java:16451)
W/BroadcastQueue( 426): at android.app.ActivityManagerNative.onTransact(ActivityManagerNative.java:469)
W/BroadcastQueue( 426): at com.android.server.am.ActivityManagerService.onTransact(ActivityManagerService.java:2212)
W/BroadcastQueue( 426): at android.os.Binder.execTransact(Binder.java:446)
I/ActivityManager( 426): Start proc 24076:com.google.android.gms/u0a9 for broadcast com.google.android.gms/.common.stats.GmsCoreStatsServiceLauncher
W/ActivityManager( 426): Spurious death for ProcessRecord{20e9308d 24076:com.google.android.gms/u0a9}, curProc for 24056: null
W/ResourcesManager(24076): Asset path '/system/framework/com.android.location.provider.jar' does not exist or contains no resources.
I/ActivityManager( 426): Process com.google.process.gapps (pid 24027) has died
W/ActivityManager( 426): Scheduling restart of crashed service com.google.android.gms/.gcm.GcmService in 274877906944000ms
I/MultiDex(24076): VM with version 2.1.0 has multidex support
I/MultiDex(24076): install
I/MultiDex(24076): VM has multidex support, MultiDex support library is disabled.
I/ActivityManager( 426): Start proc 24094:com.google.process.gapps/u0a9 for content provider com.google.android.gsf/.gservices.GservicesProvider
I/GservicesProvider(24094): Gservices pushing to system: true; secure/global: true
I/GoogleHttpClient(24094): GMS http client unavailable, use old client
V/JNIHelp (24076): Registering com/google/android/gms/org/conscrypt/NativeCrypto's 227 native methods...
W/ResourcesManager(24094): Asset path '/system/framework/com.android.location.provider.jar' does not exist or contains no resources.
I/ProviderInstaller(24076): Installed default security provider GmsCore_OpenSSL
I/MultiDex(24094): VM with version 2.1.0 has multidex support
I/MultiDex(24094): install
I/MultiDex(24094): VM has multidex support, MultiDex support library is disabled.
V/GmsCoreStatsServiceLauncher(24076): Received broadcast intent Intent { act=com.google.android.gms.INITIALIZE flg=0x10 pkg=com.google.android.gms cmp=com.google.android.gms/.common.stats.GmsCoreStatsServiceLauncher }
V/JNIHelp (24094): Registering com/google/android/gms/org/conscrypt/NativeCrypto's 227 native methods...
I/ProviderInstaller(24094): Installed default security provider GmsCore_OpenSSL
D/Eid-InitializeEidServerReceiver( 755): EID server is disabled.
I/ActivityManager( 426): Delay finish: com.google.android.gms/.wearable.init.InitializeGmsWearableReceiver
W/NativeLibraryUtils(24094): Install did not work
W/NativeLibraryUtils(24094): java.io.IOException: fcntl failed: EAGAIN (Try again)
W/NativeLibraryUtils(24094): at java.nio.FileChannelImpl.basicLock(FileChannelImpl.java:123)
W/NativeLibraryUtils(24094): at java.nio.FileChannelImpl.tryLock(FileChannelImpl.java:181)
W/NativeLibraryUtils(24094): at java.nio.channels.FileChannel.tryLock(FileChannel.java:584)
W/NativeLibraryUtils(24094): at com.google.android.gms.common.util.am.a(SourceFile:314)
W/NativeLibraryUtils(24094): at com.google.android.gms.common.app.a.run(SourceFile:136)
W/NativeLibraryUtils(24094): Caused by: android.system.ErrnoException: fcntl failed: EAGAIN (Try again)
W/NativeLibraryUtils(24094): at libcore.io.Posix.fcntlFlock(Native Method)
W/NativeLibraryUtils(24094): at libcore.io.ForwardingOs.fcntlFlock(ForwardingOs.java:70)
W/NativeLibraryUtils(24094): at java.nio.FileChannelImpl.basicLock(FileChannelImpl.java:121)
W/NativeLibraryUtils(24094): ... 4 more
D/GCM (24094): COMPAT: Multi user not supported
I/ActivityManager( 426): Process com.google.android.gms (pid 24076) has died
W/ActivityManager( 426): Scheduling restart of crashed service com.google.android.gms/.wearable.init.InitializeWearableIntentService in 1000ms
I/ActivityManager( 426): Resuming delayed broadcast
D/GCM (24094): GcmService start null null
D/GCM (24094): GcmService start Intent { act=com.google.android.gms.INITIALIZE flg=0x10 pkg=com.google.android.gms cmp=com.google.android.gms/.gcm.GcmService } com.google.android.gms.INITIALIZE
I/ActivityManager( 426): Start proc 24123:com.google.android.gms/u0a9 for broadcast com.google.android.gms/.subscribedfeeds.ConfigurationReceiver
W/ResourcesManager(24123): Asset path '/system/framework/com.android.location.provider.jar' does not exist or contains no resources.
I/MultiDex(24123): VM with version 2.1.0 has multidex support
I/MultiDex(24123): install
I/MultiDex(24123): VM has multidex support, MultiDex support library is disabled.
I/ActivityManager( 426): Process com.google.process.gapps (pid 24094) has died
W/ActivityManager( 426): Scheduling restart of crashed service com.google.android.gms/.gcm.GcmService in 1099511627776000ms
I/ActivityManager( 426): Start proc 24141:com.google.process.gapps/u0a9 for content provider com.google.android.gsf/.gservices.GservicesProvider
I/GservicesProvider(24141): Gservices pushing to system: true; secure/global: true
I/GoogleHttpClient(24141): GMS http client unavailable, use old client
V/JNIHelp (24123): Registering com/google/android/gms/org/conscrypt/NativeCrypto's 227 native methods...
W/ResourcesManager(24141): Asset path '/system/framework/com.android.location.provider.jar' does not exist or contains no resources.
I/MultiDex(24141): VM with version 2.1.0 has multidex support
I/MultiDex(24141): install
I/MultiDex(24141): VM has multidex support, MultiDex support library is disabled.
V/JNIHelp (24141): Registering com/google/android/gms/org/conscrypt/NativeCrypto's 227 native methods...
I/ProviderInstaller(24123): Installed default security provider GmsCore_OpenSSL
I/ProviderInstaller(24141): Installed default security provider GmsCore_OpenSSL
I/ActivityManager( 426): Process com.google.android.gms (pid 24123) has died
D/GCM (24141): COMPAT: Multi user not supported
D/GCM (24141): GcmService start null null
D/AuthorizationBluetoothService(24141): Received GmsCore event: Intent { act=com.google.android.gms.INITIALIZE flg=0x10 pkg=com.google.android.gms cmp=com.google.android.gms/.auth.be.proximity.authorization.bt.AuthorizationBluetoothService$AutoStarter }.
D/a (24141): Opening database auth.proximity.permit_store...
I/ActivityManager( 426): Start proc 24167:com.google.android.gms/u0a9 for broadcast com.google.android.gms/.common.stats.GmsCoreStatsServiceLauncher
I/art ( 162): Explicit concurrent mark sweep GC freed 706(30KB) AllocSpace objects, 0(0B) LOS objects, 24% free, 5MB/7MB, paused 335us total 26.763ms
I/art ( 162): Explicit concurrent mark sweep GC freed 8(256B) AllocSpace objects, 0(0B) LOS objects, 24% free, 5MB/7MB, paused 396us total 21.850ms
I/art ( 162): Explicit concurrent mark sweep GC freed 5(160B) AllocSpace objects, 0(0B) LOS objects, 24% free, 5MB/7MB, paused 427us total 20.019ms
W/ResourcesManager(24167): Asset path '/system/framework/com.android.location.provider.jar' does not exist or contains no resources.
I/MultiDex(24167): VM with version 2.1.0 has multidex support
I/MultiDex(24167): install
I/MultiDex(24167): VM has multidex support, MultiDex support library is disabled.
I/ActivityManager( 426): Process com.google.process.gapps (pid 24141) has died
W/ActivityManager( 426): Scheduling restart of crashed service com.google.android.gms/.gcm.GcmService in 4398046511104000ms
I/ActivityManager( 426): Start proc 24185:com.google.process.gapps/u0a9 for content provider com.google.android.gsf/.gservices.GservicesProvider
I/GservicesProvider(24185): Gservices pushing to system: true; secure/global: true
I/GoogleHttpClient(24185): GMS http client unavailable, use old client
V/JNIHelp (24167): Registering com/google/android/gms/org/conscrypt/NativeCrypto's 227 native methods...
W/ResourcesManager(24185): Asset path '/system/framework/com.android.location.provider.jar' does not exist or contains no resources.
I/ProviderInstaller(24167): Installed default security provider GmsCore_OpenSSL
I/MultiDex(24185): VM with version 2.1.0 has multidex support
I/MultiDex(24185): install
I/MultiDex(24185): VM has multidex support, MultiDex support library is disabled.
V/GmsCoreStatsServiceLauncher(24167): Received broadcast intent Intent { act=com.google.android.gms.INITIALIZE flg=0x10 pkg=com.google.android.gms cmp=com.google.android.gms/.common.stats.GmsCoreStatsServiceLauncher }
V/JNIHelp (24185): Registering com/google/android/gms/org/conscrypt/NativeCrypto's 227 native methods...
E/lowmemorykiller( 143): Error writing /proc/24167/oom_score_adj; errno=22
I/ActivityManager( 426): Process com.google.android.gms (pid 24167) has died
I/ProviderInstaller(24185): Installed default security provider GmsCore_OpenSSL
D/Eid-InitializeEidServerReceiver( 755): EID server is disabled.
D/GCM (24185): COMPAT: Multi user not supported
I/ActivityManager( 426): Start proc 24207:com.google.android.gms/u0a9 for broadcast com.google.android.gms/.wearable.init.InitializeGmsWearableReceiver
W/ResourcesManager(24207): Asset path '/system/framework/com.android.location.provider.jar' does not exist or contains no resources.
I/MultiDex(24207): VM with version 2.1.0 has multidex support
I/MultiDex(24207): install
I/MultiDex(24207): VM has multidex support, MultiDex support library is disabled.
V/JNIHelp (24207): Registering com/google/android/gms/org/conscrypt/NativeCrypto's 227 native methods...
I/ProviderInstaller(24207): Installed default security provider GmsCore_OpenSSL
D/GCM (24185): GcmService start null null
I/ActivityManager( 426): Delay finish: com.google.android.gms/.wearable.init.InitializeGmsWearableReceiver
I/ActivityManager( 426): Resuming delayed broadcast
E/lowmemorykiller( 143): Error writing /proc/24185/oom_score_adj; errno=22
E/JavaBinder( 426): !!! FAILED BINDER TRANSACTION !!!
W/BroadcastQueue( 426): Exception when sending broadcast to ComponentInfo{com.google.android.gms/com.google.android.gms.gcm.ServiceAutoStarter}
W/BroadcastQueue( 426): android.os.TransactionTooLargeException
W/BroadcastQueue( 426): at android.os.BinderProxy.transactNative(Native Method)
W/BroadcastQueue( 426): at android.os.BinderProxy.transact(Binder.java:496)
W/BroadcastQueue( 426): at android.app.ApplicationThreadProxy.scheduleReceiver(ApplicationThreadNative.java:861)
W/BroadcastQueue( 426): at com.android.server.am.BroadcastQueue.processCurBroadcastLocked(BroadcastQueue.java:245)
W/BroadcastQueue( 426): at com.android.server.am.BroadcastQueue.processNextBroadcast(BroadcastQueue.java:898)
W/BroadcastQueue( 426): at com.android.server.am.BroadcastQueue.backgroundServicesFinishedLocked(BroadcastQueue.java:418)
W/BroadcastQueue( 426): at com.android.server.am.ActivityManagerService.backgroundServicesFinishedLocked(ActivityManagerService.java:16424)
W/BroadcastQueue( 426): at com.android.server.am.ActiveServices$ServiceMap.rescheduleDelayedStarts(ActiveServices.java:257)
W/BroadcastQueue( 426): at com.android.server.am.ActiveServices$ServiceMap.ensureNotStartingBackground(ActiveServices.java:210)
W/BroadcastQueue( 426): at com.android.server.am.ActiveServices.bringDownServiceLocked(ActiveServices.java:1732)
W/BroadcastQueue( 426): at com.android.server.am.ActiveServices.bringDownServiceIfNeededLocked(ActiveServices.java:1608)
W/BroadcastQueue( 426): at com.android.server.am.ActiveServices.stopServiceTokenLocked(ActiveServices.java:568)
W/BroadcastQueue( 426): at com.android.server.am.ActivityManagerService.stopServiceToken(ActivityManagerService.java:15169)
W/BroadcastQueue( 426): at android.app.ActivityManagerNative.onTransact(ActivityManagerNative.java:925)
W/BroadcastQueue( 426): at com.android.server.am.ActivityManagerService.onTransact(ActivityManagerService.java:2212)
W/BroadcastQueue( 426): at android.os.Binder.execTransact(Binder.java:446)
W/ActivityManager( 426): Scheduling restart of crashed service com.google.android.gms/.gcm.GcmService in 17592186044416000ms
I/ActivityManager( 426): Start proc 24231:com.google.process.gapps/u0a9 for broadcast com.google.android.gms/.gcm.ServiceAutoStarter
W/ActivityManager( 426): Spurious death for ProcessRecord{211cd6aa 24231:com.google.process.gapps/u0a9}, curProc for 24185: null
I/art ( 426): Explicit concurrent mark sweep GC freed 9282(522KB) AllocSpace objects, 0(0B) LOS objects, 6% free, 31MB/33MB, paused 1.739ms total 290.740ms
I/GservicesProvider(24231): Gservices pushing to system: true; secure/global: true
I/GoogleHttpClient(24231): GMS http client unavailable, use old client
I/ActivityManager( 426): Process com.google.android.gms (pid 24207) has died
W/ResourcesManager(24231): Asset path '/system/framework/com.android.location.provider.jar' does not exist or contains no resources.
I/MultiDex(24231): VM with version 2.1.0 has multidex support
I/MultiDex(24231): install
I/MultiDex(24231): VM has multidex support, MultiDex support library is disabled.
V/JNIHelp (24231): Registering com/google/android/gms/org/conscrypt/NativeCrypto's 227 native methods...
I/ProviderInstaller(24231): Installed default security provider GmsCore_OpenSSL
D/GCM (24231): COMPAT: Multi user not supported
I/ActivityManager( 426): Start proc 24252:com.google.android.gms/u0a9 for broadcast com.google.android.gms/.subscribedfeeds.ConfigurationReceiver
W/ResourcesManager(24252): Asset path '/system/framework/com.android.location.provider.jar' does not exist or contains no resources.
I/MultiDex(24252): VM with version 2.1.0 has multidex support
I/MultiDex(24252): install
I/MultiDex(24252): VM has multidex support, MultiDex support library is disabled.
V/JNIHelp (24252): Registering com/google/android/gms/org/conscrypt/NativeCrypto's 227 native methods...
I/ProviderInstaller(24252): Installed default security provider GmsCore_OpenSSL
D/GCM (24231): GcmService start null null
D/GCM (24231): GcmService start Intent { act=com.google.android.gms.INITIALIZE flg=0x10 pkg=com.google.android.gms cmp=com.google.android.gms/.gcm.GcmService } com.google.android.gms.INITIALIZE
D/AuthorizationBluetoothService(24231): Received GmsCore event: Intent { act=com.google.android.gms.INITIALIZE flg=0x10 pkg=com.google.android.gms cmp=com.google.android.gms/.auth.be.proximity.authorization.bt.AuthorizationBluetoothService$AutoStarter }.
I/ActivityManager( 426): Process com.google.android.gms (pid 24252) has died
D/a (24231): Opening database auth.proximity.permit_store...
I/ActivityManager( 426): Start proc 24277:com.google.android.gms/u0a9 for broadcast com.google.android.gms/.common.stats.GmsCoreStatsServiceLauncher
W/ResourcesManager(24277): Asset path '/system/framework/com.android.location.provider.jar' does not exist or contains no resources.
I/MultiDex(24277): VM with version 2.1.0 has multidex support
I/MultiDex(24277): install
I/MultiDex(24277): VM has multidex support, MultiDex support library is disabled.
E/lowmemorykiller( 143): Error writing /proc/24231/oom_score_adj; errno=22
I/ActivityManager( 426): Process com.google.process.gapps (pid 24231) has died
I/ActivityThread(24277): Removing dead content provider:android.content.ContentProviderProxy@2bd06e48
W/ActivityManager( 426): Scheduling restart of crashed service com.google.android.gms/.gcm.GcmService in 70368744177664000ms
I/ActivityManager( 426): Start proc 24295:com.google.process.gapps/u0a9 for content provider com.google.android.gsf/.gservices.GservicesProvider
I/GservicesProvider(24295): Gservices pushing to system: true; secure/global: true
I/GoogleHttpClient(24295): GMS http client unavailable, use old client
V/JNIHelp (24277): Registering com/google/android/gms/org/conscrypt/NativeCrypto's 227 native methods...
W/ResourcesManager(24295): Asset path '/system/framework/com.android.location.provider.jar' does not exist or contains no resources.
I/MultiDex(24295): VM with version 2.1.0 has multidex support
I/MultiDex(24295): install
I/MultiDex(24295): VM has multidex support, MultiDex support library is disabled.
V/JNIHelp (24295): Registering com/google/android/gms/org/conscrypt/NativeCrypto's 227 native methods...
I/ProviderInstaller(24277): Installed default security provider GmsCore_OpenSSL
V/GmsCoreStatsServiceLauncher(24277): Received broadcast intent Intent { act=com.google.android.gms.INITIALIZE flg=0x10 pkg=com.google.android.gms cmp=com.google.android.gms/.common.stats.GmsCoreStatsServiceLauncher }
I/ProviderInstaller(24295): Installed default security provider GmsCore_OpenSSL
I/PowerManagerService( 426): Going to sleep due to screen timeout (uid 1000)...
I/DreamManagerService( 426): Entering dreamland.
I/PowerManagerService( 426): Dozing...
I/DreamController( 426): Starting dream: name=ComponentInfo{com.google.android.wearable.ambient/com.google.android.wearable.ambient.AmbientDream}, isTest=false, canDoze=true, userId=0
E/InputMethodManagerService( 426): Ignoring setImeWindowStatus due to an invalid token. uid:1000 token:null
E/InputMethodManagerService( 426): Ignoring setImeWindowStatus due to an invalid token. uid:1000 token:null
W/art (24277): Suspending all threads took: 6.042ms
D/audio_hw( 157): ENTERING adev_set_parameters() screen_state=off
V/audio_hw( 157): setFMParameters: screen_state=off
V/audio_hw( 157): LEAVING adev_set_parameters()
D/GCM (24295): COMPAT: Multi user not supported
D/Eid-InitializeEidServerReceiver( 755): EID server is disabled.
E/WifiStateMachine( 426): cancelDelayedScan -> 222
E/lowmemorykiller( 143): Error writing /proc/24277/oom_score_adj; errno=22
E/JavaBinder( 426): !!! FAILED BINDER TRANSACTION !!!
W/BroadcastQueue( 426): Exception when sending broadcast to ComponentInfo{com.google.android.gms/com.google.android.gms.wearable.init.InitializeGmsWearableReceiver}
W/BroadcastQueue( 426): android.os.TransactionTooLargeException
W/BroadcastQueue( 426): at android.os.BinderProxy.transactNative(Native Method)
W/BroadcastQueue( 426): at android.os.BinderProxy.transact(Binder.java:496)
W/BroadcastQueue( 426): at android.app.ApplicationThreadProxy.scheduleReceiver(ApplicationThreadNative.java:861)
W/BroadcastQueue( 426): at com.android.server.am.BroadcastQueue.processCurBroadcastLocked(BroadcastQueue.java:245)
W/BroadcastQueue( 426): at com.android.server.am.BroadcastQueue.processNextBroadcast(BroadcastQueue.java:898)
W/BroadcastQueue( 426): at com.android.server.am.ActivityManagerService.finishReceiver(ActivityManagerService.java:16451)
W/BroadcastQueue( 426): at android.app.ActivityManagerNative.onTransact(ActivityManagerNative.java:469)
W/BroadcastQueue( 426): at com.android.server.am.ActivityManagerService.onTransact(ActivityManagerService.java:2212)
W/BroadcastQueue( 426): at android.os.Binder.execTransact(Binder.java:446)
I/ActivityManager( 426): Start proc 24319:com.google.android.gms/u0a9 for broadcast com.google.android.gms/.wearable.init.InitializeGmsWearableReceiver
W/ActivityManager( 426): Spurious death for ProcessRecord{1f85975f 24319:com.google.android.gms/u0a9}, curProc for 24277: null
V/DreamService[AmbientDream]( 810): onBind() intent = Intent { act=android.service.dreams.DreamService flg=0x800000 cmp=com.google.android.wearable.ambient/.AmbientDream }
D/AmbientService( 810): onReceive Intent { act=android.intent.action.SCREEN_OFF flg=0x50000010 } true
D/AmbientService( 810): AmbientDreamRegistrationServiceStub.attach: dream: AmbientComponentConfig[component=ComponentInfo{com.google.android.wearable.ambient/com.google.android.wearable.ambient.AmbientDream}]
D/AmbientService( 810): findRunningActivities: No activities found
I/AmbientService( 810): Ambient Created: launching default
I/ActivityManager( 426): START u0 {act=android.intent.action.MAIN cat=[android.intent.category.HOME] flg=0x34010000 cmp=com.google.android.wearable.app/com.google.android.clockwork.home.HomeActivity} from uid 10013 on display 0
V/DreamService[AmbientDream]( 810): Calling onDreamingStarted()
I/AmbientService( 810): Ambient Starting
D/AmbientService( 810): scheduling next alarm, nowWall: 1440188442729, nextWall: 1440188460000, nowElapsed: 68400933, nextElapsed: 68418204
W/AmbientService( 810): we need an ambient activity, but nothing to use
D/AmbientService( 810): onResumed: AmbientActivity[component=ComponentInfo{com.google.android.wearable.app/com.google.android.clockwork.home.HomeActivity}, callbacks=@3d0914e1, running=false, ambient=false] Binder_2 65
D/AmbientService( 810): enterAmbient: AmbientActivity[component=ComponentInfo{com.google.android.wearable.app/com.google.android.clockwork.home.HomeActivity}, callbacks=@3d0914e1, running=true, ambient=false] Binder_2 65
D/ (17914): HwMemAllocatorImpl Static Counters 2 0
D/ (17914): HwMemAllocatorImpl[ae49f0a8] totalDeviceAllocSize[3145728] totalFree[305408] maxFree[221440] in numSlabs[2]
D/ (17914): HwMemBlock[b911bad0] pa[0xb3180000] va[0xac385000] size[524288] alloc[440320] free[83968] maxFree[79872] mode[1016] refCnt[5] fullList[5] freeList[2]
D/ (17914): HwMemBlock[b9176428] pa[0xb7c00000] va[0xab7da000] size[2621440] alloc[2400000] free[221440] maxFree[221440] mode[1016] refCnt[2] fullList[2] freeList[1]
V/audio_hw( 157): ENTERING adev_open_input_stream() channels = 1 channel mask = 16 format = 1 sample_rate = 8000
V/audio_hw( 157): ENTERING check_input_parameters
V/audio_hw( 157): LEAVING check_input_parameters ret = 0, channels = 1, channel mask = 16, format = 1, sample_rate = 8000
V/audio_hw( 157): dump.audio.pcmin = OFF
V/audio_hw( 157): Data Dump is disabled for input stream
V/audio_hw( 157): dump.audio.voip = OFF
V/audio_hw( 157): Data Dump is disabled for voip input
D/audio_hw( 157): In adev_open_input_stream devices = 80000004, channel_count = 1
V/audio_hw( 157): select_alsa_input_dev:SpeechIn
D/audio_hw( 157): config->sample_rate = 8000, devices = 80000004
D/alsa_pcm( 157): channels = 1, Fs = 8000, period_size = 0x800, periods = 2
D/alsa_pcm( 157): pcm_handle->bufSize_bytes = 0x1000 samples = 0x1000
V/audio_hw( 157): LEAVING adev_open_input_stream() channels = 1 format = 1 sample_rate = 8000 pcm device = 80000004
I/AudioFlinger( 157): AudioFlinger's thread 0xb590c008 ready to run
D/audio_in( 157): ENTERING in_standby() for device -2147483644
D/audio_in( 157): LEAVING in_standby() for device -2147483644
D/audio_in( 157): ENTERING in_standby() for device -2147483644
D/audio_in( 157): LEAVING in_standby() for device -2147483644
D/audio_in( 157): ENTERING in_set_parameters() input_source=6;routing=-2147483644
D/audio_in( 157): ENTERING start_input_stream(), in->main_channels=16, in->requested_rate=8000
V/alsa_hal_controller( 157): ENTERING set_app_profile()
V/alsa_hal_controller( 157): ENTERING enable_app_profile 7
E/alsa_control( 157): Control not initialized
V/alsa_hal_controller( 157): LEAVING set_app_profile() status = 1 profile 7 enable 1
V/alsa_hal_controller( 157): ENTERING select_input_device() current device = 0x80000004 new device = 0x80000004 in = 0xb809d078
V/alsa_hal_controller( 157): no need to switch device in_cur_dev = -2147483644, new device = -2147483644, mode = 0
V/alsa_hal_controller( 157): LEAVING select_input_device()
V/audio_hw( 157): select_alsa_input_dev:SpeechIn
D/alsa_pcm( 157): channels = 1, Fs = 8000, period_size = 0x800, periods = 2
D/alsa_pcm( 157): pcm_handle->bufSize_bytes = 0x1000 samples = 0x1000
D/audio_in( 157): LEAVING start_input_stream() in->need_echo_reference=0 I/DASH - em718x( 426): update_fifo_size: 'acc' rate 16000000 ns, latency 100000000 ns, fifo 0 I/DASH - em718x( 426): update_fifo_size: 'acc' rate 16000000 ns, latency 100000000 ns, fifo 5 I/DASH - em718x( 426): update_fifo_size: 'acc' rate 64000000 ns, latency 100000000 ns, fifo 0 I/DASH - em718x( 426): update_fifo_size: 'acc' rate 64000000 ns, latency 100000000 ns, fifo 0
D/AmbientService( 810): onAmbientEntered: AmbientActivity[component=ComponentInfo{com.google.android.wearable.app/com.google.android.clockwork.home.HomeActivity}, callbacks=@3d0914e1, running=true, ambient=true]Binder_3 66
W/BatteryStatsImpl( 426): Couldn't get kernel wake lock stats
I/Choreographer( 602): Skipped 42 frames! The application may be doing too much work on its main thread.
D/SurfaceFlinger( 146): Set power mode=3, type=0 flinger=0xb8cbc550
I/DisplayManagerService( 426): Display device changed state: "Built-in Screen", DOZE_SUSPEND
V/ActivityManager( 426): Display changed displayId=0
E/bcm_java.hwcomposer( 146): blanking 0
I/BRCM PowerHAL( 426): BRCM PowerHAL: set interactive --> screen off
D/audio_in( 157): ENTERING in_standby() for device -2147483644
V/alsa_hal_controller( 157): ENTERING set_app_profile()
V/alsa_hal_controller( 157): ENTERING enable_app_profile 7
E/alsa_control( 157): Control not initialized
V/alsa_hal_controller( 157): LEAVING set_app_profile() status = 1 profile 7 enable 0
D/audio_in( 157): LEAVING in_standby() for device -2147483644
V/audio_hw( 157): ENTERING adev_close_input_stream()
D/audio_in( 157): ENTERING in_standby() for device -2147483644
D/audio_in( 157): LEAVING in_standby() for device -2147483644
V/audio_hw( 157): HPF FILTER CLOSED
V/audio_hw( 157): LEAVING adev_close_input_stream()
W/ResourcesManager(24319): Asset path '/system/framework/com.android.location.provider.jar' does not exist or contains no resources.
D/PowerManagerService-JNI( 426): Excessive delay in setInteractive(false) while turning screen off: 35ms
D/WatercolorWatchView( 622): onAmbientModeChanged - ambientmMode:true
D/SurfaceFlinger( 146): Set power mode=1, type=0 flinger=0xb8cbc550
E/bcm_java.hwcomposer( 146): blanking 0
I/DisplayManagerService( 426): Display device changed state: "Built-in Screen", DOZE
V/ActivityManager( 426): Display changed displayId=0
I/MultiDex(24319): VM with version 2.1.0 has multidex support
I/MultiDex(24319): install
I/MultiDex(24319): VM has multidex support, MultiDex support library is disabled.
I/DisplayManagerService( 426): Display device changed state: "Built-in Screen", DOZE_SUSPEND
D/SurfaceFlinger( 146): Set power mode=3, type=0 flinger=0xb8cbc550
E/bcm_java.hwcomposer( 146): blanking 0
V/ActivityManager( 426): Display changed displayId=0
V/JNIHelp (24319): Registering com/google/android/gms/org/conscrypt/NativeCrypto's 227 native methods...
D/GCM (24295): GcmService start null null
I/ProviderInstaller(24319): Installed default security provider GmsCore_OpenSSL
I/ActivityManager( 426): Delay finish: com.google.android.gms/.wearable.init.InitializeGmsWearableReceiver
I/ActivityManager( 426): Resuming delayed broadcast
D/GCM (24295): GcmService start Intent { act=com.google.android.gms.INITIALIZE flg=0x10 pkg=com.google.android.gms cmp=com.google.android.gms/.gcm.GcmService } com.google.android.gms.INITIALIZE
D/AuthorizationBluetoothService(24295): Received GmsCore event: Intent { act=com.google.android.gms.INITIALIZE flg=0x10 pkg=com.google.android.gms cmp=com.google.android.gms/.auth.be.proximity.authorization.bt.AuthorizationBluetoothService$AutoStarter }.
D/a (24295): Opening database auth.proximity.permit_store...
V/GmsCoreStatsServiceLauncher(24319): Received broadcast intent Intent { act=com.google.android.gms.INITIALIZE flg=0x10 pkg=com.google.android.gms cmp=com.google.android.gms/.common.stats.GmsCoreStatsServiceLauncher }
D/Eid-InitializeEidServerReceiver( 755): EID server is disabled.
I/ActivityManager( 426): Delay finish: com.google.android.gms/.wearable.init.InitializeGmsWearableReceiver
I/ActivityManager( 426): Resuming delayed broadcast
D/AuthorizationBluetoothService(24295): Received GmsCore event: Intent { act=com.google.android.gms.INITIALIZE flg=0x10 pkg=com.google.android.gms cmp=com.google.android.gms/.auth.be.proximity.authorization.bt.AuthorizationBluetoothService$AutoStarter }.
D/GCM (24295): GcmService start Intent { act=com.google.android.gms.INITIALIZE flg=0x10 pkg=com.google.android.gms cmp=com.google.android.gms/.gcm.GcmService } com.google.android.gms.INITIALIZE
V/GmsCoreStatsServiceLauncher(24319): Received broadcast intent Intent { act=com.google.android.gms.INITIALIZE flg=0x10 pkg=com.google.android.gms cmp=com.google.android.gms/.common.stats.GmsCoreStatsServiceLauncher }
D/Eid-InitializeEidServerReceiver( 755): EID server is disabled.
W/art (24295): Suspending all threads took: 5.523ms
I/ActivityManager( 426): Delay finish: com.google.android.gms/.wearable.init.InitializeGmsWearableReceiver
I/art (24295): Background sticky concurrent mark sweep GC freed 11848(729KB) AllocSpace objects, 2(32KB) LOS objects, 8% free, 8MB/9MB, paused 11.199ms total 112.213ms
I/ActivityManager( 426): Resuming delayed broadcast
D/AuthorizationBluetoothService(24295): Received GmsCore event: Intent { act=com.google.android.gms.INITIALIZE flg=0x10 pkg=com.google.android.gms cmp=com.google.android.gms/.auth.be.proximity.authorization.bt.AuthorizationBluetoothService$AutoStarter }.
D/GCM (24295): GcmService start Intent { act=com.google.android.gms.INITIALIZE flg=0x10 pkg=com.google.android.gms cmp=com.google.android.gms/.gcm.GcmService } com.google.android.gms.INITIALIZE
V/GmsCoreStatsServiceLauncher(24319): Received broadcast intent Intent { act=com.google.android.gms.INITIALIZE flg=0x10 pkg=com.google.android.gms cmp=com.google.android.gms/.common.stats.GmsCoreStatsServiceLauncher }
D/Eid-InitializeEidServerReceiver( 755): EID server is disabled.
I/Scheduler(24295): Use PeriodicScheduler
D/DeepAmbientRecognition( 602): onCreate
I/ActivityManager( 426): Delay finish: com.google.android.gms/.wearable.init.InitializeGmsWearableReceiver
I/ActivityManager( 426): Resuming delayed broadcast
D/GCM (24295): GcmService start Intent { act=com.google.android.gms.INITIALIZE flg=0x10 pkg=com.google.android.gms cmp=com.google.android.gms/.gcm.GcmService } com.google.android.gms.INITIALIZE
D/AuthorizationBluetoothService(24295): Received GmsCore event: Intent { act=com.google.android.gms.INITIALIZE flg=0x10 pkg=com.google.android.gms cmp=com.google.android.gms/.auth.be.proximity.authorization.bt.AuthorizationBluetoothService$AutoStarter }.
V/GmsCoreStatsServiceLauncher(24319): Received broadcast intent Intent { act=com.google.android.gms.INITIALIZE flg=0x10 pkg=com.google.android.gms cmp=com.google.android.gms/.common.stats.GmsCoreStatsServiceLauncher }
W/InstanceID/Rpc(24295): Found 10009
D/Eid-InitializeEidServerReceiver( 755): EID server is disabled.
I/ActivityManager( 426): Delay finish: com.google.android.gms/.wearable.init.InitializeGmsWearableReceiver
I/ActivityManager( 426): Resuming delayed broadcast
D/GCM (24295): GcmService start Intent { act=com.google.android.gms.INITIALIZE flg=0x10 pkg=com.google.android.gms cmp=com.google.android.gms/.gcm.GcmService } com.google.android.gms.INITIALIZE
D/AuthorizationBluetoothService(24295): Received GmsCore event: Intent { act=com.google.android.gms.INITIALIZE flg=0x10 pkg=com.google.android.gms cmp=com.google.android.gms/.auth.be.proximity.authorization.bt.AuthorizationBluetoothService$AutoStarter }.
V/GmsCoreStatsServiceLauncher(24319): Received broadcast intent Intent { act=com.google.android.gms.INITIALIZE flg=0x10 pkg=com.google.android.gms cmp=com.google.android.gms/.common.stats.GmsCoreStatsServiceLauncher }
D/Eid-InitializeEidServerReceiver( 755): EID server is disabled.
I/ActivityManager( 426): Delay finish: com.google.android.gms/.wearable.init.InitializeGmsWearableReceiver
I/ActivityManager( 426): Resuming delayed broadcast
D/GCM (24295): GcmService start Intent { act=com.google.android.gms.INITIALIZE flg=0x10 pkg=com.google.android.gms cmp=com.google.android.gms/.gcm.GcmService } com.google.android.gms.INITIALIZE
D/AuthorizationBluetoothService(24295): Received GmsCore event: Intent { act=com.google.android.gms.INITIALIZE flg=0x10 pkg=com.google.android.gms cmp=com.google.android.gms/.auth.be.proximity.authorization.bt.AuthorizationBluetoothService$AutoStarter }.
V/GmsCoreStatsServiceLauncher(24319): Received broadcast intent Intent { act=com.google.android.gms.INITIALIZE flg=0x10 pkg=com.google.android.gms cmp=com.google.android.gms/.common.stats.GmsCoreStatsServiceLauncher }
D/Eid-InitializeEidServerReceiver( 755): EID server is disabled.
I/ActivityManager( 426): Delay finish: com.google.android.gms/.wearable.init.InitializeGmsWearableReceiver
I/ActivityManager( 426): Resuming delayed broadcast
