V/GmsCoreStatsServiceLauncher(24319): Received broadcast intent Intent { act=com.google.android.gms.INITIALIZE flg=0x10 pkg=com.google.android.gms cmp=com.google.android.gms/.common.stats.GmsCoreStatsServiceLauncher }
D/Eid-InitializeEidServerReceiver( 755): EID server is disabled.
I/ActivityManager( 426): Delay finish: com.google.android.gms/.wearable.init.InitializeGmsWearableReceiver
D/AmbientService( 810): onPaused: AmbientActivity[component=ComponentInfo{com.google.android.wearable.app/com.google.android.clockwork.home.HomeActivity}, callbacks=@3d0914e1, running=true, ambient=false] Binder_1 64
I/ActivityManager( 426): Resuming delayed broadcast
D/GCM (24295): GcmService start Intent { act=com.google.android.gms.INITIALIZE flg=0x10 pkg=com.google.android.gms cmp=com.google.android.gms/.gcm.GcmService } com.google.android.gms.INITIALIZE
D/AuthorizationBluetoothService(24295): Received GmsCore event: Intent { act=com.google.android.gms.INITIALIZE flg=0x10 pkg=com.google.android.gms cmp=com.google.android.gms/.auth.be.proximity.authorization.bt.AuthorizationBluetoothService$AutoStarter }.
V/GmsCoreStatsServiceLauncher(24319): Received broadcast intent Intent { act=com.google.android.gms.INITIALIZE flg=0x10 pkg=com.google.android.gms cmp=com.google.android.gms/.common.stats.GmsCoreStatsServiceLauncher }
I/OpenGLRenderer(17914): Initialized EGL, version 1.4
D/Eid-InitializeEidServerReceiver( 755): EID server is disabled.
I/ActivityManager( 426): Delay finish: com.google.android.gms/.wearable.init.InitializeGmsWearableReceiver
I/ActivityManager( 426): Resuming delayed broadcast
D/GCM (24295): GcmService start Intent { act=com.google.android.gms.INITIALIZE flg=0x10 pkg=com.google.android.gms cmp=com.google.android.gms/.gcm.GcmService } com.google.android.gms.INITIALIZE
D/AuthorizationBluetoothService(24295): Received GmsCore event: Intent { act=com.google.android.gms.INITIALIZE flg=0x10 pkg=com.google.android.gms cmp=com.google.android.gms/.auth.be.proximity.authorization.bt.AuthorizationBluetoothService$AutoStarter }.
E/lowmemorykiller( 143): Error writing /proc/24319/oom_score_adj; errno=22
I/ActivityManager( 426): Process com.google.android.gms (pid 24319) has died
D/audio_in( 157): ENTERING in_standby() for device -2147483644
V/alsa_hal_controller( 157): ENTERING set_app_profile()
V/alsa_hal_controller( 157): ENTERING enable_app_profile 7
E/alsa_control( 157): Control not initialized
V/alsa_hal_controller( 157): LEAVING set_app_profile() status = 1 profile 7 enable 0
D/audio_in( 157): LEAVING in_standby() for device -2147483644
V/audio_hw( 157): ENTERING adev_close_input_stream()
D/audio_in( 157): ENTERING in_standby() for device -2147483644
D/audio_in( 157): LEAVING in_standby() for device -2147483644
V/audio_hw( 157): HPF FILTER CLOSED
V/audio_hw( 157): LEAVING adev_close_input_stream()
I/ActivityManager( 426): Start proc 25202:com.google.android.gms/u0a9 for broadcast com.google.android.gms/.wearable.service.AutoStarterReceiver
W/ResourcesManager(25202): Asset path '/system/framework/com.android.location.provider.jar' does not exist or contains no resources.
I/ActivityManager( 426): Process com.google.process.gapps (pid 24295) has died
W/ActivityManager( 426): Scheduling restart of crashed service com.google.android.gms/.gcm.GcmService in 281474976710656000ms
I/MultiDex(25202): VM with version 2.1.0 has multidex support
I/MultiDex(25202): install
I/MultiDex(25202): VM has multidex support, MultiDex support library is disabled.
I/ActivityManager( 426): Start proc 25220:com.google.process.gapps/u0a9 for content provider com.google.android.gsf/.gservices.GservicesProvider
I/GservicesProvider(25220): Gservices pushing to system: true; secure/global: true
I/GoogleHttpClient(25220): GMS http client unavailable, use old client
V/JNIHelp (25202): Registering com/google/android/gms/org/conscrypt/NativeCrypto's 227 native methods...
W/ResourcesManager(25220): Asset path '/system/framework/com.android.location.provider.jar' does not exist or contains no resources.
I/MultiDex(25220): VM with version 2.1.0 has multidex support
I/MultiDex(25220): install
I/MultiDex(25220): VM has multidex support, MultiDex support library is disabled.
V/JNIHelp (25220): Registering com/google/android/gms/org/conscrypt/NativeCrypto's 227 native methods...
I/ProviderInstaller(25202): Installed default security provider GmsCore_OpenSSL
W/art (25220): Suspending all threads took: 5.371ms
I/ProviderInstaller(25220): Installed default security provider GmsCore_OpenSSL
D/Eid-InitializeEidServerReceiver( 755): EID server is disabled.
E/lowmemorykiller( 143): Error writing /proc/25202/oom_score_adj; errno=22
D/GCM (25220): COMPAT: Multi user not supported
I/ActivityManager( 426): Process com.google.android.gms (pid 25202) has died
D/GCM (25220): GcmService start null null
D/GCM (25220): GcmService start Intent { act=com.google.android.gms.INITIALIZE flg=0x10 pkg=com.google.android.gms cmp=com.google.android.gms/.gcm.GcmService } com.google.android.gms.INITIALIZE
I/ActivityManager( 426): Start proc 25248:com.google.android.gms/u0a9 for broadcast com.google.android.gms/.subscribedfeeds.ConfigurationReceiver
W/ResourcesManager(25248): Asset path '/system/framework/com.android.location.provider.jar' does not exist or contains no resources.
I/ActivityManager( 426): Process com.google.process.gapps (pid 25220) has died
W/ActivityManager( 426): Scheduling restart of crashed service com.google.android.gms/.gcm.GcmService in 1125899906842624000ms
I/MultiDex(25248): VM with version 2.1.0 has multidex support
I/MultiDex(25248): install
I/MultiDex(25248): VM has multidex support, MultiDex support library is disabled.
I/ActivityManager( 426): Start proc 25266:com.google.process.gapps/u0a9 for content provider com.google.android.gsf/.gservices.GservicesProvider
I/art ( 162): Explicit concurrent mark sweep GC freed 709(30KB) AllocSpace objects, 0(0B) LOS objects, 24% free, 5MB/7MB, paused 305us total 34.240ms
I/art ( 162): Explicit concurrent mark sweep GC freed 5(160B) AllocSpace objects, 0(0B) LOS objects, 24% free, 5MB/7MB, paused 335us total 24.566ms
I/art ( 162): Explicit concurrent mark sweep GC freed 5(160B) AllocSpace objects, 0(0B) LOS objects, 24% free, 5MB/7MB, paused 366us total 20.477ms
I/GservicesProvider(25266): Gservices pushing to system: true; secure/global: true
I/GoogleHttpClient(25266): GMS http client unavailable, use old client
V/JNIHelp (25248): Registering com/google/android/gms/org/conscrypt/NativeCrypto's 227 native methods...
W/ResourcesManager(25266): Asset path '/system/framework/com.android.location.provider.jar' does not exist or contains no resources.
I/MultiDex(25266): VM with version 2.1.0 has multidex support
I/MultiDex(25266): install
I/MultiDex(25266): VM has multidex support, MultiDex support library is disabled.
V/JNIHelp (25266): Registering com/google/android/gms/org/conscrypt/NativeCrypto's 227 native methods...
I/ProviderInstaller(25248): Installed default security provider GmsCore_OpenSSL
I/ProviderInstaller(25266): Installed default security provider GmsCore_OpenSSL
D/GCM (25266): COMPAT: Multi user not supported
I/ActivityManager( 426): Process com.google.android.gms (pid 25248) has died
D/GCM (25266): GcmService start null null
D/AuthorizationBluetoothService(25266): Received GmsCore event: Intent { act=com.google.android.gms.INITIALIZE flg=0x10 pkg=com.google.android.gms cmp=com.google.android.gms/.auth.be.proximity.authorization.bt.AuthorizationBluetoothService$AutoStarter }.
D/a (25266): Opening database auth.proximity.permit_store...
I/ActivityManager( 426): Start proc 25292:com.google.android.gms/u0a9 for broadcast com.google.android.gms/.common.stats.GmsCoreStatsServiceLauncher
W/ResourcesManager(25292): Asset path '/system/framework/com.android.location.provider.jar' does not exist or contains no resources.
I/MultiDex(25292): VM with version 2.1.0 has multidex support
I/MultiDex(25292): install
I/MultiDex(25292): VM has multidex support, MultiDex support library is disabled.
E/lowmemorykiller( 143): Error writing /proc/25266/oom_score_adj; errno=22
I/ActivityManager( 426): Process com.google.process.gapps (pid 25266) has died
W/ActivityManager( 426): Scheduling restart of crashed service com.google.android.gms/.gcm.GcmService in 4503599627370496000ms
E/JavaBinder(25292): !!! FAILED BINDER TRANSACTION !!!
V/JNIHelp (25292): Registering com/google/android/gms/org/conscrypt/NativeCrypto's 227 native methods...
I/ProviderInstaller(25292): Installed default security provider GmsCore_OpenSSL
I/ActivityThread(25292): Removing dead content provider:android.content.ContentProviderProxy@2f0fe5ee
I/ActivityManager( 426): Start proc 25310:com.google.process.gapps/u0a9 for content provider com.google.android.gsf/.gservices.GservicesProvider
I/GservicesProvider(25310): Gservices pushing to system: true; secure/global: true
I/GoogleHttpClient(25310): GMS http client unavailable, use old client
V/GmsCoreStatsServiceLauncher(25292): Received broadcast intent Intent { act=com.google.android.gms.INITIALIZE flg=0x10 pkg=com.google.android.gms cmp=com.google.android.gms/.common.stats.GmsCoreStatsServiceLauncher }
W/ResourcesManager(25310): Asset path '/system/framework/com.android.location.provider.jar' does not exist or contains no resources.
E/lowmemorykiller( 143): Error writing /proc/25292/oom_score_adj; errno=22
I/MultiDex(25310): VM with version 2.1.0 has multidex support
I/MultiDex(25310): install
I/MultiDex(25310): VM has multidex support, MultiDex support library is disabled.
V/JNIHelp (25310): Registering com/google/android/gms/org/conscrypt/NativeCrypto's 227 native methods...
I/ActivityManager( 426): Process com.google.android.gms (pid 25292) has died
D/Eid-InitializeEidServerReceiver( 755): EID server is disabled.
I/ProviderInstaller(25310): Installed default security provider GmsCore_OpenSSL
I/ActivityManager( 426): Start proc 25331:com.google.android.gms/u0a9 for broadcast com.google.android.gms/.wearable.init.InitializeGmsWearableReceiver
D/GCM (25310): COMPAT: Multi user not supported
W/ResourcesManager(25331): Asset path '/system/framework/com.android.location.provider.jar' does not exist or contains no resources.
I/MultiDex(25331): VM with version 2.1.0 has multidex support
I/MultiDex(25331): install
I/MultiDex(25331): VM has multidex support, MultiDex support library is disabled.
V/JNIHelp (25331): Registering com/google/android/gms/org/conscrypt/NativeCrypto's 227 native methods...
I/ProviderInstaller(25331): Installed default security provider GmsCore_OpenSSL
I/ActivityManager( 426): Delay finish: com.google.android.gms/.wearable.init.InitializeGmsWearableReceiver
I/art ( 426): Explicit concurrent mark sweep GC freed 26076(1634KB) AllocSpace objects, 1(16KB) LOS objects, 6% free, 30MB/32MB, paused 1.861ms total 331.451ms
I/ActivityManager( 426): Process com.google.android.gms (pid 25331) has died
W/ActivityManager( 426): Scheduling restart of crashed service com.google.android.gms/.wearable.init.InitializeWearableIntentService in 1000ms
I/ActivityManager( 426): Resuming delayed broadcast
D/GCM (25310): GcmService start null null
D/GCM (25310): GcmService start Intent { act=com.google.android.gms.INITIALIZE flg=0x10 pkg=com.google.android.gms cmp=com.google.android.gms/.gcm.GcmService } com.google.android.gms.INITIALIZE
I/ActivityManager( 426): Start proc 25358:com.google.android.gms/u0a9 for broadcast com.google.android.gms/.subscribedfeeds.ConfigurationReceiver
W/ResourcesManager(25358): Asset path '/system/framework/com.android.location.provider.jar' does not exist or contains no resources.
I/ActivityManager( 426): Process com.google.process.gapps (pid 25310) has died
I/MultiDex(25358): VM with version 2.1.0 has multidex support
I/MultiDex(25358): install
I/MultiDex(25358): VM has multidex support, MultiDex support library is disabled.
W/ActivityManager( 426): Scheduling restart of crashed service com.google.android.gms/.gcm.GcmService in 1000ms
I/ActivityManager( 426): Start proc 25376:com.google.process.gapps/u0a9 for content provider com.google.android.gsf/.gservices.GservicesProvider
I/GservicesProvider(25376): Gservices pushing to system: true; secure/global: true
I/GoogleHttpClient(25376): GMS http client unavailable, use old client
V/JNIHelp (25358): Registering com/google/android/gms/org/conscrypt/NativeCrypto's 227 native methods...
I/ProviderInstaller(25358): Installed default security provider GmsCore_OpenSSL
W/ResourcesManager(25376): Asset path '/system/framework/com.android.location.provider.jar' does not exist or contains no resources.
I/MultiDex(25376): VM with version 2.1.0 has multidex support
I/MultiDex(25376): install
I/MultiDex(25376): VM has multidex support, MultiDex support library is disabled.
V/JNIHelp (25376): Registering com/google/android/gms/org/conscrypt/NativeCrypto's 227 native methods...
I/ActivityManager( 426): Process com.google.android.gms (pid 25358) has died
I/ProviderInstaller(25376): Installed default security provider GmsCore_OpenSSL
D/GCM (25376): COMPAT: Multi user not supported
D/GCM (25376): GcmService start null null
D/AuthorizationBluetoothService(25376): Received GmsCore event: Intent { act=com.google.android.gms.INITIALIZE flg=0x10 pkg=com.google.android.gms cmp=com.google.android.gms/.auth.be.proximity.authorization.bt.AuthorizationBluetoothService$AutoStarter }.
D/a (25376): Opening database auth.proximity.permit_store...
I/ActivityManager( 426): Start proc 25402:com.google.android.gms/u0a9 for broadcast com.google.android.gms/.common.stats.GmsCoreStatsServiceLauncher
W/ResourcesManager(25402): Asset path '/system/framework/com.android.location.provider.jar' does not exist or contains no resources.
I/MultiDex(25402): VM with version 2.1.0 has multidex support
I/MultiDex(25402): install
I/MultiDex(25402): VM has multidex support, MultiDex support library is disabled.
E/lowmemorykiller( 143): Error writing /proc/25376/oom_score_adj; errno=22
E/JavaBinder(25402): !!! FAILED BINDER TRANSACTION !!!
I/ActivityManager( 426): Process com.google.process.gapps (pid 25376) has died
W/ActivityManager( 426): Scheduling restart of crashed service com.google.android.gms/.gcm.GcmService in 4000ms
V/JNIHelp (25402): Registering com/google/android/gms/org/conscrypt/NativeCrypto's 227 native methods...
I/ProviderInstaller(25402): Installed default security provider GmsCore_OpenSSL
I/ActivityThread(25402): Removing dead content provider:android.content.ContentProviderProxy@2f0fe5ee
I/ActivityManager( 426): Start proc 25420:com.google.process.gapps/u0a9 for content provider com.google.android.gsf/.gservices.GservicesProvider
I/GservicesProvider(25420): Gservices pushing to system: true; secure/global: true
I/GoogleHttpClient(25420): GMS http client unavailable, use old client
V/GmsCoreStatsServiceLauncher(25402): Received broadcast intent Intent { act=com.google.android.gms.INITIALIZE flg=0x10 pkg=com.google.android.gms cmp=com.google.android.gms/.common.stats.GmsCoreStatsServiceLauncher }
W/ResourcesManager(25420): Asset path '/system/framework/com.android.location.provider.jar' does not exist or contains no resources.
I/MultiDex(25420): VM with version 2.1.0 has multidex support
I/MultiDex(25420): install
I/MultiDex(25420): VM has multidex support, MultiDex support library is disabled.
E/lowmemorykiller( 143): Error writing /proc/25402/oom_score_adj; errno=22
V/JNIHelp (25420): Registering com/google/android/gms/org/conscrypt/NativeCrypto's 227 native methods...
I/ActivityManager( 426): Process com.google.android.gms (pid 25402) has died
D/Eid-InitializeEidServerReceiver( 755): EID server is disabled.
I/ProviderInstaller(25420): Installed default security provider GmsCore_OpenSSL
I/ActivityManager( 426): Start proc 25441:com.google.android.gms/u0a9 for broadcast com.google.android.gms/.wearable.init.InitializeGmsWearableReceiver
D/GCM (25420): COMPAT: Multi user not supported
W/ResourcesManager(25441): Asset path '/system/framework/com.android.location.provider.jar' does not exist or contains no resources.
I/MultiDex(25441): VM with version 2.1.0 has multidex support
I/MultiDex(25441): install
I/MultiDex(25441): VM has multidex support, MultiDex support library is disabled.
V/JNIHelp (25441): Registering com/google/android/gms/org/conscrypt/NativeCrypto's 227 native methods...
I/ProviderInstaller(25441): Installed default security provider GmsCore_OpenSSL
I/ActivityManager( 426): Delay finish: com.google.android.gms/.wearable.init.InitializeGmsWearableReceiver
D/GCM (25420): GcmService start null null
W/art (25441): Suspending all threads took: 11.383ms
I/ActivityManager( 426): Resuming delayed broadcast
E/lowmemorykiller( 143): Error writing /proc/25420/oom_score_adj; errno=22
W/BroadcastQueue( 426): Exception when sending broadcast to ComponentInfo{com.google.android.gms/com.google.android.gms.gcm.ServiceAutoStarter}
W/BroadcastQueue( 426): android.os.DeadObjectException
W/BroadcastQueue( 426): at android.os.BinderProxy.transactNative(Native Method)
W/BroadcastQueue( 426): at android.os.BinderProxy.transact(Binder.java:496)
W/BroadcastQueue( 426): at android.app.ApplicationThreadProxy.scheduleReceiver(ApplicationThreadNative.java:861)
W/BroadcastQueue( 426): at com.android.server.am.BroadcastQueue.processCurBroadcastLocked(BroadcastQueue.java:245)
W/BroadcastQueue( 426): at com.android.server.am.BroadcastQueue.processNextBroadcast(BroadcastQueue.java:898)
W/BroadcastQueue( 426): at com.android.server.am.BroadcastQueue.backgroundServicesFinishedLocked(BroadcastQueue.java:418)
W/BroadcastQueue( 426): at com.android.server.am.ActivityManagerService.backgroundServicesFinishedLocked(ActivityManagerService.java:16424)
W/BroadcastQueue( 426): at com.android.server.am.ActiveServices$ServiceMap.rescheduleDelayedStarts(ActiveServices.java:257)
W/BroadcastQueue( 426): at com.android.server.am.ActiveServices$ServiceMap.ensureNotStartingBackground(ActiveServices.java:210)
W/BroadcastQueue( 426): at com.android.server.am.ActiveServices.bringDownServiceLocked(ActiveServices.java:1732)
W/BroadcastQueue( 426): at com.android.server.am.ActiveServices.bringDownServiceIfNeededLocked(ActiveServices.java:1608)
W/BroadcastQueue( 426): at com.android.server.am.ActiveServices.stopServiceTokenLocked(ActiveServices.java:568)
W/BroadcastQueue( 426): at com.android.server.am.ActivityManagerService.stopServiceToken(ActivityManagerService.java:15169)
W/BroadcastQueue( 426): at android.app.ActivityManagerNative.onTransact(ActivityManagerNative.java:925)
W/BroadcastQueue( 426): at com.android.server.am.ActivityManagerService.onTransact(ActivityManagerService.java:2212)
W/BroadcastQueue( 426): at android.os.Binder.execTransact(Binder.java:446)
W/ActivityManager( 426): Scheduling restart of crashed service com.google.android.gms/.gcm.GcmService in 16000ms
I/ActivityManager( 426): Start proc 25466:com.google.process.gapps/u0a9 for broadcast com.google.android.gms/.gcm.ServiceAutoStarter
W/ActivityManager( 426): Spurious death for ProcessRecord{24454497 25466:com.google.process.gapps/u0a9}, curProc for 25420: null
I/GservicesProvider(25466): Gservices pushing to system: true; secure/global: true
I/GoogleHttpClient(25466): GMS http client unavailable, use old client
I/ActivityManager( 426): Process com.google.android.gms (pid 25441) has died
W/ResourcesManager(25466): Asset path '/system/framework/com.android.location.provider.jar' does not exist or contains no resources.
I/MultiDex(25466): VM with version 2.1.0 has multidex support
I/MultiDex(25466): install
I/MultiDex(25466): VM has multidex support, MultiDex support library is disabled.
V/JNIHelp (25466): Registering com/google/android/gms/org/conscrypt/NativeCrypto's 227 native methods...
I/ProviderInstaller(25466): Installed default security provider GmsCore_OpenSSL
D/GCM (25466): COMPAT: Multi user not supported
I/ActivityManager( 426): Start proc 25487:com.google.android.gms/u0a9 for broadcast com.google.android.gms/.subscribedfeeds.ConfigurationReceiver
W/ResourcesManager(25487): Asset path '/system/framework/com.android.location.provider.jar' does not exist or contains no resources.
I/MultiDex(25487): VM with version 2.1.0 has multidex support
I/MultiDex(25487): install
I/MultiDex(25487): VM has multidex support, MultiDex support library is disabled.
D/GCM (25466): GcmService start null null
D/GCM (25466): GcmService start Intent { act=com.google.android.gms.INITIALIZE flg=0x10 pkg=com.google.android.gms cmp=com.google.android.gms/.gcm.GcmService } com.google.android.gms.INITIALIZE
V/JNIHelp (25487): Registering com/google/android/gms/org/conscrypt/NativeCrypto's 227 native methods...
I/ProviderInstaller(25487): Installed default security provider GmsCore_OpenSSL
D/AuthorizationBluetoothService(25466): Received GmsCore event: Intent { act=com.google.android.gms.INITIALIZE flg=0x10 pkg=com.google.android.gms cmp=com.google.android.gms/.auth.be.proximity.authorization.bt.AuthorizationBluetoothService$AutoStarter }.
I/ActivityManager( 426): Process com.google.android.gms (pid 25487) has died
D/a (25466): Opening database auth.proximity.permit_store...
I/ActivityManager( 426): Start proc 25512:com.google.android.gms/u0a9 for broadcast com.google.android.gms/.common.stats.GmsCoreStatsServiceLauncher
I/art ( 162): Explicit concurrent mark sweep GC freed 709(30KB) AllocSpace objects, 0(0B) LOS objects, 24% free, 5MB/7MB, paused 549us total 51.544ms
I/art ( 162): Explicit concurrent mark sweep GC freed 5(160B) AllocSpace objects, 0(0B) LOS objects, 24% free, 5MB/7MB, paused 335us total 26.855ms
I/art ( 162): Explicit concurrent mark sweep GC freed 5(160B) AllocSpace objects, 0(0B) LOS objects, 24% free, 5MB/7MB, paused 305us total 18.859ms
W/ResourcesManager(25512): Asset path '/system/framework/com.android.location.provider.jar' does not exist or contains no resources.
I/MultiDex(25512): VM with version 2.1.0 has multidex support
I/MultiDex(25512): install
I/MultiDex(25512): VM has multidex support, MultiDex support library is disabled.
I/ActivityManager( 426): Process com.google.process.gapps (pid 25466) has died
W/ActivityManager( 426): Scheduling restart of crashed service com.google.android.gms/.gcm.GcmService in 64000ms
I/ActivityManager( 426): Start proc 25530:com.google.process.gapps/u0a9 for content provider com.google.android.gsf/.gservices.GservicesProvider
I/GservicesProvider(25530): Gservices pushing to system: true; secure/global: true
I/GoogleHttpClient(25530): GMS http client unavailable, use old client
V/JNIHelp (25512): Registering com/google/android/gms/org/conscrypt/NativeCrypto's 227 native methods...
W/ResourcesManager(25530): Asset path '/system/framework/com.android.location.provider.jar' does not exist or contains no resources.
I/MultiDex(25530): VM with version 2.1.0 has multidex support
I/MultiDex(25530): install
I/MultiDex(25530): VM has multidex support, MultiDex support library is disabled.
V/JNIHelp (25530): Registering com/google/android/gms/org/conscrypt/NativeCrypto's 227 native methods...
I/ProviderInstaller(25512): Installed default security provider GmsCore_OpenSSL
I/ProviderInstaller(25530): Installed default security provider GmsCore_OpenSSL
V/GmsCoreStatsServiceLauncher(25512): Received broadcast intent Intent { act=com.google.android.gms.INITIALIZE flg=0x10 pkg=com.google.android.gms cmp=com.google.android.gms/.common.stats.GmsCoreStatsServiceLauncher }
W/art (25512): Suspending all threads took: 6.866ms
W/NativeLibraryUtils(25530): Install did not work
W/NativeLibraryUtils(25530): java.io.IOException: fcntl failed: EAGAIN (Try again)
W/NativeLibraryUtils(25530): at java.nio.FileChannelImpl.basicLock(FileChannelImpl.java:123)
W/NativeLibraryUtils(25530): at java.nio.FileChannelImpl.tryLock(FileChannelImpl.java:181)
W/NativeLibraryUtils(25530): at java.nio.channels.FileChannel.tryLock(FileChannel.java:584)
W/NativeLibraryUtils(25530): at com.google.android.gms.common.util.am.a(SourceFile:314)
W/NativeLibraryUtils(25530): at com.google.android.gms.common.app.a.run(SourceFile:136)
W/NativeLibraryUtils(25530): Caused by: android.system.ErrnoException: fcntl failed: EAGAIN (Try again)
W/NativeLibraryUtils(25530): at libcore.io.Posix.fcntlFlock(Native Method)
W/NativeLibraryUtils(25530): at libcore.io.ForwardingOs.fcntlFlock(ForwardingOs.java:70)
W/NativeLibraryUtils(25530): at java.nio.FileChannelImpl.basicLock(FileChannelImpl.java:121)
W/NativeLibraryUtils(25530): ... 4 more
D/GCM (25530): COMPAT: Multi user not supported
E/lowmemorykiller( 143): Error writing /proc/25512/oom_score_adj; errno=22
I/ActivityManager( 426): Process com.google.android.gms (pid 25512) has died
D/Eid-InitializeEidServerReceiver( 755): EID server is disabled.
I/ActivityManager( 426): Start proc 25552:com.google.android.gms/u0a9 for broadcast com.google.android.gms/.wearable.init.InitializeGmsWearableReceiver
W/ResourcesManager(25552): Asset path '/system/framework/com.android.location.provider.jar' does not exist or contains no resources.
I/MultiDex(25552): VM with version 2.1.0 has multidex support
I/MultiDex(25552): install
I/MultiDex(25552): VM has multidex support, MultiDex support library is disabled.
V/JNIHelp (25552): Registering com/google/android/gms/org/conscrypt/NativeCrypto's 227 native methods...
I/ProviderInstaller(25552): Installed default security provider GmsCore_OpenSSL
I/ActivityManager( 426): Delay finish: com.google.android.gms/.wearable.init.InitializeGmsWearableReceiver
I/ActivityManager( 426): Process com.google.android.gms (pid 25552) has died
W/ActivityManager( 426): Scheduling restart of crashed service com.google.android.gms/.wearable.init.InitializeWearableIntentService in 1000ms
I/ActivityManager( 426): Resuming delayed broadcast
D/GCM (25530): GcmService start null null
D/GCM (25530): GcmService start Intent { act=com.google.android.gms.INITIALIZE flg=0x10 pkg=com.google.android.gms cmp=com.google.android.gms/.gcm.GcmService } com.google.android.gms.INITIALIZE
I/ActivityManager( 426): Start proc 25578:com.google.android.gms/u0a9 for broadcast com.google.android.gms/.subscribedfeeds.ConfigurationReceiver
W/ResourcesManager(25578): Asset path '/system/framework/com.android.location.provider.jar' does not exist or contains no resources.
I/MultiDex(25578): VM with version 2.1.0 has multidex support
I/MultiDex(25578): install
I/MultiDex(25578): VM has multidex support, MultiDex support library is disabled.
I/ActivityManager( 426): Process com.google.process.gapps (pid 25530) has died
W/ActivityManager( 426): Scheduling restart of crashed service com.google.android.gms/.gcm.GcmService in 256000ms
I/ActivityManager( 426): Start proc 25596:com.google.process.gapps/u0a9 for content provider com.google.android.gsf/.gservices.GservicesProvider
I/GservicesProvider(25596): Gservices pushing to system: true; secure/global: true
I/GoogleHttpClient(25596): GMS http client unavailable, use old client
V/JNIHelp (25578): Registering com/google/android/gms/org/conscrypt/NativeCrypto's 227 native methods...
W/ResourcesManager(25596): Asset path '/system/framework/com.android.location.provider.jar' does not exist or contains no resources.
I/MultiDex(25596): VM with version 2.1.0 has multidex support
I/MultiDex(25596): install
I/MultiDex(25596): VM has multidex support, MultiDex support library is disabled.
I/ProviderInstaller(25578): Installed default security provider GmsCore_OpenSSL
V/JNIHelp (25596): Registering com/google/android/gms/org/conscrypt/NativeCrypto's 227 native methods...
I/ActivityManager( 426): Process com.google.android.gms (pid 25578) has died
I/ProviderInstaller(25596): Installed default security provider GmsCore_OpenSSL
D/GCM (25596): COMPAT: Multi user not supported
E/cutils-trace(25619): Error opening trace file: No such file or directory (2)
D/PermissionCache( 146): checking android.permission.READ_FRAME_BUFFER for uid=2000 => granted (2716 us)
D/ION (25619): config: version(0x10001) secure(0xf000) 256M(0x221) fast(0x608) hwwr(0x4)
I/MM_DEVICE(25619): Waiting for mm thread to come up
I/MM_DEVICE(25619): mm_device_thread starting
I/MM_DEVICE(25619): Waiting for mm thread to shut down
I/MM_DEVICE(25619): mm_device_thread exiting
D/GCM (25596): GcmService start null null
D/AuthorizationBluetoothService(25596): Received GmsCore event: Intent { act=com.google.android.gms.INITIALIZE flg=0x10 pkg=com.google.android.gms cmp=com.google.android.gms/.auth.be.proximity.authorization.bt.AuthorizationBluetoothService$AutoStarter }.
D/a (25596): Opening database auth.proximity.permit_store...
I/ActivityManager( 426): Start proc 25627:com.google.android.gms/u0a9 for broadcast com.google.android.gms/.common.stats.GmsCoreStatsServiceLauncher
W/ResourcesManager(25627): Asset path '/system/framework/com.android.location.provider.jar' does not exist or contains no resources.
I/MultiDex(25627): VM with version 2.1.0 has multidex support
I/MultiDex(25627): install
I/MultiDex(25627): VM has multidex support, MultiDex support library is disabled.
I/ActivityManager( 426): Process com.google.process.gapps (pid 25596) has died
W/ActivityManager( 426): Scheduling restart of crashed service com.google.android.gms/.gcm.GcmService in 1024000ms
I/ActivityManager( 426): Start proc 25645:com.google.process.gapps/u0a9 for content provider com.google.android.gsf/.gservices.GservicesProvider
I/GservicesProvider(25645): Gservices pushing to system: true; secure/global: true
I/GoogleHttpClient(25645): GMS http client unavailable, use old client
I/art ( 426): Explicit concurrent mark sweep GC freed 11649(749KB) AllocSpace objects, 0(0B) LOS objects, 6% free, 30MB/32MB, paused 2.197ms total 330.749ms
V/JNIHelp (25627): Registering com/google/android/gms/org/conscrypt/NativeCrypto's 227 native methods...
W/ResourcesManager(25645): Asset path '/system/framework/com.android.location.provider.jar' does not exist or contains no resources.
I/MultiDex(25645): VM with version 2.1.0 has multidex support
I/MultiDex(25645): install
I/MultiDex(25645): VM has multidex support, MultiDex support library is disabled.
V/JNIHelp (25645): Registering com/google/android/gms/org/conscrypt/NativeCrypto's 227 native methods...
I/ProviderInstaller(25627): Installed default security provider GmsCore_OpenSSL
V/GmsCoreStatsServiceLauncher(25627): Received broadcast intent Intent { act=com.google.android.gms.INITIALIZE flg=0x10 pkg=com.google.android.gms cmp=com.google.android.gms/.common.stats.GmsCoreStatsServiceLauncher }
I/ProviderInstaller(25645): Installed default security provider GmsCore_OpenSSL
W/NativeLibraryUtils(25645): Install did not work
W/NativeLibraryUtils(25645): java.io.IOException: fcntl failed: EAGAIN (Try again)
W/NativeLibraryUtils(25645): at java.nio.FileChannelImpl.basicLock(FileChannelImpl.java:123)
W/NativeLibraryUtils(25645): at java.nio.FileChannelImpl.tryLock(FileChannelImpl.java:181)
W/NativeLibraryUtils(25645): at java.nio.channels.FileChannel.tryLock(FileChannel.java:584)
W/NativeLibraryUtils(25645): at com.google.android.gms.common.util.am.a(SourceFile:314)
W/NativeLibraryUtils(25645): at com.google.android.gms.common.app.a.run(SourceFile:136)
W/NativeLibraryUtils(25645): Caused by: android.system.ErrnoException: fcntl failed: EAGAIN (Try again)
W/NativeLibraryUtils(25645): at libcore.io.Posix.fcntlFlock(Native Method)
W/NativeLibraryUtils(25645): at libcore.io.ForwardingOs.fcntlFlock(ForwardingOs.java:70)
W/NativeLibraryUtils(25645): at java.nio.FileChannelImpl.basicLock(FileChannelImpl.java:121)
W/NativeLibraryUtils(25645): ... 4 more
I/ActivityManager( 426): Process com.google.android.gms (pid 25627) has died
D/GCM (25645): COMPAT: Multi user not supported
I/ActivityManager( 426): Start proc 25667:com.google.android.gms/u0a9 for broadcast com.google.android.gms/.wearable.service.AutoStarterReceiver
W/art (25645): Suspending all threads took: 53.771ms
W/ResourcesManager(25667): Asset path '/system/framework/com.android.location.provider.jar' does not exist or contains no resources.
I/MultiDex(25667): VM with version 2.1.0 has multidex support
I/MultiDex(25667): install
I/MultiDex(25667): VM has multidex support, MultiDex support library is disabled.
V/JNIHelp (25667): Registering com/google/android/gms/org/conscrypt/NativeCrypto's 227 native methods...
I/ProviderInstaller(25667): Installed default security provider GmsCore_OpenSSL
D/Eid-InitializeEidServerReceiver( 755): EID server is disabled.
E/lowmemorykiller( 143): Error writing /proc/25667/oom_score_adj; errno=22
E/JavaBinder( 426): !!! FAILED BINDER TRANSACTION !!!
W/BroadcastQueue( 426): Exception when sending broadcast to ComponentInfo{com.google.android.gms/com.google.android.gms.wearable.init.InitializeGmsWearableReceiver}
W/BroadcastQueue( 426): android.os.TransactionTooLargeException
W/BroadcastQueue( 426): at android.os.BinderProxy.transactNative(Native Method)
W/BroadcastQueue( 426): at android.os.BinderProxy.transact(Binder.java:496)
W/BroadcastQueue( 426): at android.app.ApplicationThreadProxy.scheduleReceiver(ApplicationThreadNative.java:861)
W/BroadcastQueue( 426): at com.android.server.am.BroadcastQueue.processCurBroadcastLocked(BroadcastQueue.java:245)
W/BroadcastQueue( 426): at com.android.server.am.BroadcastQueue.processNextBroadcast(BroadcastQueue.java:898)
W/BroadcastQueue( 426): at com.android.server.am.ActivityManagerService.finishReceiver(ActivityManagerService.java:16451)
W/BroadcastQueue( 426): at android.app.ActivityManagerNative.onTransact(ActivityManagerNative.java:469)
W/BroadcastQueue( 426): at com.android.server.am.ActivityManagerService.onTransact(ActivityManagerService.java:2212)
W/BroadcastQueue( 426): at android.os.Binder.execTransact(Binder.java:446)
I/ActivityManager( 426): Start proc 25688:com.google.android.gms/u0a9 for broadcast com.google.android.gms/.wearable.init.InitializeGmsWearableReceiver
W/ActivityManager( 426): Spurious death for ProcessRecord{18252af3 25688:com.google.android.gms/u0a9}, curProc for 25667: null
D/GCM (25645): GcmService start null null
I/ActivityManager( 426): Process com.google.process.gapps (pid 25645) has died
W/ActivityManager( 426): Scheduling restart of crashed service com.google.android.gms/.gcm.GcmService in 4096000ms
W/ResourcesManager(25688): Asset path '/system/framework/com.android.location.provider.jar' does not exist or contains no resources.
I/MultiDex(25688): VM with version 2.1.0 has multidex support
I/MultiDex(25688): install
I/MultiDex(25688): VM has multidex support, MultiDex support library is disabled.
I/ActivityManager( 426): Start proc 25707:com.google.process.gapps/u0a9 for content provider com.google.android.gsf/.gservices.GservicesProvider
I/GservicesProvider(25707): Gservices pushing to system: true; secure/global: true
I/GoogleHttpClient(25707): GMS http client unavailable, use old client
V/JNIHelp (25688): Registering com/google/android/gms/org/conscrypt/NativeCrypto's 227 native methods...
W/ResourcesManager(25707): Asset path '/system/framework/com.android.location.provider.jar' does not exist or contains no resources.
I/MultiDex(25707): VM with version 2.1.0 has multidex support
I/MultiDex(25707): install
I/MultiDex(25707): VM has multidex support, MultiDex support library is disabled.
V/JNIHelp (25707): Registering com/google/android/gms/org/conscrypt/NativeCrypto's 227 native methods...
I/ProviderInstaller(25688): Installed default security provider GmsCore_OpenSSL
I/ProviderInstaller(25707): Installed default security provider GmsCore_OpenSSL
I/ActivityManager( 426): Delay finish: com.google.android.gms/.wearable.init.InitializeGmsWearableReceiver
I/ActivityManager( 426): Process com.google.android.gms (pid 25688) has died
W/ActivityManager( 426): Scheduling restart of crashed service com.google.android.gms/.wearable.init.InitializeWearableIntentService in 1000ms
I/ActivityManager( 426): Resuming delayed broadcast
W/art (25707): Suspending all threads took: 5.371ms
D/GCM (25707): COMPAT: Multi user not supported
W/NativeLibraryUtils(25707): Install did not work
W/NativeLibraryUtils(25707): java.io.IOException: fcntl failed: EAGAIN (Try again)
W/NativeLibraryUtils(25707): at java.nio.FileChannelImpl.basicLock(FileChannelImpl.java:123)
W/NativeLibraryUtils(25707): at java.nio.FileChannelImpl.tryLock(FileChannelImpl.java:181)
W/NativeLibraryUtils(25707): at java.nio.channels.FileChannel.tryLock(FileChannel.java:584)
W/NativeLibraryUtils(25707): at com.google.android.gms.common.util.am.a(SourceFile:314)
W/NativeLibraryUtils(25707): at com.google.android.gms.common.app.a.run(SourceFile:136)
W/NativeLibraryUtils(25707): Caused by: android.system.ErrnoException: fcntl failed: EAGAIN (Try again)
W/NativeLibraryUtils(25707): at libcore.io.Posix.fcntlFlock(Native Method)
W/NativeLibraryUtils(25707): at libcore.io.ForwardingOs.fcntlFlock(ForwardingOs.java:70)
W/NativeLibraryUtils(25707): at java.nio.FileChannelImpl.basicLock(FileChannelImpl.java:121)
W/NativeLibraryUtils(25707): ... 4 more
D/GCM (25707): GcmService start null null
D/GCM (25707): GcmService start Intent { act=com.google.android.gms.INITIALIZE flg=0x10 pkg=com.google.android.gms cmp=com.google.android.gms/.gcm.GcmService } com.google.android.gms.INITIALIZE
I/ActivityManager( 426): Start proc 25735:com.google.android.gms/u0a9 for broadcast com.google.android.gms/.subscribedfeeds.ConfigurationReceiver
W/ResourcesManager(25735): Asset path '/system/framework/com.android.location.provider.jar' does not exist or contains no resources.
I/ActivityManager( 426): Process com.google.process.gapps (pid 25707) has died
W/ActivityManager( 426): Scheduling restart of crashed service com.google.android.gms/.gcm.GcmService in 16384000ms
I/MultiDex(25735): VM with version 2.1.0 has multidex support
I/MultiDex(25735): install
I/MultiDex(25735): VM has multidex support, MultiDex support library is disabled.
I/ActivityManager( 426): Start proc 25753:com.google.process.gapps/u0a9 for content provider com.google.android.gsf/.gservices.GservicesProvider
I/art ( 162): Explicit concurrent mark sweep GC freed 709(30KB) AllocSpace objects, 0(0B) LOS objects, 24% free, 5MB/7MB, paused 366us total 47.119ms
I/art ( 162): Explicit concurrent mark sweep GC freed 5(160B) AllocSpace objects, 0(0B) LOS objects, 24% free, 5MB/7MB, paused 366us total 19.287ms
I/art ( 162): Explicit concurrent mark sweep GC freed 5(160B) AllocSpace objects, 0(0B) LOS objects, 24% free, 5MB/7MB, paused 335us total 18.981ms
I/GservicesProvider(25753): Gservices pushing to system: true; secure/global: true
I/GoogleHttpClient(25753): GMS http client unavailable, use old client
V/JNIHelp (25735): Registering com/google/android/gms/org/conscrypt/NativeCrypto's 227 native methods...
W/ResourcesManager(25753): Asset path '/system/framework/com.android.location.provider.jar' does not exist or contains no resources.
I/MultiDex(25753): VM with version 2.1.0 has multidex support
I/MultiDex(25753): install
I/MultiDex(25753): VM has multidex support, MultiDex support library is disabled.
I/ProviderInstaller(25735): Installed default security provider GmsCore_OpenSSL
V/JNIHelp (25753): Registering com/google/android/gms/org/conscrypt/NativeCrypto's 227 native methods...
I/ActivityManager( 426): Process com.google.android.gms (pid 25735) has died
I/ProviderInstaller(25753): Installed default security provider GmsCore_OpenSSL
D/GCM (25753): COMPAT: Multi user not supported
D/GCM (25753): GcmService start null null
D/AuthorizationBluetoothService(25753): Received GmsCore event: Intent { act=com.google.android.gms.INITIALIZE flg=0x10 pkg=com.google.android.gms cmp=com.google.android.gms/.auth.be.proximity.authorization.bt.AuthorizationBluetoothService$AutoStarter }.
D/a (25753): Opening database auth.proximity.permit_store...
I/ActivityManager( 426): Start proc 25779:com.google.android.gms/u0a9 for broadcast com.google.android.gms/.common.stats.GmsCoreStatsServiceLauncher
I/ActivityManager( 426): Process com.google.process.gapps (pid 25753) has died
W/ActivityManager( 426): Scheduling restart of crashed service com.google.android.gms/.gcm.GcmService in 65536000ms
W/ResourcesManager(25779): Asset path '/system/framework/com.android.location.provider.jar' does not exist or contains no resources.
I/MultiDex(25779): VM with version 2.1.0 has multidex support
I/MultiDex(25779): install
I/MultiDex(25779): VM has multidex support, MultiDex support library is disabled.
I/ActivityManager( 426): Start proc 25797:com.google.process.gapps/u0a9 for content provider com.google.android.gsf/.gservices.GservicesProvider
I/GservicesProvider(25797): Gservices pushing to system: true; secure/global: true
I/GoogleHttpClient(25797): GMS http client unavailable, use old client
V/JNIHelp (25779): Registering com/google/android/gms/org/conscrypt/NativeCrypto's 227 native methods...
W/ResourcesManager(25797): Asset path '/system/framework/com.android.location.provider.jar' does not exist or contains no resources.
I/ProviderInstaller(25779): Installed default security provider GmsCore_OpenSSL
I/MultiDex(25797): VM with version 2.1.0 has multidex support
I/MultiDex(25797): install
I/MultiDex(25797): VM has multidex support, MultiDex support library is disabled.
V/JNIHelp (25797): Registering com/google/android/gms/org/conscrypt/NativeCrypto's 227 native methods...
V/GmsCoreStatsServiceLauncher(25779): Received broadcast intent Intent { act=com.google.android.gms.INITIALIZE flg=0x10 pkg=com.google.android.gms cmp=com.google.android.gms/.common.stats.GmsCoreStatsServiceLauncher }
D/Eid-InitializeEidServerReceiver( 755): EID server is disabled.
E/lowmemorykiller( 143): Error opening /proc/25779/oom_score_adj; errno=2
W/art (25797): Suspending all threads took: 6.347ms
W/BroadcastQueue( 426): Exception when sending broadcast to ComponentInfo{com.google.android.gms/com.google.android.gms.wearable.init.InitializeGmsWearableReceiver}
W/BroadcastQueue( 426): android.os.DeadObjectException
W/BroadcastQueue( 426): at android.os.BinderProxy.transactNative(Native Method)
W/BroadcastQueue( 426): at android.os.BinderProxy.transact(Binder.java:496)
W/BroadcastQueue( 426): at android.app.ApplicationThreadProxy.scheduleReceiver(ApplicationThreadNative.java:861)
W/BroadcastQueue( 426): at com.android.server.am.BroadcastQueue.processCurBroadcastLocked(BroadcastQueue.java:245)
W/BroadcastQueue( 426): at com.android.server.am.BroadcastQueue.processNextBroadcast(BroadcastQueue.java:898)
W/BroadcastQueue( 426): at com.android.server.am.ActivityManagerService.finishReceiver(ActivityManagerService.java:16451)
W/BroadcastQueue( 426): at android.app.ActivityManagerNative.onTransact(ActivityManagerNative.java:469)
W/BroadcastQueue( 426): at com.android.server.am.ActivityManagerService.onTransact(ActivityManagerService.java:2212)
W/BroadcastQueue( 426): at android.os.Binder.execTransact(Binder.java:446)
I/ProviderInstaller(25797): Installed default security provider GmsCore_OpenSSL
I/ActivityManager( 426): Start proc 25820:com.google.android.gms/u0a9 for broadcast com.google.android.gms/.wearable.init.InitializeGmsWearableReceiver
W/ActivityManager( 426): Spurious death for ProcessRecord{290962c3 25820:com.google.android.gms/u0a9}, curProc for 25779: null
D/GCM (25797): COMPAT: Multi user not supported
W/ResourcesManager(25820): Asset path '/system/framework/com.android.location.provider.jar' does not exist or contains no resources.
I/MultiDex(25820): VM with version 2.1.0 has multidex support
I/MultiDex(25820): install
I/MultiDex(25820): VM has multidex support, MultiDex support library is disabled.
I/PowerManagerService( 426): Going to sleep due to screen timeout (uid 1000)...
I/DreamManagerService( 426): Entering dreamland.
I/PowerManagerService( 426): Dozing...
I/DreamController( 426): Starting dream: name=ComponentInfo{com.google.android.wearable.ambient/com.google.android.wearable.ambient.AmbientDream}, isTest=false, canDoze=true, userId=0
E/InputMethodManagerService( 426): Ignoring setImeWindowStatus due to an invalid token. uid:1000 token:null
E/InputMethodManagerService( 426): Ignoring setImeWindowStatus due to an invalid token. uid:1000 token:null
V/JNIHelp (25820): Registering com/google/android/gms/org/conscrypt/NativeCrypto's 227 native methods...
E/WifiStateMachine( 426): cancelDelayedScan -> 226
D/audio_hw( 157): ENTERING adev_set_parameters() screen_state=off
V/audio_hw( 157): setFMParameters: screen_state=off
V/audio_hw( 157): LEAVING adev_set_parameters()
W/art (25797): Verification of java.lang.String com.google.android.gms.gcm.a.toString() took 224.822ms
V/DreamService[AmbientDream]( 810): onBind() intent = Intent { act=android.service.dreams.DreamService flg=0x800000 cmp=com.google.android.wearable.ambient/.AmbientDream }
D/AmbientService( 810): onReceive Intent { act=android.intent.action.SCREEN_OFF flg=0x50000010 } true
D/AmbientService( 810): AmbientDreamRegistrationServiceStub.attach: dream: AmbientComponentConfig[component=ComponentInfo{com.google.android.wearable.ambient/com.google.android.wearable.ambient.AmbientDream}]
D/AmbientService( 810): findRunningActivities: No activities found
I/AmbientService( 810): Ambient Created: launching default
I/ActivityManager( 426): START u0 {act=android.intent.action.MAIN cat=[android.intent.category.HOME] flg=0x34010000 cmp=com.google.android.wearable.app/com.google.android.clockwork.home.HomeActivity} from uid 10013 on display 0
V/DreamService[AmbientDream]( 810): Calling onDreamingStarted()
I/AmbientService( 810): Ambient Starting
D/AmbientService( 810): scheduling next alarm, nowWall: 1440188496315, nextWall: 1440188520000, nowElapsed: 68454520, nextElapsed: 68478205
W/AmbientService( 810): we need an ambient activity, but nothing to use
E/lowmemorykiller( 143): Error writing /proc/17914/oom_score_adj; errno=22
E/JavaBinder( 426): !!! FAILED BINDER TRANSACTION !!!
I/WindowState( 426): WIN DEATH: Window{eaddc9d u0 wearablesoftware.wearsysteminfo/wearablesoftware.wearsysteminfo.MainActivity}
I/WindowState( 426): WIN DEATH: Window{3f6c6c1a u0 wearablesoftware.wearsysteminfo/wearablesoftware.wearsysteminfo.CpuDetailsActivity}
I/ProviderInstaller(25820): Installed default security provider GmsCore_OpenSSL
D/AmbientService( 810): onResumed: AmbientActivity[component=ComponentInfo{com.google.android.wearable.app/com.google.android.clockwork.home.HomeActivity}, callbacks=@3d0914e1, running=false, ambient=false] Binder_4 67
D/AmbientService( 810): enterAmbient: AmbientActivity[component=ComponentInfo{com.google.android.wearable.app/com.google.android.clockwork.home.HomeActivity}, callbacks=@3d0914e1, running=true, ambient=false] Binder_4 67
V/audio_hw( 157): ENTERING adev_open_input_stream() channels = 1 channel mask = 16 format = 1 sample_rate = 8000
V/audio_hw( 157): ENTERING check_input_parameters
V/audio_hw( 157): LEAVING check_input_parameters ret = 0, channels = 1, channel mask = 16, format = 1, sample_rate = 8000
V/audio_hw( 157): dump.audio.pcmin = OFF
V/audio_hw( 157): Data Dump is disabled for input stream
V/audio_hw( 157): dump.audio.voip = OFF
V/audio_hw( 157): Data Dump is disabled for voip input
D/audio_hw( 157): In adev_open_input_stream devices = 80000004, channel_count = 1
V/audio_hw( 157): select_alsa_input_dev:SpeechIn
D/audio_hw( 157): config->sample_rate = 8000, devices = 80000004
D/alsa_pcm( 157): channels = 1, Fs = 8000, period_size = 0x800, periods = 2
D/alsa_pcm( 157): pcm_handle->bufSize_bytes = 0x1000 samples = 0x1000
V/audio_hw( 157): LEAVING adev_open_input_stream() channels = 1 format = 1 sample_rate = 8000 pcm device = 80000004
I/AudioFlinger( 157): AudioFlinger's thread 0xb590c008 ready to run
D/audio_in( 157): ENTERING in_standby() for device -2147483644
D/audio_in( 157): LEAVING in_standby() for device -2147483644
D/audio_in( 157): ENTERING in_standby() for device -2147483644
D/audio_in( 157): LEAVING in_standby() for device -2147483644
W/BroadcastQueue( 426): Failure sending broadcast Intent { act=android.intent.action.SCREEN_OFF flg=0x50000010 }
W/BroadcastQueue( 426): android.os.DeadObjectException
W/BroadcastQueue( 426): at android.os.BinderProxy.transactNative(Native Method)
W/BroadcastQueue( 426): at android.os.BinderProxy.transact(Binder.java:496)
W/BroadcastQueue( 426): at android.app.ApplicationThreadProxy.scheduleRegisteredReceiver(ApplicationThreadNative.java:1093)
W/BroadcastQueue( 426): at com.android.server.am.BroadcastQueue.performReceiveLocked(BroadcastQueue.java:431)
W/BroadcastQueue( 426): at com.android.server.am.BroadcastQueue.deliverToRegisteredReceiverLocked(BroadcastQueue.java:521)
W/BroadcastQueue( 426): at com.android.server.am.BroadcastQueue.processNextBroadcast(BroadcastQueue.java:729)
W/BroadcastQueue( 426): at com.android.server.am.ActivityManagerService.finishReceiver(ActivityManagerService.java:16451)
W/BroadcastQueue( 426): at android.app.ActivityManagerNative.onTransact(ActivityManagerNative.java:469)
W/BroadcastQueue( 426): at com.android.server.am.ActivityManagerService.onTransact(ActivityManagerService.java:2212)
W/BroadcastQueue( 426): at android.os.Binder.execTransact(Binder.java:446)
E/lowmemorykiller( 143): Error opening /proc/17914/oom_score_adj; errno=2
I/ActivityManager( 426): Process wearablesoftware.wearsysteminfo (pid 17914) has died I/DASH - em718x( 426): update_fifo_size: 'acc' rate 16000000 ns, latency 100000000 ns, fifo 0 I/DASH - em718x( 426): update_fifo_size: 'acc' rate 16000000 ns, latency 100000000 ns, fifo 5
D/audio_in( 157): ENTERING in_set_parameters() input_source=6;routing=-2147483644
W/ActivityManager( 426): Force removing ActivityRecord{25b08d0e u0 wearablesoftware.wearsysteminfo/.CpuDetailsActivity t650}: app died, no saved state
D/audio_in( 157): ENTERING start_input_stream(), in->main_channels=16, in->requested_rate=8000
V/alsa_hal_controller( 157): ENTERING set_app_profile()
V/alsa_hal_controller( 157): ENTERING enable_app_profile 7
E/alsa_control( 157): Control not initialized
V/alsa_hal_controller( 157): LEAVING set_app_profile() status = 1 profile 7 enable 1
