--------- beginning of system
I/ActivityManager( 426): Resuming delayed broadcast
I/ActivityManager( 426): Delay finish: com.google.android.gms/.wearable.init.InitializeGmsWearableReceiver
I/ActivityManager( 426): Resuming delayed broadcast
I/ActivityManager( 426): Delay finish: com.google.android.gms/.wearable.init.InitializeGmsWearableReceiver
I/ActivityManager( 426): Resuming delayed broadcast
I/ActivityManager( 426): Delay finish: com.google.android.gms/.wearable.init.InitializeGmsWearableReceiver
I/ActivityManager( 426): Resuming delayed broadcast
I/ActivityManager( 426): Delay finish: com.google.android.gms/.wearable.init.InitializeGmsWearableReceiver
I/ActivityManager( 426): Resuming delayed broadcast
I/ActivityManager( 426): Delay finish: com.google.android.gms/.wearable.init.InitializeGmsWearableReceiver
I/ActivityManager( 426): Resuming delayed broadcast
I/ActivityManager( 426): Delay finish: com.google.android.gms/.wearable.init.InitializeGmsWearableReceiver
I/ActivityManager( 426): Resuming delayed broadcast
I/ActivityManager( 426): Delay finish: com.google.android.gms/.wearable.init.InitializeGmsWearableReceiver
I/ActivityManager( 426): Resuming delayed broadcast
I/ActivityManager( 426): Delay finish: com.google.android.gms/.wearable.init.InitializeGmsWearableReceiver
I/ActivityManager( 426): Resuming delayed broadcast
I/ActivityManager( 426): Delay finish: com.google.android.gms/.wearable.init.InitializeGmsWearableReceiver
I/ActivityManager( 426): Resuming delayed broadcast
I/ActivityManager( 426): Delay finish: com.google.android.gms/.wearable.init.InitializeGmsWearableReceiver
I/ActivityManager( 426): Resuming delayed broadcast
I/ActivityManager( 426): Delay finish: com.google.android.gms/.wearable.init.InitializeGmsWearableReceiver
I/ActivityManager( 426): Resuming delayed broadcast
I/ActivityManager( 426): Delay finish: com.google.android.gms/.wearable.init.InitializeGmsWearableReceiver
I/ActivityManager( 426): Resuming delayed broadcast
I/ActivityManager( 426): Process com.google.android.gms (pid 18859) has died
I/ActivityManager( 426): Start proc 18975:com.google.android.gms/u0a9 for broadcast com.google.android.gms/.wearable.service.AutoStarterReceiver
W/ResourcesManager(18975): Asset path '/system/framework/com.android.location.provider.jar' does not exist or contains no resources.
I/ActivityManager( 426): Delay finish: com.google.android.gms/.wearable.init.InitializeGmsWearableReceiver
I/ActivityManager( 426): Resuming delayed broadcast
I/ActivityManager( 426): Delay finish: com.google.android.gms/.wearable.init.InitializeGmsWearableReceiver
I/ActivityManager( 426): Resuming delayed broadcast
I/ActivityManager( 426): Delay finish: com.google.android.gms/.wearable.init.InitializeGmsWearableReceiver
I/ActivityManager( 426): Resuming delayed broadcast
I/ActivityManager( 426): Delay finish: com.google.android.gms/.wearable.init.InitializeGmsWearableReceiver
I/ActivityManager( 426): Resuming delayed broadcast
I/ActivityManager( 426): Delay finish: com.google.android.gms/.wearable.init.InitializeGmsWearableReceiver
I/ActivityManager( 426): Resuming delayed broadcast
I/ActivityManager( 426): Delay finish: com.google.android.gms/.wearable.init.InitializeGmsWearableReceiver
I/ActivityManager( 426): Resuming delayed broadcast
I/ActivityManager( 426): Delay finish: com.google.android.gms/.wearable.init.InitializeGmsWearableReceiver
I/ActivityManager( 426): Resuming delayed broadcast
I/ActivityManager( 426): Delay finish: com.google.android.gms/.wearable.init.InitializeGmsWearableReceiver
I/ActivityManager( 426): Resuming delayed broadcast
I/ActivityManager( 426): Delay finish: com.google.android.gms/.wearable.init.InitializeGmsWearableReceiver
I/ActivityManager( 426): Resuming delayed broadcast
I/ActivityManager( 426): Delay finish: com.google.android.gms/.wearable.init.InitializeGmsWearableReceiver
I/ActivityManager( 426): Resuming delayed broadcast
I/ActivityManager( 426): Delay finish: com.google.android.gms/.wearable.init.InitializeGmsWearableReceiver
I/ActivityManager( 426): Resuming delayed broadcast
I/ActivityManager( 426): Delay finish: com.google.android.gms/.wearable.init.InitializeGmsWearableReceiver
I/ActivityManager( 426): Resuming delayed broadcast
I/ActivityManager( 426): Delay finish: com.google.android.gms/.wearable.init.InitializeGmsWearableReceiver
I/ActivityManager( 426): Resuming delayed broadcast
I/ActivityManager( 426): Delay finish: com.google.android.gms/.wearable.init.InitializeGmsWearableReceiver
I/ActivityManager( 426): Resuming delayed broadcast
I/ActivityManager( 426): Delay finish: com.google.android.gms/.wearable.init.InitializeGmsWearableReceiver
I/ActivityManager( 426): Resuming delayed broadcast
I/ActivityManager( 426): Delay finish: com.google.android.gms/.wearable.init.InitializeGmsWearableReceiver
I/ActivityManager( 426): Resuming delayed broadcast
I/ActivityManager( 426): Delay finish: com.google.android.gms/.wearable.init.InitializeGmsWearableReceiver
I/ActivityManager( 426): Resuming delayed broadcast
I/ActivityManager( 426): Delay finish: com.google.android.gms/.wearable.init.InitializeGmsWearableReceiver
I/ActivityManager( 426): Resuming delayed broadcast
I/ActivityManager( 426): Delay finish: com.google.android.gms/.wearable.init.InitializeGmsWearableReceiver
I/ActivityManager( 426): Resuming delayed broadcast
I/ActivityManager( 426): Delay finish: com.google.android.gms/.wearable.init.InitializeGmsWearableReceiver
I/ActivityManager( 426): Resuming delayed broadcast
I/ActivityManager( 426): Delay finish: com.google.android.gms/.wearable.init.InitializeGmsWearableReceiver
I/ActivityManager( 426): Resuming delayed broadcast
I/ActivityManager( 426): Delay finish: com.google.android.gms/.wearable.init.InitializeGmsWearableReceiver
I/ActivityManager( 426): Resuming delayed broadcast
I/ActivityManager( 426): Start proc 19061:sony.com.stepservice/1000 for service sony.com.stepservice/.StepService
I/ActivityManager( 426): Process com.google.android.gms (pid 18975) has died
I/ActivityManager( 426): Start proc 19078:com.google.android.gms/u0a9 for broadcast com.google.android.gms/.wearable.init.InitializeGmsWearableReceiver
I/ActivityManager( 426): Process com.google.process.gapps (pid 18760) has died
W/ActivityManager( 426): Scheduling restart of crashed service com.google.android.gms/.gcm.GcmService in 4000ms
W/ResourcesManager(19078): Asset path '/system/framework/com.android.location.provider.jar' does not exist or contains no resources.
I/ActivityManager( 426): Start proc 19097:com.google.process.gapps/u0a9 for content provider com.google.android.gsf/.gservices.GservicesProvider
W/ContextImpl(19061): Calling a method in the system process without a qualified user: android.app.ContextImpl.sendBroadcast:1327 android.content.ContextWrapper.sendBroadcast:377 sony.com.stepservice.StepService.broadcastSteps:295 sony.com.stepservice.StepService.onSensorChanged:212 android.hardware.SystemSensorManager$SensorEventQueue.dispatchSensorEvent:405
W/ContextImpl(19061): Calling a method in the system process without a qualified user: android.app.ContextImpl.sendBroadcast:1327 android.content.ContextWrapper.sendBroadcast:377 sony.com.stepservice.StepService.broadcastSteps:295 sony.com.stepservice.StepService.onSensorChanged:212 android.hardware.SystemSensorManager$SensorEventQueue.dispatchSensorEvent:405
W/ResourcesManager(19097): Asset path '/system/framework/com.android.location.provider.jar' does not exist or contains no resources.
I/ActivityManager( 426): Delay finish: com.google.android.gms/.wearable.init.InitializeGmsWearableReceiver
I/ActivityManager( 426): Resuming delayed broadcast
I/ActivityManager( 426): Process com.google.android.gms (pid 19078) has died
I/ActivityManager( 426): Start proc 19126:com.google.android.gms/u0a9 for broadcast com.google.android.gms/.subscribedfeeds.ConfigurationReceiver
W/ResourcesManager(19126): Asset path '/system/framework/com.android.location.provider.jar' does not exist or contains no resources.
I/ActivityManager( 426): Process sony.com.stepservice (pid 19061) has died
W/ActivityManager( 426): Scheduling restart of crashed service sony.com.stepservice/.StepService in 16000ms
I/ActivityManager( 426): Delay finish: com.google.android.gms/.wearable.init.InitializeGmsWearableReceiver
I/ActivityManager( 426): Resuming delayed broadcast
I/ActivityManager( 426): Delay finish: com.google.android.gms/.wearable.init.InitializeGmsWearableReceiver
I/ActivityManager( 426): Resuming delayed broadcast
I/ActivityManager( 426): Delay finish: com.google.android.gms/.wearable.init.InitializeGmsWearableReceiver
I/ActivityManager( 426): Resuming delayed broadcast
I/ActivityManager( 426): Delay finish: com.google.android.gms/.wearable.init.InitializeGmsWearableReceiver
I/ActivityManager( 426): Resuming delayed broadcast
I/ActivityManager( 426): Delay finish: com.google.android.gms/.wearable.init.InitializeGmsWearableReceiver
I/ActivityManager( 426): Resuming delayed broadcast
I/ActivityManager( 426): Delay finish: com.google.android.gms/.wearable.init.InitializeGmsWearableReceiver
I/ActivityManager( 426): Resuming delayed broadcast
I/ActivityManager( 426): Delay finish: com.google.android.gms/.wearable.init.InitializeGmsWearableReceiver
I/ActivityManager( 426): Resuming delayed broadcast
I/ActivityManager( 426): Delay finish: com.google.android.gms/.wearable.init.InitializeGmsWearableReceiver
I/ActivityManager( 426): Resuming delayed broadcast
I/ActivityManager( 426): Delay finish: com.google.android.gms/.wearable.init.InitializeGmsWearableReceiver
I/ActivityManager( 426): Resuming delayed broadcast
I/ActivityManager( 426): Delay finish: com.google.android.gms/.wearable.init.InitializeGmsWearableReceiver
I/ActivityManager( 426): Resuming delayed broadcast
I/ActivityManager( 426): Delay finish: com.google.android.gms/.wearable.init.InitializeGmsWearableReceiver
I/ActivityManager( 426): Resuming delayed broadcast
I/ActivityManager( 426): Delay finish: com.google.android.gms/.wearable.init.InitializeGmsWearableReceiver
I/ActivityManager( 426): Resuming delayed broadcast
W/BroadcastQueue( 426): Exception when sending broadcast to ComponentInfo{com.google.android.gms/com.google.android.gms.wearable.init.InitializeGmsWearableReceiver}
W/BroadcastQueue( 426): android.os.TransactionTooLargeException
W/BroadcastQueue( 426): at android.os.BinderProxy.transactNative(Native Method)
W/BroadcastQueue( 426): at android.os.BinderProxy.transact(Binder.java:496)
W/BroadcastQueue( 426): at android.app.ApplicationThreadProxy.scheduleReceiver(ApplicationThreadNative.java:861)
W/BroadcastQueue( 426): at com.android.server.am.BroadcastQueue.processCurBroadcastLocked(BroadcastQueue.java:245)
W/BroadcastQueue( 426): at com.android.server.am.BroadcastQueue.processNextBroadcast(BroadcastQueue.java:898)
W/BroadcastQueue( 426): at com.android.server.am.ActivityManagerService.finishReceiver(ActivityManagerService.java:16451)
W/BroadcastQueue( 426): at android.app.ActivityManagerNative.onTransact(ActivityManagerNative.java:469)
W/BroadcastQueue( 426): at com.android.server.am.ActivityManagerService.onTransact(ActivityManagerService.java:2212)
W/BroadcastQueue( 426): at android.os.Binder.execTransact(Binder.java:446)
I/ActivityManager( 426): Start proc 19187:com.google.android.gms/u0a9 for broadcast com.google.android.gms/.wearable.init.InitializeGmsWearableReceiver
W/ActivityManager( 426): Spurious death for ProcessRecord{3b28b7ac 19187:com.google.android.gms/u0a9}, curProc for 19126: null
W/ResourcesManager(19187): Asset path '/system/framework/com.android.location.provider.jar' does not exist or contains no resources.
I/ActivityManager( 426): Delay finish: com.google.android.gms/.wearable.init.InitializeGmsWearableReceiver
I/ActivityManager( 426): Resuming delayed broadcast
I/ActivityManager( 426): Delay finish: com.google.android.gms/.wearable.init.InitializeGmsWearableReceiver
I/ActivityManager( 426): Resuming delayed broadcast
I/ActivityManager( 426): Delay finish: com.google.android.gms/.wearable.init.InitializeGmsWearableReceiver
I/ActivityManager( 426): Resuming delayed broadcast
I/ActivityManager( 426): Delay finish: com.google.android.gms/.wearable.init.InitializeGmsWearableReceiver
I/ActivityManager( 426): Resuming delayed broadcast
I/ActivityManager( 426): Delay finish: com.google.android.gms/.wearable.init.InitializeGmsWearableReceiver
I/ActivityManager( 426): Resuming delayed broadcast
I/ActivityManager( 426): Delay finish: com.google.android.gms/.wearable.init.InitializeGmsWearableReceiver
I/ActivityManager( 426): Resuming delayed broadcast
I/ActivityManager( 426): Delay finish: com.google.android.gms/.wearable.init.InitializeGmsWearableReceiver
I/ActivityManager( 426): Resuming delayed broadcast
I/ActivityManager( 426): Delay finish: com.google.android.gms/.wearable.init.InitializeGmsWearableReceiver
I/ActivityManager( 426): Resuming delayed broadcast
I/ActivityManager( 426): Delay finish: com.google.android.gms/.wearable.init.InitializeGmsWearableReceiver
I/ActivityManager( 426): Resuming delayed broadcast
I/ActivityManager( 426): Delay finish: com.google.android.gms/.wearable.init.InitializeGmsWearableReceiver
I/ActivityManager( 426): Resuming delayed broadcast
I/ActivityManager( 426): Delay finish: com.google.android.gms/.wearable.init.InitializeGmsWearableReceiver
I/ActivityManager( 426): Resuming delayed broadcast
I/ActivityManager( 426): Delay finish: com.google.android.gms/.wearable.init.InitializeGmsWearableReceiver
I/ActivityManager( 426): Resuming delayed broadcast
I/ActivityManager( 426): Delay finish: com.google.android.gms/.wearable.init.InitializeGmsWearableReceiver
I/ActivityManager( 426): Resuming delayed broadcast
I/ActivityManager( 426): Delay finish: com.google.android.gms/.wearable.init.InitializeGmsWearableReceiver
I/ActivityManager( 426): Resuming delayed broadcast
I/ActivityManager( 426): Delay finish: com.google.android.gms/.wearable.init.InitializeGmsWearableReceiver
I/ActivityManager( 426): Resuming delayed broadcast
I/ActivityManager( 426): Delay finish: com.google.android.gms/.wearable.init.InitializeGmsWearableReceiver
I/ActivityManager( 426): Resuming delayed broadcast
I/ActivityManager( 426): Delay finish: com.google.android.gms/.wearable.init.InitializeGmsWearableReceiver
I/ActivityManager( 426): Resuming delayed broadcast
I/ActivityManager( 426): Delay finish: com.google.android.gms/.wearable.init.InitializeGmsWearableReceiver
I/ActivityManager( 426): Resuming delayed broadcast
I/ActivityManager( 426): Delay finish: com.google.android.gms/.wearable.init.InitializeGmsWearableReceiver
I/ActivityManager( 426): Resuming delayed broadcast
I/ActivityManager( 426): Delay finish: com.google.android.gms/.wearable.init.InitializeGmsWearableReceiver
I/ActivityManager( 426): Resuming delayed broadcast
I/ActivityManager( 426): Delay finish: com.google.android.gms/.wearable.init.InitializeGmsWearableReceiver
I/ActivityManager( 426): Resuming delayed broadcast
I/ActivityManager( 426): Delay finish: com.google.android.gms/.wearable.init.InitializeGmsWearableReceiver
I/ActivityManager( 426): Resuming delayed broadcast
I/ActivityManager( 426): Delay finish: com.google.android.gms/.wearable.init.InitializeGmsWearableReceiver
I/ActivityManager( 426): Resuming delayed broadcast
I/ActivityManager( 426): Delay finish: com.google.android.gms/.wearable.init.InitializeGmsWearableReceiver
I/ActivityManager( 426): Resuming delayed broadcast
I/ActivityManager( 426): Delay finish: com.google.android.gms/.wearable.init.InitializeGmsWearableReceiver
I/ActivityManager( 426): Resuming delayed broadcast
I/ActivityManager( 426): Delay finish: com.google.android.gms/.wearable.init.InitializeGmsWearableReceiver
I/ActivityManager( 426): Resuming delayed broadcast
I/ActivityManager( 426): Process com.google.android.gms (pid 19187) has died
I/ActivityManager( 426): Start proc 19285:com.google.android.gms/u0a9 for broadcast com.google.android.gms/.subscribedfeeds.ConfigurationReceiver
W/ResourcesManager(19285): Asset path '/system/framework/com.android.location.provider.jar' does not exist or contains no resources.
I/ActivityManager( 426): Delay finish: com.google.android.gms/.wearable.init.InitializeGmsWearableReceiver
I/ActivityManager( 426): Resuming delayed broadcast
I/ActivityManager( 426): Delay finish: com.google.android.gms/.wearable.init.InitializeGmsWearableReceiver
I/ActivityManager( 426): Resuming delayed broadcast
I/ActivityManager( 426): Delay finish: com.google.android.gms/.wearable.init.InitializeGmsWearableReceiver
I/ActivityManager( 426): Resuming delayed broadcast
I/ActivityManager( 426): Delay finish: com.google.android.gms/.wearable.init.InitializeGmsWearableReceiver
I/ActivityManager( 426): Resuming delayed broadcast
I/ActivityManager( 426): Delay finish: com.google.android.gms/.wearable.init.InitializeGmsWearableReceiver
I/ActivityManager( 426): Resuming delayed broadcast
I/ActivityManager( 426): Delay finish: com.google.android.gms/.wearable.init.InitializeGmsWearableReceiver
I/ActivityManager( 426): Resuming delayed broadcast
I/ActivityManager( 426): Delay finish: com.google.android.gms/.wearable.init.InitializeGmsWearableReceiver
I/ActivityManager( 426): Resuming delayed broadcast
I/ActivityManager( 426): Delay finish: com.google.android.gms/.wearable.init.InitializeGmsWearableReceiver
I/ActivityManager( 426): Resuming delayed broadcast
I/ActivityManager( 426): Process com.google.android.gms (pid 19285) has died
I/ActivityManager( 426): Start proc 19330:com.google.android.gms/u0a9 for broadcast com.google.android.gms/.wearable.service.AutoStarterReceiver
W/ResourcesManager(19330): Asset path '/system/framework/com.android.location.provider.jar' does not exist or contains no resources.
I/ActivityManager( 426): Delay finish: com.google.android.gms/.wearable.init.InitializeGmsWearableReceiver
I/ActivityManager( 426): Resuming delayed broadcast
I/ActivityManager( 426): Delay finish: com.google.android.gms/.wearable.init.InitializeGmsWearableReceiver
I/ActivityManager( 426): Resuming delayed broadcast
I/ActivityManager( 426): Delay finish: com.google.android.gms/.wearable.init.InitializeGmsWearableReceiver
I/ActivityManager( 426): Resuming delayed broadcast
I/ActivityManager( 426): Delay finish: com.google.android.gms/.wearable.init.InitializeGmsWearableReceiver
I/ActivityManager( 426): Resuming delayed broadcast
I/ActivityManager( 426): Delay finish: com.google.android.gms/.wearable.init.InitializeGmsWearableReceiver
I/ActivityManager( 426): Resuming delayed broadcast
I/ActivityManager( 426): Delay finish: com.google.android.gms/.wearable.init.InitializeGmsWearableReceiver
I/ActivityManager( 426): Resuming delayed broadcast
I/ActivityManager( 426): Delay finish: com.google.android.gms/.wearable.init.InitializeGmsWearableReceiver
I/ActivityManager( 426): Resuming delayed broadcast
I/ActivityManager( 426): Delay finish: com.google.android.gms/.wearable.init.InitializeGmsWearableReceiver
I/ActivityManager( 426): Resuming delayed broadcast
I/ActivityManager( 426): Delay finish: com.google.android.gms/.wearable.init.InitializeGmsWearableReceiver
I/ActivityManager( 426): Resuming delayed broadcast
I/ActivityManager( 426): Delay finish: com.google.android.gms/.wearable.init.InitializeGmsWearableReceiver
I/ActivityManager( 426): Resuming delayed broadcast
I/ActivityManager( 426): Delay finish: com.google.android.gms/.wearable.init.InitializeGmsWearableReceiver
I/ActivityManager( 426): Resuming delayed broadcast
I/ActivityManager( 426): Delay finish: com.google.android.gms/.wearable.init.InitializeGmsWearableReceiver
I/ActivityManager( 426): Resuming delayed broadcast
I/ActivityManager( 426): Delay finish: com.google.android.gms/.wearable.init.InitializeGmsWearableReceiver
I/ActivityManager( 426): Resuming delayed broadcast
I/ActivityManager( 426): Delay finish: com.google.android.gms/.wearable.init.InitializeGmsWearableReceiver
I/ActivityManager( 426): Resuming delayed broadcast
I/ActivityManager( 426): Delay finish: com.google.android.gms/.wearable.init.InitializeGmsWearableReceiver
I/ActivityManager( 426): Resuming delayed broadcast
I/ActivityManager( 426): Delay finish: com.google.android.gms/.wearable.init.InitializeGmsWearableReceiver
I/ActivityManager( 426): Resuming delayed broadcast
I/ActivityManager( 426): Delay finish: com.google.android.gms/.wearable.init.InitializeGmsWearableReceiver
I/ActivityManager( 426): Resuming delayed broadcast
I/ActivityManager( 426): Delay finish: com.google.android.gms/.wearable.init.InitializeGmsWearableReceiver
I/ActivityManager( 426): Resuming delayed broadcast
I/ActivityManager( 426): Delay finish: com.google.android.gms/.wearable.init.InitializeGmsWearableReceiver
I/ActivityManager( 426): Resuming delayed broadcast
I/ActivityManager( 426): Delay finish: com.google.android.gms/.wearable.init.InitializeGmsWearableReceiver
I/ActivityManager( 426): Resuming delayed broadcast
I/ActivityManager( 426): Delay finish: com.google.android.gms/.wearable.init.InitializeGmsWearableReceiver
I/ActivityManager( 426): Resuming delayed broadcast
I/ActivityManager( 426): Delay finish: com.google.android.gms/.wearable.init.InitializeGmsWearableReceiver
I/ActivityManager( 426): Resuming delayed broadcast
I/ActivityManager( 426): Delay finish: com.google.android.gms/.wearable.init.InitializeGmsWearableReceiver
I/ActivityManager( 426): Resuming delayed broadcast
I/ActivityManager( 426): Delay finish: com.google.android.gms/.wearable.init.InitializeGmsWearableReceiver
I/ActivityManager( 426): Resuming delayed broadcast
I/ActivityManager( 426): Delay finish: com.google.android.gms/.wearable.init.InitializeGmsWearableReceiver
I/ActivityManager( 426): Resuming delayed broadcast
I/ActivityManager( 426): Delay finish: com.google.android.gms/.wearable.init.InitializeGmsWearableReceiver
I/ActivityManager( 426): Resuming delayed broadcast
I/ActivityManager( 426): Delay finish: com.google.android.gms/.wearable.init.InitializeGmsWearableReceiver
I/ActivityManager( 426): Resuming delayed broadcast
I/ActivityManager( 426): Delay finish: com.google.android.gms/.wearable.init.InitializeGmsWearableReceiver
I/ActivityManager( 426): Resuming delayed broadcast
I/ActivityManager( 426): Delay finish: com.google.android.gms/.wearable.init.InitializeGmsWearableReceiver
I/ActivityManager( 426): Resuming delayed broadcast
I/ActivityManager( 426): Delay finish: com.google.android.gms/.wearable.init.InitializeGmsWearableReceiver
I/ActivityManager( 426): Resuming delayed broadcast
I/ActivityManager( 426): Delay finish: com.google.android.gms/.wearable.init.InitializeGmsWearableReceiver
I/ActivityManager( 426): Resuming delayed broadcast
I/ActivityManager( 426): Delay finish: com.google.android.gms/.wearable.init.InitializeGmsWearableReceiver
I/ActivityManager( 426): Resuming delayed broadcast
I/ActivityManager( 426): Delay finish: com.google.android.gms/.wearable.init.InitializeGmsWearableReceiver
I/ActivityManager( 426): Resuming delayed broadcast
I/ActivityManager( 426): Delay finish: com.google.android.gms/.wearable.init.InitializeGmsWearableReceiver
I/ActivityManager( 426): Resuming delayed broadcast
I/ActivityManager( 426): Delay finish: com.google.android.gms/.wearable.init.InitializeGmsWearableReceiver
I/ActivityManager( 426): Resuming delayed broadcast
I/ActivityManager( 426): Delay finish: com.google.android.gms/.wearable.init.InitializeGmsWearableReceiver
I/ActivityManager( 426): Resuming delayed broadcast
I/ActivityManager( 426): Delay finish: com.google.android.gms/.wearable.init.InitializeGmsWearableReceiver
I/ActivityManager( 426): Resuming delayed broadcast
I/ActivityManager( 426): Delay finish: com.google.android.gms/.wearable.init.InitializeGmsWearableReceiver
I/ActivityManager( 426): Resuming delayed broadcast
I/ActivityManager( 426): Process com.google.android.gms (pid 19330) has died
I/ActivityManager( 426): Start proc 19464:com.google.android.gms/u0a9 for broadcast com.google.android.gms/.common.stats.GmsCoreStatsServiceLauncher
W/ResourcesManager(19464): Asset path '/system/framework/com.android.location.provider.jar' does not exist or contains no resources.
I/ActivityManager( 426): Delay finish: com.google.android.gms/.wearable.init.InitializeGmsWearableReceiver
I/ActivityManager( 426): Resuming delayed broadcast
I/ActivityManager( 426): Delay finish: com.google.android.gms/.wearable.init.InitializeGmsWearableReceiver
I/ActivityManager( 426): Resuming delayed broadcast
I/ActivityManager( 426): Delay finish: com.google.android.gms/.wearable.init.InitializeGmsWearableReceiver
I/ActivityManager( 426): Resuming delayed broadcast
I/ActivityManager( 426): Delay finish: com.google.android.gms/.wearable.init.InitializeGmsWearableReceiver
I/ActivityManager( 426): Resuming delayed broadcast
I/ActivityManager( 426): Delay finish: com.google.android.gms/.wearable.init.InitializeGmsWearableReceiver
I/ActivityManager( 426): Resuming delayed broadcast
I/ActivityManager( 426): Delay finish: com.google.android.gms/.wearable.init.InitializeGmsWearableReceiver
I/ActivityManager( 426): Resuming delayed broadcast
I/ActivityManager( 426): Delay finish: com.google.android.gms/.wearable.init.InitializeGmsWearableReceiver
I/ActivityManager( 426): Resuming delayed broadcast
I/ActivityManager( 426): Delay finish: com.google.android.gms/.wearable.init.InitializeGmsWearableReceiver
I/ActivityManager( 426): Resuming delayed broadcast
I/ActivityManager( 426): Delay finish: com.google.android.gms/.wearable.init.InitializeGmsWearableReceiver
I/ActivityManager( 426): Resuming delayed broadcast
I/ActivityManager( 426): Delay finish: com.google.android.gms/.wearable.init.InitializeGmsWearableReceiver
I/ActivityManager( 426): Resuming delayed broadcast
I/ActivityManager( 426): Delay finish: com.google.android.gms/.wearable.init.InitializeGmsWearableReceiver
I/ActivityManager( 426): Resuming delayed broadcast
I/ActivityManager( 426): Delay finish: com.google.android.gms/.wearable.init.InitializeGmsWearableReceiver
I/ActivityManager( 426): Resuming delayed broadcast
I/ActivityManager( 426): Delay finish: com.google.android.gms/.wearable.init.InitializeGmsWearableReceiver
I/ActivityManager( 426): Resuming delayed broadcast
I/ActivityManager( 426): Delay finish: com.google.android.gms/.wearable.init.InitializeGmsWearableReceiver
I/ActivityManager( 426): Resuming delayed broadcast
I/ActivityManager( 426): Delay finish: com.google.android.gms/.wearable.init.InitializeGmsWearableReceiver
I/ActivityManager( 426): Resuming delayed broadcast
I/ActivityManager( 426): Delay finish: com.google.android.gms/.wearable.init.InitializeGmsWearableReceiver
I/ActivityManager( 426): Resuming delayed broadcast
I/ActivityManager( 426): Delay finish: com.google.android.gms/.wearable.init.InitializeGmsWearableReceiver
I/ActivityManager( 426): Resuming delayed broadcast
I/ActivityManager( 426): Delay finish: com.google.android.gms/.wearable.init.InitializeGmsWearableReceiver
I/ActivityManager( 426): Resuming delayed broadcast
I/ActivityManager( 426): Delay finish: com.google.android.gms/.wearable.init.InitializeGmsWearableReceiver
I/ActivityManager( 426): Resuming delayed broadcast
I/ActivityManager( 426): Delay finish: com.google.android.gms/.wearable.init.InitializeGmsWearableReceiver
I/ActivityManager( 426): Resuming delayed broadcast
I/ActivityManager( 426): Delay finish: com.google.android.gms/.wearable.init.InitializeGmsWearableReceiver
I/ActivityManager( 426): Resuming delayed broadcast
I/ActivityManager( 426): Delay finish: com.google.android.gms/.wearable.init.InitializeGmsWearableReceiver
I/ActivityManager( 426): Resuming delayed broadcast
I/ActivityManager( 426): Process com.google.android.gms (pid 19464) has died
I/ActivityManager( 426): Start proc 19550:com.google.android.gms/u0a9 for broadcast com.google.android.gms/.wearable.service.AutoStarterReceiver
W/ResourcesManager(19550): Asset path '/system/framework/com.android.location.provider.jar' does not exist or contains no resources.
I/ActivityManager( 426): Delay finish: com.google.android.gms/.wearable.init.InitializeGmsWearableReceiver
I/ActivityManager( 426): Resuming delayed broadcast
I/ActivityManager( 426): Process com.google.android.gms (pid 19550) has died
I/ActivityManager( 426): Start proc 19575:com.google.android.gms/u0a9 for broadcast com.google.android.gms/.subscribedfeeds.ConfigurationReceiver
W/ResourcesManager(19575): Asset path '/system/framework/com.android.location.provider.jar' does not exist or contains no resources.
I/ActivityManager( 426): Delay finish: com.google.android.gms/.wearable.init.InitializeGmsWearableReceiver
I/ActivityManager( 426): Resuming delayed broadcast
I/ActivityManager( 426): Process com.google.android.gms (pid 19575) has died
I/ActivityManager( 426): Start proc 19598:com.google.android.gms/u0a9 for broadcast com.google.android.gms/.wearable.service.AutoStarterReceiver
W/ResourcesManager(19598): Asset path '/system/framework/com.android.location.provider.jar' does not exist or contains no resources.
I/ActivityManager( 426): Process com.google.android.gms (pid 19598) has died
I/ActivityManager( 426): Delay finish: com.google.android.gms/.gcm.ServiceAutoStarter
I/ActivityManager( 426): Start proc 19624:com.google.android.gms/u0a9 for service com.google.android.gms/.pseudonymous.service.PseudonymousIdService
W/ResourcesManager(19624): Asset path '/system/framework/com.android.location.provider.jar' does not exist or contains no resources.
I/ActivityManager( 426): Process com.google.android.gms (pid 19624) has died
W/ActivityManager( 426): Scheduling restart of crashed service com.google.android.gms/.pseudonymous.service.PseudonymousIdService in 16621ms
I/ActivityManager( 426): Process com.google.process.gapps (pid 19097) has died
W/ActivityManager( 426): Scheduling restart of crashed service com.google.android.gms/.gcm.GcmService in 16000ms
W/ActivityManager( 426): Scheduling restart of crashed service com.google.android.gms/.playlog.uploader.UploaderService in 26000ms
I/ActivityManager( 426): Resuming delayed broadcast
I/ActivityManager( 426): Start proc 19649:com.google.android.gms/u0a9 for broadcast com.google.android.gms/.subscribedfeeds.ConfigurationReceiver
W/ResourcesManager(19649): Asset path '/system/framework/com.android.location.provider.jar' does not exist or contains no resources.
I/ActivityManager( 426): Start proc 19667:com.google.process.gapps/u0a9 for content provider com.google.android.gsf/.gservices.GservicesProvider
W/ResourcesManager(19667): Asset path '/system/framework/com.android.location.provider.jar' does not exist or contains no resources.
I/ActivityManager( 426): Process com.google.android.gms (pid 19649) has died
I/ActivityManager( 426): Start proc 19693:com.google.android.gms/u0a9 for broadcast com.google.android.gms/.common.stats.GmsCoreStatsServiceLauncher
W/ResourcesManager(19693): Asset path '/system/framework/com.android.location.provider.jar' does not exist or contains no resources.
I/ActivityManager( 426): Process com.google.process.gapps (pid 19667) has died
W/ActivityManager( 426): Scheduling restart of crashed service com.google.android.gms/.gcm.GcmService in 64000ms
I/ActivityManager( 426): Delay finish: com.google.android.gms/.wearable.init.InitializeGmsWearableReceiver
I/ActivityManager( 426): Resuming delayed broadcast
I/ActivityManager( 426): Start proc 19715:com.google.process.gapps/u0a9 for broadcast com.google.android.gms/.gcm.ServiceAutoStarter
W/ResourcesManager(19715): Asset path '/system/framework/com.android.location.provider.jar' does not exist or contains no resources.
I/ActivityManager( 426): Process com.google.android.gms (pid 19693) has died
I/ActivityManager( 426): Start proc 19736:com.google.android.gms/u0a9 for broadcast com.google.android.gms/.subscribedfeeds.ConfigurationReceiver
W/ResourcesManager(19736): Asset path '/system/framework/com.android.location.provider.jar' does not exist or contains no resources.
I/ActivityManager( 426): Process com.google.android.gms (pid 19736) has died
I/ActivityManager( 426): Start proc 19761:com.google.android.gms/u0a9 for broadcast com.google.android.gms/.wearable.service.AutoStarterReceiver
W/ResourcesManager(19761): Asset path '/system/framework/com.android.location.provider.jar' does not exist or contains no resources.
I/ActivityManager( 426): Delay finish: com.google.android.gms/.wearable.init.InitializeGmsWearableReceiver
I/ActivityManager( 426): Resuming delayed broadcast
I/ActivityManager( 426): Process com.google.process.gapps (pid 19715) has died
W/ActivityManager( 426): Scheduling restart of crashed service com.google.android.gms/.gcm.GcmService in 256000ms
I/ActivityManager( 426): Start proc 19783:com.google.process.gapps/u0a9 for content provider com.google.android.gsf/.gservices.GservicesProvider
W/ResourcesManager(19783): Asset path '/system/framework/com.android.location.provider.jar' does not exist or contains no resources.
I/ActivityManager( 426): Process com.google.android.gms (pid 19761) has died
I/ActivityManager( 426): Start proc 19808:com.google.android.gms/u0a9 for broadcast com.google.android.gms/.common.stats.GmsCoreStatsServiceLauncher
W/ResourcesManager(19808): Asset path '/system/framework/com.android.location.provider.jar' does not exist or contains no resources.
I/ActivityManager( 426): Start proc 19827:sony.com.stepservice/1000 for service sony.com.stepservice/.StepService
I/ActivityManager( 426): Process com.google.process.gapps (pid 19783) has died
W/ActivityManager( 426): Scheduling restart of crashed service com.google.android.gms/.gcm.GcmService in 1024000ms
I/ActivityManager( 426): Delay finish: com.google.android.gms/.wearable.init.InitializeGmsWearableReceiver
I/ActivityManager( 426): Resuming delayed broadcast
I/ActivityManager( 426): Start proc 19848:com.google.process.gapps/u0a9 for broadcast com.google.android.gms/.gcm.ServiceAutoStarter
I/PowerManagerService( 426): Going to sleep due to screen timeout (uid 1000)...
I/DreamManagerService( 426): Entering dreamland.
I/PowerManagerService( 426): Dozing...
I/DreamController( 426): Starting dream: name=ComponentInfo{com.google.android.wearable.ambient/com.google.android.wearable.ambient.AmbientDream}, isTest=false, canDoze=true, userId=0
E/InputMethodManagerService( 426): Ignoring setImeWindowStatus due to an invalid token. uid:1000 token:null
E/InputMethodManagerService( 426): Ignoring setImeWindowStatus due to an invalid token. uid:1000 token:null
W/ResourcesManager(19848): Asset path '/system/framework/com.android.location.provider.jar' does not exist or contains no resources.
I/ActivityManager( 426): Process com.google.android.gms (pid 19808) has died
V/DreamService[AmbientDream]( 810): onBind() intent = Intent { act=android.service.dreams.DreamService flg=0x800000 cmp=com.google.android.wearable.ambient/.AmbientDream }
I/AmbientService( 810): Ambient Created: launching default
I/ActivityManager( 426): START u0 {act=android.intent.action.MAIN cat=[android.intent.category.HOME] flg=0x34010000 cmp=com.google.android.wearable.app/com.google.android.clockwork.home.HomeActivity} from uid 10013 on display 0
V/DreamService[AmbientDream]( 810): Calling onDreamingStarted()
I/AmbientService( 810): Ambient Starting
W/BatteryStatsImpl( 426): Couldn't get kernel wake lock stats
I/DisplayManagerService( 426): Display device changed state: "Built-in Screen", DOZE_SUSPEND
V/ActivityManager( 426): Display changed displayId=0
I/DisplayManagerService( 426): Display device changed state: "Built-in Screen", DOZE
V/ActivityManager( 426): Display changed displayId=0
I/DisplayManagerService( 426): Display device changed state: "Built-in Screen", DOZE_SUSPEND
V/ActivityManager( 426): Display changed displayId=0
W/ContextImpl(19827): Calling a method in the system process without a qualified user: android.app.ContextImpl.sendBroadcast:1327 android.content.ContextWrapper.sendBroadcast:377 sony.com.stepservice.StepService.broadcastSteps:295 sony.com.stepservice.StepService.onSensorChanged:212 android.hardware.SystemSensorManager$SensorEventQueue.dispatchSensorEvent:405
I/ActivityManager( 426): Start proc 19875:com.google.android.gms/u0a9 for broadcast com.google.android.gms/.subscribedfeeds.ConfigurationReceiver
W/ResourcesManager(19875): Asset path '/system/framework/com.android.location.provider.jar' does not exist or contains no resources.
I/ActivityManager( 426): Delay finish: com.google.android.gms/.wearable.init.InitializeGmsWearableReceiver
I/ActivityManager( 426): Resuming delayed broadcast
I/ActivityManager( 426): Delay finish: com.google.android.gms/.wearable.init.InitializeGmsWearableReceiver
I/ActivityManager( 426): Resuming delayed broadcast
I/ActivityManager( 426): Delay finish: com.google.android.gms/.wearable.init.InitializeGmsWearableReceiver
I/ActivityManager( 426): Resuming delayed broadcast
I/ActivityManager( 426): Delay finish: com.google.android.gms/.wearable.init.InitializeGmsWearableReceiver
I/ActivityManager( 426): Resuming delayed broadcast
I/ActivityManager( 426): Delay finish: com.google.android.gms/.wearable.init.InitializeGmsWearableReceiver
I/ActivityManager( 426): Resuming delayed broadcast
I/ActivityManager( 426): Delay finish: com.google.android.gms/.wearable.init.InitializeGmsWearableReceiver
I/ActivityManager( 426): Resuming delayed broadcast
I/ActivityManager( 426): Delay finish: com.google.android.gms/.wearable.init.InitializeGmsWearableReceiver
I/ActivityManager( 426): Resuming delayed broadcast
I/ActivityManager( 426): Delay finish: com.google.android.gms/.wearable.init.InitializeGmsWearableReceiver
I/ActivityManager( 426): Resuming delayed broadcast
I/ActivityManager( 426): Delay finish: com.google.android.gms/.wearable.init.InitializeGmsWearableReceiver
I/ActivityManager( 426): Resuming delayed broadcast
I/ActivityManager( 426): Delay finish: com.google.android.gms/.wearable.init.InitializeGmsWearableReceiver
I/ActivityManager( 426): Resuming delayed broadcast
I/ActivityManager( 426): Delay finish: com.google.android.gms/.wearable.init.InitializeGmsWearableReceiver
I/ActivityManager( 426): Resuming delayed broadcast
I/ActivityManager( 426): Delay finish: com.google.android.gms/.wearable.init.InitializeGmsWearableReceiver
I/ActivityManager( 426): Resuming delayed broadcast
I/ActivityManager( 426): Delay finish: com.google.android.gms/.wearable.init.InitializeGmsWearableReceiver
I/ActivityManager( 426): Resuming delayed broadcast
I/ActivityManager( 426): Delay finish: com.google.android.gms/.wearable.init.InitializeGmsWearableReceiver
I/ActivityManager( 426): Resuming delayed broadcast
I/ActivityManager( 426): Delay finish: com.google.android.gms/.wearable.init.InitializeGmsWearableReceiver
I/ActivityManager( 426): Resuming delayed broadcast
I/ActivityManager( 426): Delay finish: com.google.android.gms/.wearable.init.InitializeGmsWearableReceiver
I/ActivityManager( 426): Resuming delayed broadcast
I/ActivityManager( 426): Delay finish: com.google.android.gms/.wearable.init.InitializeGmsWearableReceiver
I/ActivityManager( 426): Resuming delayed broadcast
I/PowerManagerService( 426): Waking up from dozing (uid 1000)...
W/BatteryStatsImpl( 426): Couldn't get kernel wake lock stats
E/InputMethodManagerService( 426): Ignoring setImeWindowStatus due to an invalid token. uid:1000 token:null
I/ActivityManager( 426): Delay finish: com.google.android.gms/.wearable.init.InitializeGmsWearableReceiver
I/ActivityManager( 426): Resuming delayed broadcast
I/ActivityManager( 426): Delay finish: com.google.android.gms/.wearable.init.InitializeGmsWearableReceiver
I/ActivityManager( 426): Resuming delayed broadcast
I/DisplayManagerService( 426): Display device changed state: "Built-in Screen", ON
V/ActivityManager( 426): Display changed displayId=0
I/DreamManagerService( 426): Gently waking up from dream.
V/DreamService[AmbientDream]( 810): wakeUp(): fromSystem=true, mWaking=false, mFinished=false
V/DreamService[AmbientDream]( 810): finish(): mFinished=false
I/DreamManagerService( 426): Leaving dreamland.
I/DreamController( 426): Stopping dream: name=ComponentInfo{com.google.android.wearable.ambient/com.google.android.wearable.ambient.AmbientDream}, isTest=false, canDoze=true, userId=0
V/DreamService[AmbientDream]( 810): detach(): Calling onDreamingStopped()
I/AmbientService( 810): Ambient Stopping
I/ActivityManager( 426): Delay finish: com.google.android.gms/.wearable.init.InitializeGmsWearableReceiver
V/DreamService[AmbientDream]( 810): onDestroy()
I/ActivityManager( 426): Resuming delayed broadcast
I/ActivityManager( 426): Delay finish: com.google.android.gms/.wearable.init.InitializeGmsWearableReceiver
I/ActivityManager( 426): Resuming delayed broadcast
I/ActivityManager( 426): Delay finish: com.google.android.gms/.wearable.init.InitializeGmsWearableReceiver
I/ActivityManager( 426): Resuming delayed broadcast
I/ActivityManager( 426): Delay finish: com.google.android.gms/.wearable.init.InitializeGmsWearableReceiver
I/ActivityManager( 426): Resuming delayed broadcast
I/ActivityManager( 426): Delay finish: com.google.android.gms/.wearable.init.InitializeGmsWearableReceiver
I/ActivityManager( 426): Resuming delayed broadcast
I/ActivityManager( 426): Delay finish: com.google.android.gms/.wearable.init.InitializeGmsWearableReceiver
I/ActivityManager( 426): Resuming delayed broadcast
I/ActivityManager( 426): Delay finish: com.google.android.gms/.wearable.init.InitializeGmsWearableReceiver
I/ActivityManager( 426): Resuming delayed broadcast
I/ActivityManager( 426): Delay finish: com.google.android.gms/.wearable.init.InitializeGmsWearableReceiver
I/ActivityManager( 426): Resuming delayed broadcast
I/ActivityManager( 426): Delay finish: com.google.android.gms/.wearable.init.InitializeGmsWearableReceiver
I/ActivityManager( 426): Resuming delayed broadcast
I/ActivityManager( 426): Delay finish: com.google.android.gms/.wearable.init.InitializeGmsWearableReceiver
I/ActivityManager( 426): Resuming delayed broadcast
I/ActivityManager( 426): Delay finish: com.google.android.gms/.wearable.init.InitializeGmsWearableReceiver
I/ActivityManager( 426): Resuming delayed broadcast
I/ActivityManager( 426): Delay finish: com.google.android.gms/.wearable.init.InitializeGmsWearableReceiver
I/ActivityManager( 426): Resuming delayed broadcast
I/ActivityManager( 426): Delay finish: com.google.android.gms/.wearable.init.InitializeGmsWearableReceiver
I/ActivityManager( 426): Resuming delayed broadcast
I/ActivityManager( 426): Delay finish: com.google.android.gms/.wearable.init.InitializeGmsWearableReceiver
I/ActivityManager( 426): Resuming delayed broadcast
I/ActivityManager( 426): Delay finish: com.google.android.gms/.wearable.init.InitializeGmsWearableReceiver
I/ActivityManager( 426): Resuming delayed broadcast
I/ActivityManager( 426): Delay finish: com.google.android.gms/.wearable.init.InitializeGmsWearableReceiver
I/ActivityManager( 426): Resuming delayed broadcast
I/ActivityManager( 426): Delay finish: com.google.android.gms/.wearable.init.InitializeGmsWearableReceiver
I/ActivityManager( 426): Resuming delayed broadcast
I/ActivityManager( 426): Delay finish: com.google.android.gms/.wearable.init.InitializeGmsWearableReceiver
I/ActivityManager( 426): Resuming delayed broadcast
I/ActivityManager( 426): Delay finish: com.google.android.gms/.wearable.init.InitializeGmsWearableReceiver
I/ActivityManager( 426): Resuming delayed broadcast
I/ActivityManager( 426): Delay finish: com.google.android.gms/.wearable.init.InitializeGmsWearableReceiver
I/ActivityManager( 426): Resuming delayed broadcast
I/ActivityManager( 426): Delay finish: com.google.android.gms/.wearable.init.InitializeGmsWearableReceiver
I/ActivityManager( 426): Resuming delayed broadcast
I/ActivityManager( 426): Delay finish: com.google.android.gms/.wearable.init.InitializeGmsWearableReceiver
I/ActivityManager( 426): Resuming delayed broadcast
I/ActivityManager( 426): Delay finish: com.google.android.gms/.wearable.init.InitializeGmsWearableReceiver
I/ActivityManager( 426): Resuming delayed broadcast
I/ActivityManager( 426): Delay finish: com.google.android.gms/.wearable.init.InitializeGmsWearableReceiver
I/ActivityManager( 426): Resuming delayed broadcast
I/ActivityManager( 426): Delay finish: com.google.android.gms/.wearable.init.InitializeGmsWearableReceiver
I/ActivityManager( 426): Resuming delayed broadcast
I/ActivityManager( 426): Delay finish: com.google.android.gms/.wearable.init.InitializeGmsWearableReceiver
I/ActivityManager( 426): Resuming delayed broadcast
I/ActivityManager( 426): Delay finish: com.google.android.gms/.wearable.init.InitializeGmsWearableReceiver
I/ActivityManager( 426): Resuming delayed broadcast
I/ActivityManager( 426): Delay finish: com.google.android.gms/.wearable.init.InitializeGmsWearableReceiver
I/ActivityManager( 426): Resuming delayed broadcast
I/ActivityManager( 426): Delay finish: com.google.android.gms/.wearable.init.InitializeGmsWearableReceiver
I/ActivityManager( 426): Resuming delayed broadcast
I/ActivityManager( 426): Delay finish: com.google.android.gms/.wearable.init.InitializeGmsWearableReceiver
I/ActivityManager( 426): Resuming delayed broadcast
I/ActivityManager( 426): Delay finish: com.google.android.gms/.wearable.init.InitializeGmsWearableReceiver
I/ActivityManager( 426): Resuming delayed broadcast
I/ActivityManager( 426): Delay finish: com.google.android.gms/.wearable.init.InitializeGmsWearableReceiver
I/ActivityManager( 426): Resuming delayed broadcast
I/ActivityManager( 426): Delay finish: com.google.android.gms/.wearable.init.InitializeGmsWearableReceiver
I/ActivityManager( 426): Resuming delayed broadcast
I/ActivityManager( 426): Delay finish: com.google.android.gms/.wearable.init.InitializeGmsWearableReceiver
I/ActivityManager( 426): Resuming delayed broadcast
I/ActivityManager( 426): Delay finish: com.google.android.gms/.wearable.init.InitializeGmsWearableReceiver
I/ActivityManager( 426): Resuming delayed broadcast
I/ActivityManager( 426): Delay finish: com.google.android.gms/.wearable.init.InitializeGmsWearableReceiver
I/ActivityManager( 426): Resuming delayed broadcast
I/ActivityManager( 426): Delay finish: com.google.android.gms/.wearable.init.InitializeGmsWearableReceiver
I/ActivityManager( 426): Resuming delayed broadcast
I/ActivityManager( 426): Delay finish: com.google.android.gms/.wearable.init.InitializeGmsWearableReceiver
I/ActivityManager( 426): Resuming delayed broadcast
I/ActivityManager( 426): Delay finish: com.google.android.gms/.wearable.init.InitializeGmsWearableReceiver
I/ActivityManager( 426): Resuming delayed broadcast
I/ActivityManager( 426): Delay finish: com.google.android.gms/.wearable.init.InitializeGmsWearableReceiver
I/ActivityManager( 426): Resuming delayed broadcast
I/ActivityManager( 426): Delay finish: com.google.android.gms/.wearable.init.InitializeGmsWearableReceiver
I/ActivityManager( 426): Resuming delayed broadcast
I/ActivityManager( 426): Delay finish: com.google.android.gms/.wearable.init.InitializeGmsWearableReceiver
I/ActivityManager( 426): Resuming delayed broadcast
I/ActivityManager( 426): Delay finish: com.google.android.gms/.wearable.init.InitializeGmsWearableReceiver
I/ActivityManager( 426): Resuming delayed broadcast
I/ActivityManager( 426): Delay finish: com.google.android.gms/.wearable.init.InitializeGmsWearableReceiver
I/ActivityManager( 426): Resuming delayed broadcast
I/ActivityManager( 426): Delay finish: com.google.android.gms/.wearable.init.InitializeGmsWearableReceiver
I/ActivityManager( 426): Resuming delayed broadcast
I/ActivityManager( 426): Delay finish: com.google.android.gms/.wearable.init.InitializeGmsWearableReceiver
I/ActivityManager( 426): Resuming delayed broadcast
I/ActivityManager( 426): Delay finish: com.google.android.gms/.wearable.init.InitializeGmsWearableReceiver
I/ActivityManager( 426): Resuming delayed broadcast
I/ActivityManager( 426): Delay finish: com.google.android.gms/.wearable.init.InitializeGmsWearableReceiver
I/ActivityManager( 426): Resuming delayed broadcast
I/ActivityManager( 426): Delay finish: com.google.android.gms/.wearable.init.InitializeGmsWearableReceiver
I/ActivityManager( 426): Resuming delayed broadcast
I/ActivityManager( 426): Delay finish: com.google.android.gms/.wearable.init.InitializeGmsWearableReceiver
I/ActivityManager( 426): Resuming delayed broadcast
I/ActivityManager( 426): Delay finish: com.google.android.gms/.wearable.init.InitializeGmsWearableReceiver
I/ActivityManager( 426): Resuming delayed broadcast
I/ActivityManager( 426): Delay finish: com.google.android.gms/.wearable.init.InitializeGmsWearableReceiver
I/ActivityManager( 426): Resuming delayed broadcast
I/ActivityManager( 426): Delay finish: com.google.android.gms/.wearable.init.InitializeGmsWearableReceiver
I/ActivityManager( 426): Resuming delayed broadcast
I/ActivityManager( 426): Delay finish: com.google.android.gms/.wearable.init.InitializeGmsWearableReceiver
I/ActivityManager( 426): Resuming delayed broadcast
I/ActivityManager( 426): Delay finish: com.google.android.gms/.wearable.init.InitializeGmsWearableReceiver
I/ActivityManager( 426): Resuming delayed broadcast
I/ActivityManager( 426): Delay finish: com.google.android.gms/.wearable.init.InitializeGmsWearableReceiver
I/ActivityManager( 426): Resuming delayed broadcast
I/ActivityManager( 426): Delay finish: com.google.android.gms/.wearable.init.InitializeGmsWearableReceiver
I/ActivityManager( 426): Resuming delayed broadcast
I/ActivityManager( 426): Delay finish: com.google.android.gms/.wearable.init.InitializeGmsWearableReceiver
I/ActivityManager( 426): Resuming delayed broadcast
I/ActivityManager( 426): Delay finish: com.google.android.gms/.wearable.init.InitializeGmsWearableReceiver
I/ActivityManager( 426): Resuming delayed broadcast
I/ActivityManager( 426): Delay finish: com.google.android.gms/.wearable.init.InitializeGmsWearableReceiver
I/ActivityManager( 426): Resuming delayed broadcast
