I/ActivityManager( 426): Delay finish: com.google.android.gms/.wearable.init.InitializeGmsWearableReceiver
I/ActivityManager( 426): Resuming delayed broadcast
D/GCM (21674): GcmService start Intent { act=com.google.android.gms.INITIALIZE flg=0x10 pkg=com.google.android.gms cmp=com.google.android.gms/.gcm.GcmService } com.google.android.gms.INITIALIZE
D/AuthorizationBluetoothService(21674): Received GmsCore event: Intent { act=com.google.android.gms.INITIALIZE flg=0x10 pkg=com.google.android.gms cmp=com.google.android.gms/.auth.be.proximity.authorization.bt.AuthorizationBluetoothService$AutoStarter }.
V/GmsCoreStatsServiceLauncher(21696): Received broadcast intent Intent { act=com.google.android.gms.INITIALIZE flg=0x10 pkg=com.google.android.gms cmp=com.google.android.gms/.common.stats.GmsCoreStatsServiceLauncher }
D/Eid-InitializeEidServerReceiver( 755): EID server is disabled.
I/ActivityManager( 426): Delay finish: com.google.android.gms/.wearable.init.InitializeGmsWearableReceiver
I/ActivityManager( 426): Resuming delayed broadcast
D/GCM (21674): GcmService start Intent { act=com.google.android.gms.INITIALIZE flg=0x10 pkg=com.google.android.gms cmp=com.google.android.gms/.gcm.GcmService } com.google.android.gms.INITIALIZE
D/AuthorizationBluetoothService(21674): Received GmsCore event: Intent { act=com.google.android.gms.INITIALIZE flg=0x10 pkg=com.google.android.gms cmp=com.google.android.gms/.auth.be.proximity.authorization.bt.AuthorizationBluetoothService$AutoStarter }.
V/GmsCoreStatsServiceLauncher(21696): Received broadcast intent Intent { act=com.google.android.gms.INITIALIZE flg=0x10 pkg=com.google.android.gms cmp=com.google.android.gms/.common.stats.GmsCoreStatsServiceLauncher }
D/Eid-InitializeEidServerReceiver( 755): EID server is disabled.
I/ActivityManager( 426): Delay finish: com.google.android.gms/.wearable.init.InitializeGmsWearableReceiver
I/ActivityManager( 426): Resuming delayed broadcast
D/GCM (21674): GcmService start Intent { act=com.google.android.gms.INITIALIZE flg=0x10 pkg=com.google.android.gms cmp=com.google.android.gms/.gcm.GcmService } com.google.android.gms.INITIALIZE
D/AuthorizationBluetoothService(21674): Received GmsCore event: Intent { act=com.google.android.gms.INITIALIZE flg=0x10 pkg=com.google.android.gms cmp=com.google.android.gms/.auth.be.proximity.authorization.bt.AuthorizationBluetoothService$AutoStarter }.
V/GmsCoreStatsServiceLauncher(21696): Received broadcast intent Intent { act=com.google.android.gms.INITIALIZE flg=0x10 pkg=com.google.android.gms cmp=com.google.android.gms/.common.stats.GmsCoreStatsServiceLauncher }
D/Eid-InitializeEidServerReceiver( 755): EID server is disabled.
I/ActivityManager( 426): Delay finish: com.google.android.gms/.wearable.init.InitializeGmsWearableReceiver
I/ActivityManager( 426): Resuming delayed broadcast
D/GCM (21674): GcmService start Intent { act=com.google.android.gms.INITIALIZE flg=0x10 pkg=com.google.android.gms cmp=com.google.android.gms/.gcm.GcmService } com.google.android.gms.INITIALIZE
D/AuthorizationBluetoothService(21674): Received GmsCore event: Intent { act=com.google.android.gms.INITIALIZE flg=0x10 pkg=com.google.android.gms cmp=com.google.android.gms/.auth.be.proximity.authorization.bt.AuthorizationBluetoothService$AutoStarter }.
V/GmsCoreStatsServiceLauncher(21696): Received broadcast intent Intent { act=com.google.android.gms.INITIALIZE flg=0x10 pkg=com.google.android.gms cmp=com.google.android.gms/.common.stats.GmsCoreStatsServiceLauncher }
D/Eid-InitializeEidServerReceiver( 755): EID server is disabled.
I/ActivityManager( 426): Delay finish: com.google.android.gms/.wearable.init.InitializeGmsWearableReceiver
I/ActivityManager( 426): Resuming delayed broadcast
D/GCM (21674): GcmService start Intent { act=com.google.android.gms.INITIALIZE flg=0x10 pkg=com.google.android.gms cmp=com.google.android.gms/.gcm.GcmService } com.google.android.gms.INITIALIZE
D/AuthorizationBluetoothService(21674): Received GmsCore event: Intent { act=com.google.android.gms.INITIALIZE flg=0x10 pkg=com.google.android.gms cmp=com.google.android.gms/.auth.be.proximity.authorization.bt.AuthorizationBluetoothService$AutoStarter }.
V/GmsCoreStatsServiceLauncher(21696): Received broadcast intent Intent { act=com.google.android.gms.INITIALIZE flg=0x10 pkg=com.google.android.gms cmp=com.google.android.gms/.common.stats.GmsCoreStatsServiceLauncher }
D/Eid-InitializeEidServerReceiver( 755): EID server is disabled.
I/ActivityManager( 426): Delay finish: com.google.android.gms/.wearable.init.InitializeGmsWearableReceiver
I/ActivityManager( 426): Resuming delayed broadcast
D/GCM (21674): GcmService start Intent { act=com.google.android.gms.INITIALIZE flg=0x10 pkg=com.google.android.gms cmp=com.google.android.gms/.gcm.GcmService } com.google.android.gms.INITIALIZE
D/AuthorizationBluetoothService(21674): Received GmsCore event: Intent { act=com.google.android.gms.INITIALIZE flg=0x10 pkg=com.google.android.gms cmp=com.google.android.gms/.auth.be.proximity.authorization.bt.AuthorizationBluetoothService$AutoStarter }.
V/GmsCoreStatsServiceLauncher(21696): Received broadcast intent Intent { act=com.google.android.gms.INITIALIZE flg=0x10 pkg=com.google.android.gms cmp=com.google.android.gms/.common.stats.GmsCoreStatsServiceLauncher }
D/Eid-InitializeEidServerReceiver( 755): EID server is disabled.
I/ActivityManager( 426): Delay finish: com.google.android.gms/.wearable.init.InitializeGmsWearableReceiver
I/ActivityManager( 426): Resuming delayed broadcast
D/GCM (21674): GcmService start Intent { act=com.google.android.gms.INITIALIZE flg=0x10 pkg=com.google.android.gms cmp=com.google.android.gms/.gcm.GcmService } com.google.android.gms.INITIALIZE
D/AuthorizationBluetoothService(21674): Received GmsCore event: Intent { act=com.google.android.gms.INITIALIZE flg=0x10 pkg=com.google.android.gms cmp=com.google.android.gms/.auth.be.proximity.authorization.bt.AuthorizationBluetoothService$AutoStarter }.
V/GmsCoreStatsServiceLauncher(21696): Received broadcast intent Intent { act=com.google.android.gms.INITIALIZE flg=0x10 pkg=com.google.android.gms cmp=com.google.android.gms/.common.stats.GmsCoreStatsServiceLauncher }
D/Eid-InitializeEidServerReceiver( 755): EID server is disabled.
I/ActivityManager( 426): Delay finish: com.google.android.gms/.wearable.init.InitializeGmsWearableReceiver
I/ActivityManager( 426): Resuming delayed broadcast
D/GCM (21674): GcmService start Intent { act=com.google.android.gms.INITIALIZE flg=0x10 pkg=com.google.android.gms cmp=com.google.android.gms/.gcm.GcmService } com.google.android.gms.INITIALIZE
D/AuthorizationBluetoothService(21674): Received GmsCore event: Intent { act=com.google.android.gms.INITIALIZE flg=0x10 pkg=com.google.android.gms cmp=com.google.android.gms/.auth.be.proximity.authorization.bt.AuthorizationBluetoothService$AutoStarter }.
V/GmsCoreStatsServiceLauncher(21696): Received broadcast intent Intent { act=com.google.android.gms.INITIALIZE flg=0x10 pkg=com.google.android.gms cmp=com.google.android.gms/.common.stats.GmsCoreStatsServiceLauncher }
D/Eid-InitializeEidServerReceiver( 755): EID server is disabled.
I/ActivityManager( 426): Delay finish: com.google.android.gms/.wearable.init.InitializeGmsWearableReceiver
I/ActivityManager( 426): Resuming delayed broadcast
D/GCM (21674): GcmService start Intent { act=com.google.android.gms.INITIALIZE flg=0x10 pkg=com.google.android.gms cmp=com.google.android.gms/.gcm.GcmService } com.google.android.gms.INITIALIZE
D/AuthorizationBluetoothService(21674): Received GmsCore event: Intent { act=com.google.android.gms.INITIALIZE flg=0x10 pkg=com.google.android.gms cmp=com.google.android.gms/.auth.be.proximity.authorization.bt.AuthorizationBluetoothService$AutoStarter }.
V/GmsCoreStatsServiceLauncher(21696): Received broadcast intent Intent { act=com.google.android.gms.INITIALIZE flg=0x10 pkg=com.google.android.gms cmp=com.google.android.gms/.common.stats.GmsCoreStatsServiceLauncher }
D/Eid-InitializeEidServerReceiver( 755): EID server is disabled.
I/ActivityManager( 426): Delay finish: com.google.android.gms/.wearable.init.InitializeGmsWearableReceiver
I/ActivityManager( 426): Resuming delayed broadcast
D/GCM (21674): GcmService start Intent { act=com.google.android.gms.INITIALIZE flg=0x10 pkg=com.google.android.gms cmp=com.google.android.gms/.gcm.GcmService } com.google.android.gms.INITIALIZE
D/AuthorizationBluetoothService(21674): Received GmsCore event: Intent { act=com.google.android.gms.INITIALIZE flg=0x10 pkg=com.google.android.gms cmp=com.google.android.gms/.auth.be.proximity.authorization.bt.AuthorizationBluetoothService$AutoStarter }.
V/GmsCoreStatsServiceLauncher(21696): Received broadcast intent Intent { act=com.google.android.gms.INITIALIZE flg=0x10 pkg=com.google.android.gms cmp=com.google.android.gms/.common.stats.GmsCoreStatsServiceLauncher }
D/Eid-InitializeEidServerReceiver( 755): EID server is disabled.
I/ActivityManager( 426): Delay finish: com.google.android.gms/.wearable.init.InitializeGmsWearableReceiver
I/ActivityManager( 426): Resuming delayed broadcast
D/GCM (21674): GcmService start Intent { act=com.google.android.gms.INITIALIZE flg=0x10 pkg=com.google.android.gms cmp=com.google.android.gms/.gcm.GcmService } com.google.android.gms.INITIALIZE
D/AuthorizationBluetoothService(21674): Received GmsCore event: Intent { act=com.google.android.gms.INITIALIZE flg=0x10 pkg=com.google.android.gms cmp=com.google.android.gms/.auth.be.proximity.authorization.bt.AuthorizationBluetoothService$AutoStarter }.
V/GmsCoreStatsServiceLauncher(21696): Received broadcast intent Intent { act=com.google.android.gms.INITIALIZE flg=0x10 pkg=com.google.android.gms cmp=com.google.android.gms/.common.stats.GmsCoreStatsServiceLauncher }
I/ActivityManager( 426): START u0 {act=android.intent.action.MAIN flg=0x10200000 cmp=wearablesoftware.wearsysteminfo/.MainActivity} from uid 10002 on display 0
D/Eid-InitializeEidServerReceiver( 755): EID server is disabled.
I/ActivityManager( 426): Delay finish: com.google.android.gms/.wearable.init.InitializeGmsWearableReceiver
I/ActivityManager( 426): Resuming delayed broadcast
D/GCM (21674): GcmService start Intent { act=com.google.android.gms.INITIALIZE flg=0x10 pkg=com.google.android.gms cmp=com.google.android.gms/.gcm.GcmService } com.google.android.gms.INITIALIZE
D/AmbientService( 810): onPaused: AmbientActivity[component=ComponentInfo{com.google.android.wearable.app/com.google.android.clockwork.home.HomeActivity}, callbacks=@3d0914e1, running=true, ambient=false] Binder_3 66
D/AuthorizationBluetoothService(21674): Received GmsCore event: Intent { act=com.google.android.gms.INITIALIZE flg=0x10 pkg=com.google.android.gms cmp=com.google.android.gms/.auth.be.proximity.authorization.bt.AuthorizationBluetoothService$AutoStarter }.
V/GmsCoreStatsServiceLauncher(21696): Received broadcast intent Intent { act=com.google.android.gms.INITIALIZE flg=0x10 pkg=com.google.android.gms cmp=com.google.android.gms/.common.stats.GmsCoreStatsServiceLauncher }
D/Eid-InitializeEidServerReceiver( 755): EID server is disabled.
I/ActivityManager( 426): Delay finish: com.google.android.gms/.wearable.init.InitializeGmsWearableReceiver
I/OpenGLRenderer(17914): Initialized EGL, version 1.4
I/ActivityManager( 426): Resuming delayed broadcast
D/GCM (21674): GcmService start Intent { act=com.google.android.gms.INITIALIZE flg=0x10 pkg=com.google.android.gms cmp=com.google.android.gms/.gcm.GcmService } com.google.android.gms.INITIALIZE
D/AuthorizationBluetoothService(21674): Received GmsCore event: Intent { act=com.google.android.gms.INITIALIZE flg=0x10 pkg=com.google.android.gms cmp=com.google.android.gms/.auth.be.proximity.authorization.bt.AuthorizationBluetoothService$AutoStarter }.
V/GmsCoreStatsServiceLauncher(21696): Received broadcast intent Intent { act=com.google.android.gms.INITIALIZE flg=0x10 pkg=com.google.android.gms cmp=com.google.android.gms/.common.stats.GmsCoreStatsServiceLauncher }
D/Eid-InitializeEidServerReceiver( 755): EID server is disabled.
I/ActivityManager( 426): Delay finish: com.google.android.gms/.wearable.init.InitializeGmsWearableReceiver
I/ActivityManager( 426): Resuming delayed broadcast
D/GCM (21674): GcmService start Intent { act=com.google.android.gms.INITIALIZE flg=0x10 pkg=com.google.android.gms cmp=com.google.android.gms/.gcm.GcmService } com.google.android.gms.INITIALIZE
D/AuthorizationBluetoothService(21674): Received GmsCore event: Intent { act=com.google.android.gms.INITIALIZE flg=0x10 pkg=com.google.android.gms cmp=com.google.android.gms/.auth.be.proximity.authorization.bt.AuthorizationBluetoothService$AutoStarter }.
E/lowmemorykiller( 143): Error writing /proc/21696/oom_score_adj; errno=22
D/audio_in( 157): ENTERING in_standby() for device -2147483644
V/alsa_hal_controller( 157): ENTERING set_app_profile()
V/alsa_hal_controller( 157): ENTERING enable_app_profile 7
E/alsa_control( 157): Control not initialized
V/alsa_hal_controller( 157): LEAVING set_app_profile() status = 1 profile 7 enable 0
D/audio_in( 157): LEAVING in_standby() for device -2147483644
V/audio_hw( 157): ENTERING adev_close_input_stream()
D/audio_in( 157): ENTERING in_standby() for device -2147483644
D/audio_in( 157): LEAVING in_standby() for device -2147483644
V/audio_hw( 157): HPF FILTER CLOSED
V/audio_hw( 157): LEAVING adev_close_input_stream()
I/ActivityManager( 426): Process com.google.android.gms (pid 21696) has died
I/art ( 426): Explicit concurrent mark sweep GC freed 32581(1963KB) AllocSpace objects, 0(0B) LOS objects, 5% free, 31MB/33MB, paused 4.791ms total 398.345ms
I/ActivityManager( 426): Start proc 23334:com.google.android.gms/u0a9 for broadcast com.google.android.gms/.wearable.service.AutoStarterReceiver I/DASH - em718x( 426): read_internal: type 19 at 66310582141356
I/ActivityManager( 426): Process sony.com.stepservice (pid 22531) has died
W/ActivityManager( 426): Scheduling restart of crashed service sony.com.stepservice/.StepService in 256000ms
I/ActivityManager( 426): Process com.google.process.gapps (pid 21674) has died
W/ActivityManager( 426): Scheduling restart of crashed service com.google.android.gms/.gcm.GcmService in 16384000ms
W/ResourcesManager(23334): Asset path '/system/framework/com.android.location.provider.jar' does not exist or contains no resources.
I/MultiDex(23334): VM with version 2.1.0 has multidex support
I/MultiDex(23334): install
I/MultiDex(23334): VM has multidex support, MultiDex support library is disabled.
I/ActivityManager( 426): Start proc 23352:com.google.process.gapps/u0a9 for content provider com.google.android.gsf/.gservices.GservicesProvider
I/GservicesProvider(23352): Gservices pushing to system: true; secure/global: true
I/GoogleHttpClient(23352): GMS http client unavailable, use old client
V/JNIHelp (23334): Registering com/google/android/gms/org/conscrypt/NativeCrypto's 227 native methods...
W/ResourcesManager(23352): Asset path '/system/framework/com.android.location.provider.jar' does not exist or contains no resources.
I/MultiDex(23352): VM with version 2.1.0 has multidex support
I/MultiDex(23352): install
I/MultiDex(23352): VM has multidex support, MultiDex support library is disabled.
V/JNIHelp (23352): Registering com/google/android/gms/org/conscrypt/NativeCrypto's 227 native methods...
I/ProviderInstaller(23334): Installed default security provider GmsCore_OpenSSL
I/ProviderInstaller(23352): Installed default security provider GmsCore_OpenSSL
D/Eid-InitializeEidServerReceiver( 755): EID server is disabled.
D/GCM (23352): COMPAT: Multi user not supported
E/lowmemorykiller( 143): Error writing /proc/23334/oom_score_adj; errno=22
W/art (23352): Suspending all threads took: 23.651ms
I/ActivityManager( 426): Process com.google.android.gms (pid 23334) has died
W/NativeLibraryUtils(23352): Install did not work
W/NativeLibraryUtils(23352): java.io.IOException: fcntl failed: EAGAIN (Try again)
W/NativeLibraryUtils(23352): at java.nio.FileChannelImpl.basicLock(FileChannelImpl.java:123)
W/NativeLibraryUtils(23352): at java.nio.FileChannelImpl.tryLock(FileChannelImpl.java:181)
W/NativeLibraryUtils(23352): at java.nio.channels.FileChannel.tryLock(FileChannel.java:584)
W/NativeLibraryUtils(23352): at com.google.android.gms.common.util.am.a(SourceFile:314)
W/NativeLibraryUtils(23352): at com.google.android.gms.common.app.a.run(SourceFile:136)
W/NativeLibraryUtils(23352): Caused by: android.system.ErrnoException: fcntl failed: EAGAIN (Try again)
W/NativeLibraryUtils(23352): at libcore.io.Posix.fcntlFlock(Native Method)
W/NativeLibraryUtils(23352): at libcore.io.ForwardingOs.fcntlFlock(ForwardingOs.java:70)
W/NativeLibraryUtils(23352): at java.nio.FileChannelImpl.basicLock(FileChannelImpl.java:121)
W/NativeLibraryUtils(23352): ... 4 more
D/GCM (23352): GcmService start null null
D/GCM (23352): GcmService start Intent { act=com.google.android.gms.INITIALIZE flg=0x10 pkg=com.google.android.gms cmp=com.google.android.gms/.gcm.GcmService } com.google.android.gms.INITIALIZE
I/ActivityManager( 426): Start proc 23380:com.google.android.gms/u0a9 for broadcast com.google.android.gms/.subscribedfeeds.ConfigurationReceiver
W/ResourcesManager(23380): Asset path '/system/framework/com.android.location.provider.jar' does not exist or contains no resources.
I/MultiDex(23380): VM with version 2.1.0 has multidex support
I/MultiDex(23380): install
I/MultiDex(23380): VM has multidex support, MultiDex support library is disabled.
V/JNIHelp (23380): Registering com/google/android/gms/org/conscrypt/NativeCrypto's 227 native methods...
I/ProviderInstaller(23380): Installed default security provider GmsCore_OpenSSL
D/AuthorizationBluetoothService(23352): Received GmsCore event: Intent { act=com.google.android.gms.INITIALIZE flg=0x10 pkg=com.google.android.gms cmp=com.google.android.gms/.auth.be.proximity.authorization.bt.AuthorizationBluetoothService$AutoStarter }.
D/a (23352): Opening database auth.proximity.permit_store...
E/lowmemorykiller( 143): Error writing /proc/23380/oom_score_adj; errno=22
E/JavaBinder( 426): !!! FAILED BINDER TRANSACTION !!!
W/BroadcastQueue( 426): Exception when sending broadcast to ComponentInfo{com.google.android.gms/com.google.android.gms.common.stats.GmsCoreStatsServiceLauncher}
W/BroadcastQueue( 426): android.os.TransactionTooLargeException
W/BroadcastQueue( 426): at android.os.BinderProxy.transactNative(Native Method)
W/BroadcastQueue( 426): at android.os.BinderProxy.transact(Binder.java:496)
W/BroadcastQueue( 426): at android.app.ApplicationThreadProxy.scheduleReceiver(ApplicationThreadNative.java:861)
W/BroadcastQueue( 426): at com.android.server.am.BroadcastQueue.processCurBroadcastLocked(BroadcastQueue.java:245)
W/BroadcastQueue( 426): at com.android.server.am.BroadcastQueue.processNextBroadcast(BroadcastQueue.java:898)
W/BroadcastQueue( 426): at com.android.server.am.ActivityManagerService.finishReceiver(ActivityManagerService.java:16451)
W/BroadcastQueue( 426): at android.app.ActivityManagerNative.onTransact(ActivityManagerNative.java:469)
W/BroadcastQueue( 426): at com.android.server.am.ActivityManagerService.onTransact(ActivityManagerService.java:2212)
W/BroadcastQueue( 426): at android.os.Binder.execTransact(Binder.java:446)
I/ActivityManager( 426): Start proc 23400:com.google.android.gms/u0a9 for broadcast com.google.android.gms/.common.stats.GmsCoreStatsServiceLauncher
W/ActivityManager( 426): Spurious death for ProcessRecord{baa4431 23400:com.google.android.gms/u0a9}, curProc for 23380: null
W/ResourcesManager(23400): Asset path '/system/framework/com.android.location.provider.jar' does not exist or contains no resources.
I/MultiDex(23400): VM with version 2.1.0 has multidex support
I/MultiDex(23400): install
I/MultiDex(23400): VM has multidex support, MultiDex support library is disabled.
V/JNIHelp (23400): Registering com/google/android/gms/org/conscrypt/NativeCrypto's 227 native methods...
I/ProviderInstaller(23400): Installed default security provider GmsCore_OpenSSL
V/GmsCoreStatsServiceLauncher(23400): Received broadcast intent Intent { act=com.google.android.gms.INITIALIZE flg=0x10 pkg=com.google.android.gms cmp=com.google.android.gms/.common.stats.GmsCoreStatsServiceLauncher }
I/ActivityManager( 426): Process com.google.android.gms (pid 23400) has died
D/Eid-InitializeEidServerReceiver( 755): EID server is disabled.
I/ActivityManager( 426): Start proc 23419:com.google.android.gms/u0a9 for broadcast com.google.android.gms/.wearable.init.InitializeGmsWearableReceiver
I/art ( 162): Explicit concurrent mark sweep GC freed 707(30KB) AllocSpace objects, 0(0B) LOS objects, 25% free, 5MB/7MB, paused 1.281ms total 32.562ms
I/art ( 162): Explicit concurrent mark sweep GC freed 7(240B) AllocSpace objects, 0(0B) LOS objects, 24% free, 5MB/7MB, paused 396us total 20.202ms
I/art ( 162): Explicit concurrent mark sweep GC freed 5(160B) AllocSpace objects, 0(0B) LOS objects, 24% free, 5MB/7MB, paused 427us total 20.172ms
W/ResourcesManager(23419): Asset path '/system/framework/com.android.location.provider.jar' does not exist or contains no resources.
I/MultiDex(23419): VM with version 2.1.0 has multidex support
I/MultiDex(23419): install
I/MultiDex(23419): VM has multidex support, MultiDex support library is disabled.
V/JNIHelp (23419): Registering com/google/android/gms/org/conscrypt/NativeCrypto's 227 native methods...
I/ProviderInstaller(23419): Installed default security provider GmsCore_OpenSSL
I/ActivityManager( 426): Delay finish: com.google.android.gms/.wearable.init.InitializeGmsWearableReceiver
I/ActivityManager( 426): Resuming delayed broadcast
E/lowmemorykiller( 143): Error writing /proc/23352/oom_score_adj; errno=22
E/JavaBinder( 426): !!! FAILED BINDER TRANSACTION !!!
W/BroadcastQueue( 426): Exception when sending broadcast to ComponentInfo{com.google.android.gms/com.google.android.gms.gcm.ServiceAutoStarter}
W/BroadcastQueue( 426): android.os.TransactionTooLargeException
W/BroadcastQueue( 426): at android.os.BinderProxy.transactNative(Native Method)
W/BroadcastQueue( 426): at android.os.BinderProxy.transact(Binder.java:496)
W/BroadcastQueue( 426): at android.app.ApplicationThreadProxy.scheduleReceiver(ApplicationThreadNative.java:861)
W/BroadcastQueue( 426): at com.android.server.am.BroadcastQueue.processCurBroadcastLocked(BroadcastQueue.java:245)
W/BroadcastQueue( 426): at com.android.server.am.BroadcastQueue.processNextBroadcast(BroadcastQueue.java:898)
W/BroadcastQueue( 426): at com.android.server.am.BroadcastQueue.backgroundServicesFinishedLocked(BroadcastQueue.java:418)
W/BroadcastQueue( 426): at com.android.server.am.ActivityManagerService.backgroundServicesFinishedLocked(ActivityManagerService.java:16424)
W/BroadcastQueue( 426): at com.android.server.am.ActiveServices$ServiceMap.rescheduleDelayedStarts(ActiveServices.java:257)
W/BroadcastQueue( 426): at com.android.server.am.ActiveServices$ServiceMap.ensureNotStartingBackground(ActiveServices.java:210)
W/BroadcastQueue( 426): at com.android.server.am.ActiveServices.bringDownServiceLocked(ActiveServices.java:1732)
W/BroadcastQueue( 426): at com.android.server.am.ActiveServices.bringDownServiceIfNeededLocked(ActiveServices.java:1608)
W/BroadcastQueue( 426): at com.android.server.am.ActiveServices.stopServiceTokenLocked(ActiveServices.java:568)
W/BroadcastQueue( 426): at com.android.server.am.ActivityManagerService.stopServiceToken(ActivityManagerService.java:15169)
W/BroadcastQueue( 426): at android.app.ActivityManagerNative.onTransact(ActivityManagerNative.java:925)
W/BroadcastQueue( 426): at com.android.server.am.ActivityManagerService.onTransact(ActivityManagerService.java:2212)
W/BroadcastQueue( 426): at android.os.Binder.execTransact(Binder.java:446)
W/ActivityManager( 426): Scheduling restart of crashed service com.google.android.gms/.gcm.GcmService in 65536000ms
I/ActivityManager( 426): Start proc 23441:com.google.process.gapps/u0a9 for broadcast com.google.android.gms/.gcm.ServiceAutoStarter
W/ActivityManager( 426): Spurious death for ProcessRecord{3c675a84 23441:com.google.process.gapps/u0a9}, curProc for 23352: null
I/GservicesProvider(23441): Gservices pushing to system: true; secure/global: true
I/GoogleHttpClient(23441): GMS http client unavailable, use old client
W/ResourcesManager(23441): Asset path '/system/framework/com.android.location.provider.jar' does not exist or contains no resources.
I/MultiDex(23441): VM with version 2.1.0 has multidex support
I/MultiDex(23441): install
I/MultiDex(23441): VM has multidex support, MultiDex support library is disabled.
V/JNIHelp (23441): Registering com/google/android/gms/org/conscrypt/NativeCrypto's 227 native methods...
I/ActivityManager( 426): Process com.google.android.gms (pid 23419) has died
I/ProviderInstaller(23441): Installed default security provider GmsCore_OpenSSL
D/GCM (23441): COMPAT: Multi user not supported
I/ActivityManager( 426): Start proc 23462:com.google.android.gms/u0a9 for broadcast com.google.android.gms/.subscribedfeeds.ConfigurationReceiver
W/art (23441): Suspending all threads took: 21.453ms
W/ResourcesManager(23462): Asset path '/system/framework/com.android.location.provider.jar' does not exist or contains no resources.
I/MultiDex(23462): VM with version 2.1.0 has multidex support
I/MultiDex(23462): install
I/MultiDex(23462): VM has multidex support, MultiDex support library is disabled.
V/JNIHelp (23462): Registering com/google/android/gms/org/conscrypt/NativeCrypto's 227 native methods...
I/ProviderInstaller(23462): Installed default security provider GmsCore_OpenSSL
D/GCM (23441): GcmService start null null
D/GCM (23441): GcmService start Intent { act=com.google.android.gms.INITIALIZE flg=0x10 pkg=com.google.android.gms cmp=com.google.android.gms/.gcm.GcmService } com.google.android.gms.INITIALIZE
D/AuthorizationBluetoothService(23441): Received GmsCore event: Intent { act=com.google.android.gms.INITIALIZE flg=0x10 pkg=com.google.android.gms cmp=com.google.android.gms/.auth.be.proximity.authorization.bt.AuthorizationBluetoothService$AutoStarter }.
I/ActivityManager( 426): Process com.google.android.gms (pid 23462) has died
D/a (23441): Opening database auth.proximity.permit_store...
I/ActivityManager( 426): Start proc 23487:com.google.android.gms/u0a9 for broadcast com.google.android.gms/.common.stats.GmsCoreStatsServiceLauncher
W/ResourcesManager(23487): Asset path '/system/framework/com.android.location.provider.jar' does not exist or contains no resources.
I/MultiDex(23487): VM with version 2.1.0 has multidex support
I/MultiDex(23487): install
I/MultiDex(23487): VM has multidex support, MultiDex support library is disabled.
V/JNIHelp (23487): Registering com/google/android/gms/org/conscrypt/NativeCrypto's 227 native methods...
I/ProviderInstaller(23487): Installed default security provider GmsCore_OpenSSL
V/GmsCoreStatsServiceLauncher(23487): Received broadcast intent Intent { act=com.google.android.gms.INITIALIZE flg=0x10 pkg=com.google.android.gms cmp=com.google.android.gms/.common.stats.GmsCoreStatsServiceLauncher }
W/art (23487): Suspending all threads took: 5.615ms
D/Eid-InitializeEidServerReceiver( 755): EID server is disabled.
I/ActivityManager( 426): Delay finish: com.google.android.gms/.wearable.init.InitializeGmsWearableReceiver
I/ActivityManager( 426): Resuming delayed broadcast
E/lowmemorykiller( 143): Error writing /proc/23441/oom_score_adj; errno=22
E/JavaBinder( 426): !!! FAILED BINDER TRANSACTION !!!
W/BroadcastQueue( 426): Exception when sending broadcast to ComponentInfo{com.google.android.gms/com.google.android.gms.gcm.ServiceAutoStarter}
W/BroadcastQueue( 426): android.os.TransactionTooLargeException
W/BroadcastQueue( 426): at android.os.BinderProxy.transactNative(Native Method)
W/BroadcastQueue( 426): at android.os.BinderProxy.transact(Binder.java:496)
W/BroadcastQueue( 426): at android.app.ApplicationThreadProxy.scheduleReceiver(ApplicationThreadNative.java:861)
W/BroadcastQueue( 426): at com.android.server.am.BroadcastQueue.processCurBroadcastLocked(BroadcastQueue.java:245)
W/BroadcastQueue( 426): at com.android.server.am.BroadcastQueue.processNextBroadcast(BroadcastQueue.java:898)
W/BroadcastQueue( 426): at com.android.server.am.BroadcastQueue.backgroundServicesFinishedLocked(BroadcastQueue.java:418)
W/BroadcastQueue( 426): at com.android.server.am.ActivityManagerService.backgroundServicesFinishedLocked(ActivityManagerService.java:16424)
W/BroadcastQueue( 426): at com.android.server.am.ActiveServices$ServiceMap.rescheduleDelayedStarts(ActiveServices.java:257)
W/BroadcastQueue( 426): at com.android.server.am.ActiveServices$ServiceMap.ensureNotStartingBackground(ActiveServices.java:210)
W/BroadcastQueue( 426): at com.android.server.am.ActiveServices.bringDownServiceLocked(ActiveServices.java:1732)
W/BroadcastQueue( 426): at com.android.server.am.ActiveServices.bringDownServiceIfNeededLocked(ActiveServices.java:1608)
W/BroadcastQueue( 426): at com.android.server.am.ActiveServices.stopServiceTokenLocked(ActiveServices.java:568)
W/BroadcastQueue( 426): at com.android.server.am.ActivityManagerService.stopServiceToken(ActivityManagerService.java:15169)
W/BroadcastQueue( 426): at android.app.ActivityManagerNative.onTransact(ActivityManagerNative.java:925)
W/BroadcastQueue( 426): at com.android.server.am.ActivityManagerService.onTransact(ActivityManagerService.java:2212)
W/BroadcastQueue( 426): at android.os.Binder.execTransact(Binder.java:446)
W/ActivityManager( 426): Scheduling restart of crashed service com.google.android.gms/.gcm.GcmService in 262144000ms
I/ActivityManager( 426): Start proc 23509:com.google.process.gapps/u0a9 for broadcast com.google.android.gms/.gcm.ServiceAutoStarter
W/ActivityManager( 426): Spurious death for ProcessRecord{3c675a84 23509:com.google.process.gapps/u0a9}, curProc for 23441: null
I/GservicesProvider(23509): Gservices pushing to system: true; secure/global: true
I/GoogleHttpClient(23509): GMS http client unavailable, use old client
W/ResourcesManager(23509): Asset path '/system/framework/com.android.location.provider.jar' does not exist or contains no resources.
I/MultiDex(23509): VM with version 2.1.0 has multidex support
I/MultiDex(23509): install
I/MultiDex(23509): VM has multidex support, MultiDex support library is disabled.
V/JNIHelp (23509): Registering com/google/android/gms/org/conscrypt/NativeCrypto's 227 native methods...
I/ActivityManager( 426): Process com.google.android.gms (pid 23487) has died
I/ProviderInstaller(23509): Installed default security provider GmsCore_OpenSSL
D/GCM (23509): COMPAT: Multi user not supported
I/ActivityManager( 426): Start proc 23530:com.google.android.gms/u0a9 for broadcast com.google.android.gms/.subscribedfeeds.ConfigurationReceiver
W/ResourcesManager(23530): Asset path '/system/framework/com.android.location.provider.jar' does not exist or contains no resources.
I/MultiDex(23530): VM with version 2.1.0 has multidex support
I/MultiDex(23530): install
I/MultiDex(23530): VM has multidex support, MultiDex support library is disabled.
V/JNIHelp (23530): Registering com/google/android/gms/org/conscrypt/NativeCrypto's 227 native methods...
I/ProviderInstaller(23530): Installed default security provider GmsCore_OpenSSL
D/GCM (23509): GcmService start null null
D/GCM (23509): GcmService start Intent { act=com.google.android.gms.INITIALIZE flg=0x10 pkg=com.google.android.gms cmp=com.google.android.gms/.gcm.GcmService } com.google.android.gms.INITIALIZE
D/AuthorizationBluetoothService(23509): Received GmsCore event: Intent { act=com.google.android.gms.INITIALIZE flg=0x10 pkg=com.google.android.gms cmp=com.google.android.gms/.auth.be.proximity.authorization.bt.AuthorizationBluetoothService$AutoStarter }.
I/ActivityManager( 426): Process com.google.android.gms (pid 23530) has died
D/a (23509): Opening database auth.proximity.permit_store...
I/ActivityManager( 426): Start proc 23555:com.google.android.gms/u0a9 for broadcast com.google.android.gms/.common.stats.GmsCoreStatsServiceLauncher
W/ResourcesManager(23555): Asset path '/system/framework/com.android.location.provider.jar' does not exist or contains no resources.
I/MultiDex(23555): VM with version 2.1.0 has multidex support
I/MultiDex(23555): install
I/MultiDex(23555): VM has multidex support, MultiDex support library is disabled.
E/lowmemorykiller( 143): Error writing /proc/23509/oom_score_adj; errno=22
I/ActivityManager( 426): Process com.google.process.gapps (pid 23509) has died
W/ActivityManager( 426): Scheduling restart of crashed service com.google.android.gms/.gcm.GcmService in 1048576000ms
I/ActivityThread(23555): Removing dead content provider:android.content.ContentProviderProxy@2bd06e48
I/ActivityManager( 426): Start proc 23573:com.google.process.gapps/u0a9 for content provider com.google.android.gsf/.gservices.GservicesProvider
I/GservicesProvider(23573): Gservices pushing to system: true; secure/global: true
I/GoogleHttpClient(23573): GMS http client unavailable, use old client
V/JNIHelp (23555): Registering com/google/android/gms/org/conscrypt/NativeCrypto's 227 native methods...
W/ResourcesManager(23573): Asset path '/system/framework/com.android.location.provider.jar' does not exist or contains no resources.
I/MultiDex(23573): VM with version 2.1.0 has multidex support
I/MultiDex(23573): install
I/MultiDex(23573): VM has multidex support, MultiDex support library is disabled.
I/ProviderInstaller(23555): Installed default security provider GmsCore_OpenSSL
V/JNIHelp (23573): Registering com/google/android/gms/org/conscrypt/NativeCrypto's 227 native methods...
V/GmsCoreStatsServiceLauncher(23555): Received broadcast intent Intent { act=com.google.android.gms.INITIALIZE flg=0x10 pkg=com.google.android.gms cmp=com.google.android.gms/.common.stats.GmsCoreStatsServiceLauncher }
D/Eid-InitializeEidServerReceiver( 755): EID server is disabled.
I/ActivityManager( 426): Delay finish: com.google.android.gms/.wearable.init.InitializeGmsWearableReceiver
W/art (23555): Suspending all threads took: 20.050ms
I/ProviderInstaller(23573): Installed default security provider GmsCore_OpenSSL
W/NativeLibraryUtils(23573): Install did not work
W/NativeLibraryUtils(23573): java.io.IOException: fcntl failed: EAGAIN (Try again)
W/NativeLibraryUtils(23573): at java.nio.FileChannelImpl.basicLock(FileChannelImpl.java:123)
W/NativeLibraryUtils(23573): at java.nio.FileChannelImpl.tryLock(FileChannelImpl.java:181)
W/NativeLibraryUtils(23573): at java.nio.channels.FileChannel.tryLock(FileChannel.java:584)
W/NativeLibraryUtils(23573): at com.google.android.gms.common.util.am.a(SourceFile:314)
W/NativeLibraryUtils(23573): at com.google.android.gms.common.app.a.run(SourceFile:136)
W/NativeLibraryUtils(23573): Caused by: android.system.ErrnoException: fcntl failed: EAGAIN (Try again)
W/NativeLibraryUtils(23573): at libcore.io.Posix.fcntlFlock(Native Method)
W/NativeLibraryUtils(23573): at libcore.io.ForwardingOs.fcntlFlock(ForwardingOs.java:70)
W/NativeLibraryUtils(23573): at java.nio.FileChannelImpl.basicLock(FileChannelImpl.java:121)
W/NativeLibraryUtils(23573): ... 4 more
D/GCM (23573): COMPAT: Multi user not supported
I/ActivityManager( 426): Process com.google.android.gms (pid 23555) has died
W/ActivityManager( 426): Scheduling restart of crashed service com.google.android.gms/.wearable.init.InitializeWearableIntentService in 1000ms
I/ActivityManager( 426): Resuming delayed broadcast
D/GCM (23573): GcmService start null null
D/GCM (23573): GcmService start Intent { act=com.google.android.gms.INITIALIZE flg=0x10 pkg=com.google.android.gms cmp=com.google.android.gms/.gcm.GcmService } com.google.android.gms.INITIALIZE
I/ActivityManager( 426): Start proc 23602:com.google.android.gms/u0a9 for broadcast com.google.android.gms/.subscribedfeeds.ConfigurationReceiver
W/ResourcesManager(23602): Asset path '/system/framework/com.android.location.provider.jar' does not exist or contains no resources.
I/MultiDex(23602): VM with version 2.1.0 has multidex support
I/MultiDex(23602): install
I/MultiDex(23602): VM has multidex support, MultiDex support library is disabled.
V/JNIHelp (23602): Registering com/google/android/gms/org/conscrypt/NativeCrypto's 227 native methods...
I/ProviderInstaller(23602): Installed default security provider GmsCore_OpenSSL
D/AuthorizationBluetoothService(23573): Received GmsCore event: Intent { act=com.google.android.gms.INITIALIZE flg=0x10 pkg=com.google.android.gms cmp=com.google.android.gms/.auth.be.proximity.authorization.bt.AuthorizationBluetoothService$AutoStarter }.
D/a (23573): Opening database auth.proximity.permit_store...
E/lowmemorykiller( 143): Error writing /proc/23602/oom_score_adj; errno=22
E/JavaBinder( 426): !!! FAILED BINDER TRANSACTION !!!
W/BroadcastQueue( 426): Exception when sending broadcast to ComponentInfo{com.google.android.gms/com.google.android.gms.common.stats.GmsCoreStatsServiceLauncher}
W/BroadcastQueue( 426): android.os.TransactionTooLargeException
W/BroadcastQueue( 426): at android.os.BinderProxy.transactNative(Native Method)
W/BroadcastQueue( 426): at android.os.BinderProxy.transact(Binder.java:496)
W/BroadcastQueue( 426): at android.app.ApplicationThreadProxy.scheduleReceiver(ApplicationThreadNative.java:861)
W/BroadcastQueue( 426): at com.android.server.am.BroadcastQueue.processCurBroadcastLocked(BroadcastQueue.java:245)
W/BroadcastQueue( 426): at com.android.server.am.BroadcastQueue.processNextBroadcast(BroadcastQueue.java:898)
W/BroadcastQueue( 426): at com.android.server.am.ActivityManagerService.finishReceiver(ActivityManagerService.java:16451)
W/BroadcastQueue( 426): at android.app.ActivityManagerNative.onTransact(ActivityManagerNative.java:469)
W/BroadcastQueue( 426): at com.android.server.am.ActivityManagerService.onTransact(ActivityManagerService.java:2212)
W/BroadcastQueue( 426): at android.os.Binder.execTransact(Binder.java:446)
I/ActivityManager( 426): Start proc 23622:com.google.android.gms/u0a9 for broadcast com.google.android.gms/.common.stats.GmsCoreStatsServiceLauncher
W/ActivityManager( 426): Spurious death for ProcessRecord{2069d9d6 23622:com.google.android.gms/u0a9}, curProc for 23602: null
W/ResourcesManager(23622): Asset path '/system/framework/com.android.location.provider.jar' does not exist or contains no resources.
I/MultiDex(23622): VM with version 2.1.0 has multidex support
I/MultiDex(23622): install
I/MultiDex(23622): VM has multidex support, MultiDex support library is disabled.
V/JNIHelp (23622): Registering com/google/android/gms/org/conscrypt/NativeCrypto's 227 native methods...
I/ProviderInstaller(23622): Installed default security provider GmsCore_OpenSSL
V/GmsCoreStatsServiceLauncher(23622): Received broadcast intent Intent { act=com.google.android.gms.INITIALIZE flg=0x10 pkg=com.google.android.gms cmp=com.google.android.gms/.common.stats.GmsCoreStatsServiceLauncher }
D/Eid-InitializeEidServerReceiver( 755): EID server is disabled.
I/ActivityManager( 426): Process com.google.process.gapps (pid 23573) has died
W/ActivityManager( 426): Scheduling restart of crashed service com.google.android.gms/.gcm.GcmService in 4194304000ms
I/ActivityManager( 426): Delay finish: com.google.android.gms/.wearable.init.InitializeGmsWearableReceiver
I/ActivityManager( 426): Resuming delayed broadcast
I/ActivityManager( 426): Start proc 23644:com.google.process.gapps/u0a9 for broadcast com.google.android.gms/.gcm.ServiceAutoStarter
I/art ( 426): Explicit concurrent mark sweep GC freed 16450(1188KB) AllocSpace objects, 1(16KB) LOS objects, 6% free, 31MB/33MB, paused 5.065ms total 299.560ms
W/ResourcesManager(23644): Asset path '/system/framework/com.android.location.provider.jar' does not exist or contains no resources.
I/MultiDex(23644): VM with version 2.1.0 has multidex support
I/MultiDex(23644): install
I/MultiDex(23644): VM has multidex support, MultiDex support library is disabled.
I/GservicesProvider(23644): Gservices pushing to system: true; secure/global: true
I/ActivityManager( 426): Process com.google.android.gms (pid 23622) has died
I/GoogleHttpClient(23644): GMS http client unavailable, use old client
V/JNIHelp (23644): Registering com/google/android/gms/org/conscrypt/NativeCrypto's 227 native methods...
I/ProviderInstaller(23644): Installed default security provider GmsCore_OpenSSL
D/GCM (23644): COMPAT: Multi user not supported
I/ActivityManager( 426): Start proc 23665:com.google.android.gms/u0a9 for broadcast com.google.android.gms/.subscribedfeeds.ConfigurationReceiver
I/art ( 162): Explicit concurrent mark sweep GC freed 706(30KB) AllocSpace objects, 0(0B) LOS objects, 24% free, 5MB/7MB, paused 335us total 23.376ms
I/art ( 162): Explicit concurrent mark sweep GC freed 8(256B) AllocSpace objects, 0(0B) LOS objects, 24% free, 5MB/7MB, paused 335us total 23.681ms
I/art ( 162): Explicit concurrent mark sweep GC freed 5(160B) AllocSpace objects, 0(0B) LOS objects, 24% free, 5MB/7MB, paused 366us total 19.165ms
W/ResourcesManager(23665): Asset path '/system/framework/com.android.location.provider.jar' does not exist or contains no resources.
I/MultiDex(23665): VM with version 2.1.0 has multidex support
I/MultiDex(23665): install
I/MultiDex(23665): VM has multidex support, MultiDex support library is disabled.
V/JNIHelp (23665): Registering com/google/android/gms/org/conscrypt/NativeCrypto's 227 native methods...
D/GCM (23644): GcmService start null null
D/GCM (23644): GcmService start Intent { act=com.google.android.gms.INITIALIZE flg=0x10 pkg=com.google.android.gms cmp=com.google.android.gms/.gcm.GcmService } com.google.android.gms.INITIALIZE
I/ProviderInstaller(23665): Installed default security provider GmsCore_OpenSSL
D/AuthorizationBluetoothService(23644): Received GmsCore event: Intent { act=com.google.android.gms.INITIALIZE flg=0x10 pkg=com.google.android.gms cmp=com.google.android.gms/.auth.be.proximity.authorization.bt.AuthorizationBluetoothService$AutoStarter }.
D/a (23644): Opening database auth.proximity.permit_store...
E/lowmemorykiller( 143): Error writing /proc/23665/oom_score_adj; errno=22
E/JavaBinder( 426): !!! FAILED BINDER TRANSACTION !!!
W/BroadcastQueue( 426): Exception when sending broadcast to ComponentInfo{com.google.android.gms/com.google.android.gms.common.stats.GmsCoreStatsServiceLauncher}
W/BroadcastQueue( 426): android.os.TransactionTooLargeException
W/BroadcastQueue( 426): at android.os.BinderProxy.transactNative(Native Method)
W/BroadcastQueue( 426): at android.os.BinderProxy.transact(Binder.java:496)
W/BroadcastQueue( 426): at android.app.ApplicationThreadProxy.scheduleReceiver(ApplicationThreadNative.java:861)
W/BroadcastQueue( 426): at com.android.server.am.BroadcastQueue.processCurBroadcastLocked(BroadcastQueue.java:245)
W/BroadcastQueue( 426): at com.android.server.am.BroadcastQueue.processNextBroadcast(BroadcastQueue.java:898)
W/BroadcastQueue( 426): at com.android.server.am.ActivityManagerService.finishReceiver(ActivityManagerService.java:16451)
W/BroadcastQueue( 426): at android.app.ActivityManagerNative.onTransact(ActivityManagerNative.java:469)
W/BroadcastQueue( 426): at com.android.server.am.ActivityManagerService.onTransact(ActivityManagerService.java:2212)
W/BroadcastQueue( 426): at android.os.Binder.execTransact(Binder.java:446)
I/ActivityManager( 426): Start proc 23691:com.google.android.gms/u0a9 for broadcast com.google.android.gms/.common.stats.GmsCoreStatsServiceLauncher
W/ActivityManager( 426): Spurious death for ProcessRecord{2d0c6ce0 23691:com.google.android.gms/u0a9}, curProc for 23665: null
W/ResourcesManager(23691): Asset path '/system/framework/com.android.location.provider.jar' does not exist or contains no resources.
I/MultiDex(23691): VM with version 2.1.0 has multidex support
I/MultiDex(23691): install
I/MultiDex(23691): VM has multidex support, MultiDex support library is disabled.
E/lowmemorykiller( 143): Error writing /proc/23644/oom_score_adj; errno=22
I/ActivityManager( 426): Process com.google.process.gapps (pid 23644) has died
W/ActivityManager( 426): Scheduling restart of crashed service com.google.android.gms/.gcm.GcmService in 16777216000ms
I/ActivityThread(23691): Removing dead content provider:android.content.ContentProviderProxy@2bd06e48
I/ActivityManager( 426): Start proc 23709:com.google.process.gapps/u0a9 for content provider com.google.android.gsf/.gservices.GservicesProvider
I/GservicesProvider(23709): Gservices pushing to system: true; secure/global: true
I/GoogleHttpClient(23709): GMS http client unavailable, use old client
V/JNIHelp (23691): Registering com/google/android/gms/org/conscrypt/NativeCrypto's 227 native methods...
W/ResourcesManager(23709): Asset path '/system/framework/com.android.location.provider.jar' does not exist or contains no resources.
I/MultiDex(23709): VM with version 2.1.0 has multidex support
I/MultiDex(23709): install
I/MultiDex(23709): VM has multidex support, MultiDex support library is disabled.
I/ProviderInstaller(23691): Installed default security provider GmsCore_OpenSSL
V/JNIHelp (23709): Registering com/google/android/gms/org/conscrypt/NativeCrypto's 227 native methods...
V/GmsCoreStatsServiceLauncher(23691): Received broadcast intent Intent { act=com.google.android.gms.INITIALIZE flg=0x10 pkg=com.google.android.gms cmp=com.google.android.gms/.common.stats.GmsCoreStatsServiceLauncher }
D/Eid-InitializeEidServerReceiver( 755): EID server is disabled.
I/ProviderInstaller(23709): Installed default security provider GmsCore_OpenSSL
I/ActivityManager( 426): Process com.google.android.gms (pid 23691) has died
D/GCM (23709): COMPAT: Multi user not supported
D/GCM (23709): GcmService start null null
D/GCM (23709): GcmService start Intent { act=com.google.android.gms.INITIALIZE flg=0x10 pkg=com.google.android.gms cmp=com.google.android.gms/.gcm.GcmService } com.google.android.gms.INITIALIZE
I/ActivityManager( 426): Start proc 23737:com.google.android.gms/u0a9 for broadcast com.google.android.gms/.subscribedfeeds.ConfigurationReceiver
W/ResourcesManager(23737): Asset path '/system/framework/com.android.location.provider.jar' does not exist or contains no resources.
I/MultiDex(23737): VM with version 2.1.0 has multidex support
I/MultiDex(23737): install
I/MultiDex(23737): VM has multidex support, MultiDex support library is disabled.
E/lowmemorykiller( 143): Error writing /proc/23709/oom_score_adj; errno=22
E/JavaBinder(23737): !!! FAILED BINDER TRANSACTION !!!
I/ActivityManager( 426): Process com.google.process.gapps (pid 23709) has died
W/ActivityManager( 426): Scheduling restart of crashed service com.google.android.gms/.gcm.GcmService in 67108864000ms
V/JNIHelp (23737): Registering com/google/android/gms/org/conscrypt/NativeCrypto's 227 native methods...
I/ProviderInstaller(23737): Installed default security provider GmsCore_OpenSSL
I/ActivityThread(23737): Removing dead content provider:android.content.ContentProviderProxy@2f0fe5ee
I/ActivityManager( 426): Start proc 23755:com.google.process.gapps/u0a9 for content provider com.google.android.gsf/.gservices.GservicesProvider
I/GservicesProvider(23755): Gservices pushing to system: true; secure/global: true
I/GoogleHttpClient(23755): GMS http client unavailable, use old client
W/ResourcesManager(23755): Asset path '/system/framework/com.android.location.provider.jar' does not exist or contains no resources.
I/MultiDex(23755): VM with version 2.1.0 has multidex support
I/MultiDex(23755): install
I/MultiDex(23755): VM has multidex support, MultiDex support library is disabled.
V/JNIHelp (23755): Registering com/google/android/gms/org/conscrypt/NativeCrypto's 227 native methods...
I/ActivityManager( 426): Process com.google.android.gms (pid 23737) has died
I/ProviderInstaller(23755): Installed default security provider GmsCore_OpenSSL
D/GCM (23755): COMPAT: Multi user not supported
D/GCM (23755): GcmService start null null
D/AuthorizationBluetoothService(23755): Received GmsCore event: Intent { act=com.google.android.gms.INITIALIZE flg=0x10 pkg=com.google.android.gms cmp=com.google.android.gms/.auth.be.proximity.authorization.bt.AuthorizationBluetoothService$AutoStarter }.
D/a (23755): Opening database auth.proximity.permit_store...
I/ActivityManager( 426): Start proc 23781:com.google.android.gms/u0a9 for broadcast com.google.android.gms/.common.stats.GmsCoreStatsServiceLauncher
W/ResourcesManager(23781): Asset path '/system/framework/com.android.location.provider.jar' does not exist or contains no resources.
I/MultiDex(23781): VM with version 2.1.0 has multidex support
I/MultiDex(23781): install
I/MultiDex(23781): VM has multidex support, MultiDex support library is disabled.
V/JNIHelp (23781): Registering com/google/android/gms/org/conscrypt/NativeCrypto's 227 native methods...
I/ProviderInstaller(23781): Installed default security provider GmsCore_OpenSSL
V/GmsCoreStatsServiceLauncher(23781): Received broadcast intent Intent { act=com.google.android.gms.INITIALIZE flg=0x10 pkg=com.google.android.gms cmp=com.google.android.gms/.common.stats.GmsCoreStatsServiceLauncher }
D/Eid-InitializeEidServerReceiver( 755): EID server is disabled.
I/ActivityManager( 426): Delay finish: com.google.android.gms/.wearable.init.InitializeGmsWearableReceiver
I/ActivityManager( 426): Process com.google.process.gapps (pid 23755) has died
W/ActivityManager( 426): Scheduling restart of crashed service com.google.android.gms/.gcm.GcmService in 268435456000ms
I/ActivityManager( 426): Resuming delayed broadcast
I/ActivityManager( 426): Start proc 23803:com.google.process.gapps/u0a9 for broadcast com.google.android.gms/.gcm.ServiceAutoStarter
W/ResourcesManager(23803): Asset path '/system/framework/com.android.location.provider.jar' does not exist or contains no resources.
I/MultiDex(23803): VM with version 2.1.0 has multidex support
I/MultiDex(23803): install
I/MultiDex(23803): VM has multidex support, MultiDex support library is disabled.
I/GservicesProvider(23803): Gservices pushing to system: true; secure/global: true
I/GoogleHttpClient(23803): GMS http client unavailable, use old client
