I/ActivityManager( 426): Resuming delayed broadcast
I/ActivityManager( 426): Delay finish: com.google.android.gms/.wearable.init.InitializeGmsWearableReceiver
I/ActivityManager( 426): Resuming delayed broadcast
I/ActivityManager( 426): Delay finish: com.google.android.gms/.wearable.init.InitializeGmsWearableReceiver
I/ActivityManager( 426): Resuming delayed broadcast
I/ActivityManager( 426): Delay finish: com.google.android.gms/.wearable.init.InitializeGmsWearableReceiver
I/ActivityManager( 426): Resuming delayed broadcast
I/ActivityManager( 426): Delay finish: com.google.android.gms/.wearable.init.InitializeGmsWearableReceiver
I/ActivityManager( 426): Resuming delayed broadcast
I/ActivityManager( 426): Delay finish: com.google.android.gms/.wearable.init.InitializeGmsWearableReceiver
I/ActivityManager( 426): Resuming delayed broadcast
I/ActivityManager( 426): Delay finish: com.google.android.gms/.wearable.init.InitializeGmsWearableReceiver
I/ActivityManager( 426): Resuming delayed broadcast
I/ActivityManager( 426): Delay finish: com.google.android.gms/.wearable.init.InitializeGmsWearableReceiver
I/ActivityManager( 426): Resuming delayed broadcast
I/ActivityManager( 426): Delay finish: com.google.android.gms/.wearable.init.InitializeGmsWearableReceiver
I/ActivityManager( 426): Resuming delayed broadcast
I/ActivityManager( 426): Delay finish: com.google.android.gms/.wearable.init.InitializeGmsWearableReceiver
I/ActivityManager( 426): Resuming delayed broadcast
I/ActivityManager( 426): Delay finish: com.google.android.gms/.wearable.init.InitializeGmsWearableReceiver
I/ActivityManager( 426): Resuming delayed broadcast
I/ActivityManager( 426): Delay finish: com.google.android.gms/.wearable.init.InitializeGmsWearableReceiver
I/ActivityManager( 426): Resuming delayed broadcast
I/ActivityManager( 426): Delay finish: com.google.android.gms/.wearable.init.InitializeGmsWearableReceiver
I/ActivityManager( 426): Resuming delayed broadcast
I/ActivityManager( 426): Delay finish: com.google.android.gms/.wearable.init.InitializeGmsWearableReceiver
I/ActivityManager( 426): Resuming delayed broadcast
I/ActivityManager( 426): Delay finish: com.google.android.gms/.wearable.init.InitializeGmsWearableReceiver
I/ActivityManager( 426): Resuming delayed broadcast
I/ActivityManager( 426): Delay finish: com.google.android.gms/.wearable.init.InitializeGmsWearableReceiver
I/ActivityManager( 426): Resuming delayed broadcast
I/ActivityManager( 426): Delay finish: com.google.android.gms/.wearable.init.InitializeGmsWearableReceiver
I/ActivityManager( 426): Resuming delayed broadcast
I/ActivityManager( 426): Delay finish: com.google.android.gms/.wearable.init.InitializeGmsWearableReceiver
I/ActivityManager( 426): Resuming delayed broadcast
I/ActivityManager( 426): Delay finish: com.google.android.gms/.wearable.init.InitializeGmsWearableReceiver
I/ActivityManager( 426): Resuming delayed broadcast
I/ActivityManager( 426): Delay finish: com.google.android.gms/.wearable.init.InitializeGmsWearableReceiver
I/ActivityManager( 426): Resuming delayed broadcast
I/ActivityManager( 426): Delay finish: com.google.android.gms/.wearable.init.InitializeGmsWearableReceiver
I/ActivityManager( 426): Resuming delayed broadcast
I/ActivityManager( 426): Delay finish: com.google.android.gms/.wearable.init.InitializeGmsWearableReceiver
I/ActivityManager( 426): Resuming delayed broadcast
I/ActivityManager( 426): Delay finish: com.google.android.gms/.wearable.init.InitializeGmsWearableReceiver
I/ActivityManager( 426): Resuming delayed broadcast
I/ActivityManager( 426): Delay finish: com.google.android.gms/.wearable.init.InitializeGmsWearableReceiver
I/ActivityManager( 426): Resuming delayed broadcast
I/ActivityManager( 426): Delay finish: com.google.android.gms/.wearable.init.InitializeGmsWearableReceiver
I/ActivityManager( 426): Resuming delayed broadcast
I/ActivityManager( 426): Delay finish: com.google.android.gms/.wearable.init.InitializeGmsWearableReceiver
I/ActivityManager( 426): Resuming delayed broadcast
I/ActivityManager( 426): Delay finish: com.google.android.gms/.wearable.init.InitializeGmsWearableReceiver
I/ActivityManager( 426): Resuming delayed broadcast
I/ActivityManager( 426): Delay finish: com.google.android.gms/.wearable.init.InitializeGmsWearableReceiver
I/ActivityManager( 426): Resuming delayed broadcast
I/ActivityManager( 426): Delay finish: com.google.android.gms/.wearable.init.InitializeGmsWearableReceiver
I/ActivityManager( 426): Resuming delayed broadcast
I/ActivityManager( 426): Delay finish: com.google.android.gms/.wearable.init.InitializeGmsWearableReceiver
I/ActivityManager( 426): Resuming delayed broadcast
I/ActivityManager( 426): Delay finish: com.google.android.gms/.wearable.init.InitializeGmsWearableReceiver
I/ActivityManager( 426): Resuming delayed broadcast
I/ActivityManager( 426): Delay finish: com.google.android.gms/.wearable.init.InitializeGmsWearableReceiver
I/ActivityManager( 426): Resuming delayed broadcast
I/ActivityManager( 426): Delay finish: com.google.android.gms/.wearable.init.InitializeGmsWearableReceiver
I/ActivityManager( 426): Resuming delayed broadcast
W/BatteryStatsImpl( 426): Couldn't get kernel wake lock stats
W/BatteryStatsImpl( 426): Couldn't get kernel wake lock stats
W/BatteryStatsImpl( 426): Couldn't get kernel wake lock stats
I/ActivityManager( 426): Delay finish: com.google.android.gms/.wearable.init.InitializeGmsWearableReceiver
I/ActivityManager( 426): Resuming delayed broadcast
I/ActivityManager( 426): Delay finish: com.google.android.gms/.wearable.init.InitializeGmsWearableReceiver
I/ActivityManager( 426): Resuming delayed broadcast
I/PowerManagerService( 426): Waking up from dozing (uid 1000)...
I/ActivityManager( 426): Delay finish: com.google.android.gms/.wearable.init.InitializeGmsWearableReceiver
I/EntropyMixer( 426): Writing entropy...
I/ActivityManager( 426): Resuming delayed broadcast
E/InputMethodManagerService( 426): Ignoring setImeWindowStatus due to an invalid token. uid:1000 token:null
I/ActivityManager( 426): Delay finish: com.google.android.gms/.wearable.init.InitializeGmsWearableReceiver
I/ActivityManager( 426): Resuming delayed broadcast
I/DisplayManagerService( 426): Display device changed state: "Built-in Screen", ON
V/ActivityManager( 426): Display changed displayId=0
I/DreamManagerService( 426): Gently waking up from dream.
V/DreamService[AmbientDream]( 810): wakeUp(): fromSystem=true, mWaking=false, mFinished=false
V/DreamService[AmbientDream]( 810): finish(): mFinished=false
I/DreamManagerService( 426): Leaving dreamland.
I/DreamController( 426): Stopping dream: name=ComponentInfo{com.google.android.wearable.ambient/com.google.android.wearable.ambient.AmbientDream}, isTest=false, canDoze=true, userId=0
V/DreamService[AmbientDream]( 810): detach(): Calling onDreamingStopped()
I/AmbientService( 810): Ambient Stopping
I/ActivityManager( 426): Delay finish: com.google.android.gms/.wearable.init.InitializeGmsWearableReceiver
I/ActivityManager( 426): Resuming delayed broadcast
V/DreamService[AmbientDream]( 810): onDestroy()
I/ActivityManager( 426): Delay finish: com.google.android.gms/.wearable.init.InitializeGmsWearableReceiver
I/ActivityManager( 426): Resuming delayed broadcast
W/AmbientService( 810): Updating while not ambient. Ignoring.
I/ActivityManager( 426): Delay finish: com.google.android.gms/.wearable.init.InitializeGmsWearableReceiver
I/ActivityManager( 426): Resuming delayed broadcast
I/ActivityManager( 426): Delay finish: com.google.android.gms/.wearable.init.InitializeGmsWearableReceiver
I/ActivityManager( 426): Resuming delayed broadcast
I/ActivityManager( 426): Delay finish: com.google.android.gms/.wearable.init.InitializeGmsWearableReceiver
I/ActivityManager( 426): Resuming delayed broadcast
I/ActivityManager( 426): Delay finish: com.google.android.gms/.wearable.init.InitializeGmsWearableReceiver
I/ActivityManager( 426): Resuming delayed broadcast
I/ActivityManager( 426): Delay finish: com.google.android.gms/.wearable.init.InitializeGmsWearableReceiver
I/ActivityManager( 426): Resuming delayed broadcast
I/ActivityManager( 426): Delay finish: com.google.android.gms/.wearable.init.InitializeGmsWearableReceiver
I/ActivityManager( 426): Resuming delayed broadcast
I/ActivityManager( 426): Delay finish: com.google.android.gms/.wearable.init.InitializeGmsWearableReceiver
I/ActivityManager( 426): Resuming delayed broadcast
I/ActivityManager( 426): Delay finish: com.google.android.gms/.wearable.init.InitializeGmsWearableReceiver
I/ActivityManager( 426): Resuming delayed broadcast
I/ActivityManager( 426): Delay finish: com.google.android.gms/.wearable.init.InitializeGmsWearableReceiver
I/ActivityManager( 426): Resuming delayed broadcast
I/ActivityManager( 426): Delay finish: com.google.android.gms/.wearable.init.InitializeGmsWearableReceiver
I/ActivityManager( 426): Resuming delayed broadcast
I/ActivityManager( 426): Delay finish: com.google.android.gms/.wearable.init.InitializeGmsWearableReceiver
I/ActivityManager( 426): Resuming delayed broadcast
I/ActivityManager( 426): Delay finish: com.google.android.gms/.wearable.init.InitializeGmsWearableReceiver
I/ActivityManager( 426): Resuming delayed broadcast
I/ActivityManager( 426): Delay finish: com.google.android.gms/.wearable.init.InitializeGmsWearableReceiver
I/ActivityManager( 426): Resuming delayed broadcast
I/ActivityManager( 426): Delay finish: com.google.android.gms/.wearable.init.InitializeGmsWearableReceiver
I/ActivityManager( 426): Resuming delayed broadcast
I/ActivityManager( 426): Delay finish: com.google.android.gms/.wearable.init.InitializeGmsWearableReceiver
I/ActivityManager( 426): Resuming delayed broadcast
I/ActivityManager( 426): Delay finish: com.google.android.gms/.wearable.init.InitializeGmsWearableReceiver
I/ActivityManager( 426): Resuming delayed broadcast
I/ActivityManager( 426): Delay finish: com.google.android.gms/.wearable.init.InitializeGmsWearableReceiver
I/ActivityManager( 426): Resuming delayed broadcast
I/ActivityManager( 426): Delay finish: com.google.android.gms/.wearable.init.InitializeGmsWearableReceiver
I/ActivityManager( 426): Resuming delayed broadcast
I/ActivityManager( 426): Delay finish: com.google.android.gms/.wearable.init.InitializeGmsWearableReceiver
I/ActivityManager( 426): Resuming delayed broadcast
I/ActivityManager( 426): Delay finish: com.google.android.gms/.wearable.init.InitializeGmsWearableReceiver
I/ActivityManager( 426): Resuming delayed broadcast
I/ActivityManager( 426): Delay finish: com.google.android.gms/.wearable.init.InitializeGmsWearableReceiver
I/ActivityManager( 426): Resuming delayed broadcast
I/ActivityManager( 426): Delay finish: com.google.android.gms/.wearable.init.InitializeGmsWearableReceiver
I/ActivityManager( 426): Resuming delayed broadcast
I/ActivityManager( 426): Delay finish: com.google.android.gms/.wearable.init.InitializeGmsWearableReceiver
I/ActivityManager( 426): Resuming delayed broadcast
I/ActivityManager( 426): Delay finish: com.google.android.gms/.wearable.init.InitializeGmsWearableReceiver
I/ActivityManager( 426): Resuming delayed broadcast
I/ActivityManager( 426): Delay finish: com.google.android.gms/.wearable.init.InitializeGmsWearableReceiver
I/ActivityManager( 426): Resuming delayed broadcast
I/ActivityManager( 426): Delay finish: com.google.android.gms/.wearable.init.InitializeGmsWearableReceiver
I/ActivityManager( 426): Resuming delayed broadcast
I/ActivityManager( 426): Delay finish: com.google.android.gms/.wearable.init.InitializeGmsWearableReceiver
I/ActivityManager( 426): Resuming delayed broadcast
I/ActivityManager( 426): Delay finish: com.google.android.gms/.wearable.init.InitializeGmsWearableReceiver
I/ActivityManager( 426): Resuming delayed broadcast
W/BatteryStatsImpl( 426): Couldn't get kernel wake lock stats
I/ActivityManager( 426): Delay finish: com.google.android.gms/.wearable.init.InitializeGmsWearableReceiver
I/ActivityManager( 426): Resuming delayed broadcast
I/ActivityManager( 426): Delay finish: com.google.android.gms/.wearable.init.InitializeGmsWearableReceiver
I/ActivityManager( 426): Resuming delayed broadcast
I/ActivityManager( 426): Delay finish: com.google.android.gms/.wearable.init.InitializeGmsWearableReceiver
I/ActivityManager( 426): Resuming delayed broadcast
I/ActivityManager( 426): Delay finish: com.google.android.gms/.wearable.init.InitializeGmsWearableReceiver
I/ActivityManager( 426): Resuming delayed broadcast
I/ActivityManager( 426): Delay finish: com.google.android.gms/.wearable.init.InitializeGmsWearableReceiver
I/ActivityManager( 426): Resuming delayed broadcast
I/ActivityManager( 426): Delay finish: com.google.android.gms/.wearable.init.InitializeGmsWearableReceiver
I/ActivityManager( 426): Resuming delayed broadcast
I/ActivityManager( 426): Delay finish: com.google.android.gms/.wearable.init.InitializeGmsWearableReceiver
I/ActivityManager( 426): Resuming delayed broadcast
I/ActivityManager( 426): Delay finish: com.google.android.gms/.wearable.init.InitializeGmsWearableReceiver
I/ActivityManager( 426): Resuming delayed broadcast
I/ActivityManager( 426): Delay finish: com.google.android.gms/.wearable.init.InitializeGmsWearableReceiver
I/ActivityManager( 426): Resuming delayed broadcast
I/ActivityManager( 426): Delay finish: com.google.android.gms/.wearable.init.InitializeGmsWearableReceiver
I/ActivityManager( 426): Resuming delayed broadcast
I/ActivityManager( 426): Delay finish: com.google.android.gms/.wearable.init.InitializeGmsWearableReceiver
I/ActivityManager( 426): Resuming delayed broadcast
I/ActivityManager( 426): Delay finish: com.google.android.gms/.wearable.init.InitializeGmsWearableReceiver
I/ActivityManager( 426): Resuming delayed broadcast
I/ActivityManager( 426): Delay finish: com.google.android.gms/.wearable.init.InitializeGmsWearableReceiver
I/ActivityManager( 426): Resuming delayed broadcast
I/ActivityManager( 426): Delay finish: com.google.android.gms/.wearable.init.InitializeGmsWearableReceiver
I/ActivityManager( 426): Resuming delayed broadcast
I/ActivityManager( 426): Delay finish: com.google.android.gms/.wearable.init.InitializeGmsWearableReceiver
I/ActivityManager( 426): Resuming delayed broadcast
I/ActivityManager( 426): Delay finish: com.google.android.gms/.wearable.init.InitializeGmsWearableReceiver
I/ActivityManager( 426): Resuming delayed broadcast
I/ActivityManager( 426): Delay finish: com.google.android.gms/.wearable.init.InitializeGmsWearableReceiver
I/ActivityManager( 426): Resuming delayed broadcast
I/ActivityManager( 426): Delay finish: com.google.android.gms/.wearable.init.InitializeGmsWearableReceiver
I/ActivityManager( 426): Resuming delayed broadcast
I/ActivityManager( 426): Delay finish: com.google.android.gms/.wearable.init.InitializeGmsWearableReceiver
I/ActivityManager( 426): Resuming delayed broadcast
I/ActivityManager( 426): Delay finish: com.google.android.gms/.wearable.init.InitializeGmsWearableReceiver
I/ActivityManager( 426): Resuming delayed broadcast
I/ActivityManager( 426): Delay finish: com.google.android.gms/.wearable.init.InitializeGmsWearableReceiver
I/ActivityManager( 426): Resuming delayed broadcast
I/ActivityManager( 426): Delay finish: com.google.android.gms/.wearable.init.InitializeGmsWearableReceiver
I/ActivityManager( 426): Resuming delayed broadcast
I/ActivityManager( 426): Delay finish: com.google.android.gms/.wearable.init.InitializeGmsWearableReceiver
I/ActivityManager( 426): Resuming delayed broadcast
I/ActivityManager( 426): Delay finish: com.google.android.gms/.wearable.init.InitializeGmsWearableReceiver
I/ActivityManager( 426): Resuming delayed broadcast
I/ActivityManager( 426): Delay finish: com.google.android.gms/.wearable.init.InitializeGmsWearableReceiver
I/ActivityManager( 426): Resuming delayed broadcast
I/ActivityManager( 426): Delay finish: com.google.android.gms/.wearable.init.InitializeGmsWearableReceiver
I/ActivityManager( 426): Resuming delayed broadcast
I/ActivityManager( 426): Delay finish: com.google.android.gms/.wearable.init.InitializeGmsWearableReceiver
I/ActivityManager( 426): Resuming delayed broadcast
I/ActivityManager( 426): Delay finish: com.google.android.gms/.wearable.init.InitializeGmsWearableReceiver
I/ActivityManager( 426): Resuming delayed broadcast
I/ActivityManager( 426): Delay finish: com.google.android.gms/.wearable.init.InitializeGmsWearableReceiver
I/ActivityManager( 426): Resuming delayed broadcast
I/ActivityManager( 426): Delay finish: com.google.android.gms/.wearable.init.InitializeGmsWearableReceiver
I/ActivityManager( 426): Resuming delayed broadcast
I/ActivityManager( 426): Delay finish: com.google.android.gms/.wearable.init.InitializeGmsWearableReceiver
I/ActivityManager( 426): Resuming delayed broadcast
I/ActivityManager( 426): Delay finish: com.google.android.gms/.wearable.init.InitializeGmsWearableReceiver
I/ActivityManager( 426): Resuming delayed broadcast
I/ActivityManager( 426): Delay finish: com.google.android.gms/.wearable.init.InitializeGmsWearableReceiver
I/ActivityManager( 426): Resuming delayed broadcast
I/ActivityManager( 426): Delay finish: com.google.android.gms/.wearable.init.InitializeGmsWearableReceiver
I/ActivityManager( 426): Resuming delayed broadcast
I/ActivityManager( 426): Delay finish: com.google.android.gms/.wearable.init.InitializeGmsWearableReceiver
I/ActivityManager( 426): Resuming delayed broadcast
I/ActivityManager( 426): Delay finish: com.google.android.gms/.wearable.init.InitializeGmsWearableReceiver
I/ActivityManager( 426): Resuming delayed broadcast
I/ActivityManager( 426): Delay finish: com.google.android.gms/.wearable.init.InitializeGmsWearableReceiver
I/ActivityManager( 426): Resuming delayed broadcast
I/ActivityManager( 426): Delay finish: com.google.android.gms/.wearable.init.InitializeGmsWearableReceiver
I/ActivityManager( 426): Resuming delayed broadcast
I/ActivityManager( 426): Delay finish: com.google.android.gms/.wearable.init.InitializeGmsWearableReceiver
I/ActivityManager( 426): Resuming delayed broadcast
I/ActivityManager( 426): Delay finish: com.google.android.gms/.wearable.init.InitializeGmsWearableReceiver
I/ActivityManager( 426): Resuming delayed broadcast
I/ActivityManager( 426): Delay finish: com.google.android.gms/.wearable.init.InitializeGmsWearableReceiver
I/ActivityManager( 426): Resuming delayed broadcast
I/ActivityManager( 426): Delay finish: com.google.android.gms/.wearable.init.InitializeGmsWearableReceiver
I/ActivityManager( 426): Resuming delayed broadcast
I/ActivityManager( 426): Delay finish: com.google.android.gms/.wearable.init.InitializeGmsWearableReceiver
I/ActivityManager( 426): Resuming delayed broadcast
I/ActivityManager( 426): Delay finish: com.google.android.gms/.wearable.init.InitializeGmsWearableReceiver
I/ActivityManager( 426): Resuming delayed broadcast
I/ActivityManager( 426): Delay finish: com.google.android.gms/.wearable.init.InitializeGmsWearableReceiver
I/ActivityManager( 426): Resuming delayed broadcast
I/ActivityManager( 426): Delay finish: com.google.android.gms/.wearable.init.InitializeGmsWearableReceiver
I/ActivityManager( 426): Resuming delayed broadcast
I/ActivityManager( 426): Delay finish: com.google.android.gms/.wearable.init.InitializeGmsWearableReceiver
I/ActivityManager( 426): Resuming delayed broadcast
I/ActivityManager( 426): Delay finish: com.google.android.gms/.wearable.init.InitializeGmsWearableReceiver
I/ActivityManager( 426): Resuming delayed broadcast
I/ActivityManager( 426): Delay finish: com.google.android.gms/.wearable.init.InitializeGmsWearableReceiver
I/ActivityManager( 426): Resuming delayed broadcast
I/ActivityManager( 426): Delay finish: com.google.android.gms/.wearable.init.InitializeGmsWearableReceiver
I/ActivityManager( 426): Resuming delayed broadcast
I/ActivityManager( 426): Delay finish: com.google.android.gms/.wearable.init.InitializeGmsWearableReceiver
I/ActivityManager( 426): Resuming delayed broadcast
I/ActivityManager( 426): Delay finish: com.google.android.gms/.wearable.init.InitializeGmsWearableReceiver
I/ActivityManager( 426): Resuming delayed broadcast
I/ActivityManager( 426): Delay finish: com.google.android.gms/.wearable.init.InitializeGmsWearableReceiver
I/ActivityManager( 426): Resuming delayed broadcast
I/ActivityManager( 426): Delay finish: com.google.android.gms/.wearable.init.InitializeGmsWearableReceiver
I/ActivityManager( 426): Resuming delayed broadcast
I/ActivityManager( 426): Delay finish: com.google.android.gms/.wearable.init.InitializeGmsWearableReceiver
I/ActivityManager( 426): Resuming delayed broadcast
I/ActivityManager( 426): Delay finish: com.google.android.gms/.wearable.init.InitializeGmsWearableReceiver
I/ActivityManager( 426): Resuming delayed broadcast
I/ActivityManager( 426): Delay finish: com.google.android.gms/.wearable.init.InitializeGmsWearableReceiver
I/ActivityManager( 426): Resuming delayed broadcast
I/ActivityManager( 426): Delay finish: com.google.android.gms/.wearable.init.InitializeGmsWearableReceiver
I/ActivityManager( 426): Resuming delayed broadcast
I/ActivityManager( 426): Delay finish: com.google.android.gms/.wearable.init.InitializeGmsWearableReceiver
I/ActivityManager( 426): Resuming delayed broadcast
I/ActivityManager( 426): Delay finish: com.google.android.gms/.wearable.init.InitializeGmsWearableReceiver
I/ActivityManager( 426): Resuming delayed broadcast
I/ActivityManager( 426): Delay finish: com.google.android.gms/.wearable.init.InitializeGmsWearableReceiver
I/ActivityManager( 426): Resuming delayed broadcast
I/ActivityManager( 426): Delay finish: com.google.android.gms/.wearable.init.InitializeGmsWearableReceiver
I/ActivityManager( 426): Resuming delayed broadcast
I/ActivityManager( 426): Delay finish: com.google.android.gms/.wearable.init.InitializeGmsWearableReceiver
I/ActivityManager( 426): Resuming delayed broadcast
I/ActivityManager( 426): Delay finish: com.google.android.gms/.wearable.init.InitializeGmsWearableReceiver
I/ActivityManager( 426): Resuming delayed broadcast
I/ActivityManager( 426): Delay finish: com.google.android.gms/.wearable.init.InitializeGmsWearableReceiver
I/ActivityManager( 426): Resuming delayed broadcast
I/ActivityManager( 426): Delay finish: com.google.android.gms/.wearable.init.InitializeGmsWearableReceiver
I/ActivityManager( 426): Resuming delayed broadcast
I/ActivityManager( 426): Delay finish: com.google.android.gms/.wearable.init.InitializeGmsWearableReceiver
I/ActivityManager( 426): Resuming delayed broadcast
I/ActivityManager( 426): Delay finish: com.google.android.gms/.wearable.init.InitializeGmsWearableReceiver
I/ActivityManager( 426): Resuming delayed broadcast
I/ActivityManager( 426): Delay finish: com.google.android.gms/.wearable.init.InitializeGmsWearableReceiver
I/ActivityManager( 426): Resuming delayed broadcast
I/ActivityManager( 426): Delay finish: com.google.android.gms/.wearable.init.InitializeGmsWearableReceiver
I/ActivityManager( 426): Resuming delayed broadcast
I/ActivityManager( 426): Delay finish: com.google.android.gms/.wearable.init.InitializeGmsWearableReceiver
I/ActivityManager( 426): Resuming delayed broadcast
I/ActivityManager( 426): Delay finish: com.google.android.gms/.wearable.init.InitializeGmsWearableReceiver
I/ActivityManager( 426): Resuming delayed broadcast
I/ActivityManager( 426): Delay finish: com.google.android.gms/.wearable.init.InitializeGmsWearableReceiver
I/ActivityManager( 426): Resuming delayed broadcast
I/ActivityManager( 426): Delay finish: com.google.android.gms/.wearable.init.InitializeGmsWearableReceiver
I/ActivityManager( 426): Resuming delayed broadcast
I/ActivityManager( 426): Delay finish: com.google.android.gms/.wearable.init.InitializeGmsWearableReceiver
I/ActivityManager( 426): Resuming delayed broadcast
I/ActivityManager( 426): Delay finish: com.google.android.gms/.wearable.init.InitializeGmsWearableReceiver
I/ActivityManager( 426): Resuming delayed broadcast
I/ActivityManager( 426): Delay finish: com.google.android.gms/.wearable.init.InitializeGmsWearableReceiver
I/ActivityManager( 426): Resuming delayed broadcast
I/ActivityManager( 426): Delay finish: com.google.android.gms/.wearable.init.InitializeGmsWearableReceiver
I/ActivityManager( 426): Resuming delayed broadcast
I/ActivityManager( 426): Delay finish: com.google.android.gms/.wearable.init.InitializeGmsWearableReceiver
I/ActivityManager( 426): Resuming delayed broadcast
I/ActivityManager( 426): Delay finish: com.google.android.gms/.wearable.init.InitializeGmsWearableReceiver
I/ActivityManager( 426): Resuming delayed broadcast
I/ActivityManager( 426): Delay finish: com.google.android.gms/.wearable.init.InitializeGmsWearableReceiver
I/ActivityManager( 426): Resuming delayed broadcast
I/ActivityManager( 426): Delay finish: com.google.android.gms/.wearable.init.InitializeGmsWearableReceiver
I/ActivityManager( 426): Resuming delayed broadcast
I/ActivityManager( 426): Delay finish: com.google.android.gms/.wearable.init.InitializeGmsWearableReceiver
I/ActivityManager( 426): Resuming delayed broadcast
I/ActivityManager( 426): Delay finish: com.google.android.gms/.wearable.init.InitializeGmsWearableReceiver
I/ActivityManager( 426): Resuming delayed broadcast
I/ActivityManager( 426): Delay finish: com.google.android.gms/.wearable.init.InitializeGmsWearableReceiver
I/ActivityManager( 426): Resuming delayed broadcast
I/ActivityManager( 426): Delay finish: com.google.android.gms/.wearable.init.InitializeGmsWearableReceiver
I/ActivityManager( 426): Resuming delayed broadcast
I/ActivityManager( 426): Delay finish: com.google.android.gms/.wearable.init.InitializeGmsWearableReceiver
I/ActivityManager( 426): Resuming delayed broadcast
I/ActivityManager( 426): Delay finish: com.google.android.gms/.wearable.init.InitializeGmsWearableReceiver
I/ActivityManager( 426): Resuming delayed broadcast
I/ActivityManager( 426): Delay finish: com.google.android.gms/.wearable.init.InitializeGmsWearableReceiver
I/ActivityManager( 426): Resuming delayed broadcast
I/ActivityManager( 426): Delay finish: com.google.android.gms/.wearable.init.InitializeGmsWearableReceiver
I/ActivityManager( 426): Resuming delayed broadcast
I/ActivityManager( 426): Delay finish: com.google.android.gms/.wearable.init.InitializeGmsWearableReceiver
I/ActivityManager( 426): Resuming delayed broadcast
I/ActivityManager( 426): Delay finish: com.google.android.gms/.wearable.init.InitializeGmsWearableReceiver
I/ActivityManager( 426): Resuming delayed broadcast
I/ActivityManager( 426): Delay finish: com.google.android.gms/.wearable.init.InitializeGmsWearableReceiver
I/ActivityManager( 426): Resuming delayed broadcast
I/PowerManagerService( 426): Going to sleep due to screen timeout (uid 1000)...
I/DreamManagerService( 426): Entering dreamland.
I/PowerManagerService( 426): Dozing...
I/DreamController( 426): Starting dream: name=ComponentInfo{com.google.android.wearable.ambient/com.google.android.wearable.ambient.AmbientDream}, isTest=false, canDoze=true, userId=0
I/ActivityManager( 426): Delay finish: com.google.android.gms/.wearable.init.InitializeGmsWearableReceiver
E/InputMethodManagerService( 426): Ignoring setImeWindowStatus due to an invalid token. uid:1000 token:null
E/InputMethodManagerService( 426): Ignoring setImeWindowStatus due to an invalid token. uid:1000 token:null
I/ActivityManager( 426): Resuming delayed broadcast
V/DreamService[AmbientDream]( 810): onBind() intent = Intent { act=android.service.dreams.DreamService flg=0x800000 cmp=com.google.android.wearable.ambient/.AmbientDream }
I/AmbientService( 810): Ambient Created
V/DreamService[AmbientDream]( 810): Calling onDreamingStarted()
I/AmbientService( 810): Ambient Starting
I/ActivityManager( 426): Delay finish: com.google.android.gms/.wearable.init.InitializeGmsWearableReceiver
I/ActivityManager( 426): Resuming delayed broadcast
W/BatteryStatsImpl( 426): Couldn't get kernel wake lock stats
I/DisplayManagerService( 426): Display device changed state: "Built-in Screen", DOZE_SUSPEND
V/ActivityManager( 426): Display changed displayId=0
I/DisplayManagerService( 426): Display device changed state: "Built-in Screen", DOZE
V/ActivityManager( 426): Display changed displayId=0
I/ActivityManager( 426): Delay finish: com.google.android.gms/.wearable.init.InitializeGmsWearableReceiver
I/ActivityManager( 426): Resuming delayed broadcast
I/ActivityManager( 426): Delay finish: com.google.android.gms/.wearable.init.InitializeGmsWearableReceiver
I/ActivityManager( 426): Resuming delayed broadcast
I/ActivityManager( 426): Delay finish: com.google.android.gms/.wearable.init.InitializeGmsWearableReceiver
I/ActivityManager( 426): Resuming delayed broadcast
I/DisplayManagerService( 426): Display device changed state: "Built-in Screen", DOZE_SUSPEND
V/ActivityManager( 426): Display changed displayId=0
I/ActivityManager( 426): Delay finish: com.google.android.gms/.wearable.init.InitializeGmsWearableReceiver
I/ActivityManager( 426): Resuming delayed broadcast
I/ActivityManager( 426): Delay finish: com.google.android.gms/.wearable.init.InitializeGmsWearableReceiver
I/ActivityManager( 426): Resuming delayed broadcast
I/ActivityManager( 426): Delay finish: com.google.android.gms/.wearable.init.InitializeGmsWearableReceiver
I/ActivityManager( 426): Resuming delayed broadcast
I/ActivityManager( 426): Delay finish: com.google.android.gms/.wearable.init.InitializeGmsWearableReceiver
I/ActivityManager( 426): Resuming delayed broadcast
I/ActivityManager( 426): Delay finish: com.google.android.gms/.wearable.init.InitializeGmsWearableReceiver
I/ActivityManager( 426): Resuming delayed broadcast
I/ActivityManager( 426): Delay finish: com.google.android.gms/.wearable.init.InitializeGmsWearableReceiver
I/ActivityManager( 426): Resuming delayed broadcast
I/ActivityManager( 426): Delay finish: com.google.android.gms/.wearable.init.InitializeGmsWearableReceiver
I/ActivityManager( 426): Resuming delayed broadcast
I/ActivityManager( 426): Delay finish: com.google.android.gms/.wearable.init.InitializeGmsWearableReceiver
I/ActivityManager( 426): Resuming delayed broadcast
I/ActivityManager( 426): Delay finish: com.google.android.gms/.wearable.init.InitializeGmsWearableReceiver
I/ActivityManager( 426): Resuming delayed broadcast
I/ActivityManager( 426): Delay finish: com.google.android.gms/.wearable.init.InitializeGmsWearableReceiver
I/ActivityManager( 426): Resuming delayed broadcast
I/ActivityManager( 426): Delay finish: com.google.android.gms/.wearable.init.InitializeGmsWearableReceiver
I/ActivityManager( 426): Resuming delayed broadcast
I/ActivityManager( 426): Delay finish: com.google.android.gms/.wearable.init.InitializeGmsWearableReceiver
I/ActivityManager( 426): Resuming delayed broadcast
I/ActivityManager( 426): Delay finish: com.google.android.gms/.wearable.init.InitializeGmsWearableReceiver
I/ActivityManager( 426): Resuming delayed broadcast
I/ActivityManager( 426): Delay finish: com.google.android.gms/.wearable.init.InitializeGmsWearableReceiver
I/ActivityManager( 426): Resuming delayed broadcast
I/ActivityManager( 426): Delay finish: com.google.android.gms/.wearable.init.InitializeGmsWearableReceiver
I/ActivityManager( 426): Resuming delayed broadcast
I/ActivityManager( 426): Delay finish: com.google.android.gms/.wearable.init.InitializeGmsWearableReceiver
I/ActivityManager( 426): Resuming delayed broadcast
I/ActivityManager( 426): Delay finish: com.google.android.gms/.wearable.init.InitializeGmsWearableReceiver
I/ActivityManager( 426): Resuming delayed broadcast
I/ActivityManager( 426): Delay finish: com.google.android.gms/.wearable.init.InitializeGmsWearableReceiver
I/ActivityManager( 426): Resuming delayed broadcast
I/ActivityManager( 426): Delay finish: com.google.android.gms/.wearable.init.InitializeGmsWearableReceiver
I/ActivityManager( 426): Resuming delayed broadcast
I/ActivityManager( 426): Delay finish: com.google.android.gms/.wearable.init.InitializeGmsWearableReceiver
I/ActivityManager( 426): Resuming delayed broadcast
I/ActivityManager( 426): Delay finish: com.google.android.gms/.wearable.init.InitializeGmsWearableReceiver
I/ActivityManager( 426): Resuming delayed broadcast
I/ActivityManager( 426): Delay finish: com.google.android.gms/.wearable.init.InitializeGmsWearableReceiver
I/ActivityManager( 426): Resuming delayed broadcast
I/ActivityManager( 426): Delay finish: com.google.android.gms/.wearable.init.InitializeGmsWearableReceiver
I/ActivityManager( 426): Resuming delayed broadcast
I/ActivityManager( 426): Delay finish: com.google.android.gms/.wearable.init.InitializeGmsWearableReceiver
I/ActivityManager( 426): Resuming delayed broadcast
I/ActivityManager( 426): Delay finish: com.google.android.gms/.wearable.init.InitializeGmsWearableReceiver
I/ActivityManager( 426): Resuming delayed broadcast
I/ActivityManager( 426): Delay finish: com.google.android.gms/.wearable.init.InitializeGmsWearableReceiver
I/ActivityManager( 426): Resuming delayed broadcast
I/ActivityManager( 426): Delay finish: com.google.android.gms/.wearable.init.InitializeGmsWearableReceiver
I/ActivityManager( 426): Resuming delayed broadcast
I/ActivityManager( 426): Delay finish: com.google.android.gms/.wearable.init.InitializeGmsWearableReceiver
I/ActivityManager( 426): Resuming delayed broadcast
I/ActivityManager( 426): Delay finish: com.google.android.gms/.wearable.init.InitializeGmsWearableReceiver
I/ActivityManager( 426): Resuming delayed broadcast
I/ActivityManager( 426): Delay finish: com.google.android.gms/.wearable.init.InitializeGmsWearableReceiver
I/ActivityManager( 426): Resuming delayed broadcast
I/ActivityManager( 426): Delay finish: com.google.android.gms/.wearable.init.InitializeGmsWearableReceiver
I/ActivityManager( 426): Resuming delayed broadcast
I/ActivityManager( 426): Delay finish: com.google.android.gms/.wearable.init.InitializeGmsWearableReceiver
I/ActivityManager( 426): Resuming delayed broadcast
I/ActivityManager( 426): Delay finish: com.google.android.gms/.wearable.init.InitializeGmsWearableReceiver
I/ActivityManager( 426): Resuming delayed broadcast
I/ActivityManager( 426): Delay finish: com.google.android.gms/.wearable.init.InitializeGmsWearableReceiver
I/ActivityManager( 426): Resuming delayed broadcast
I/ActivityManager( 426): Delay finish: com.google.android.gms/.wearable.init.InitializeGmsWearableReceiver
I/ActivityManager( 426): Resuming delayed broadcast
I/ActivityManager( 426): Delay finish: com.google.android.gms/.wearable.init.InitializeGmsWearableReceiver
I/ActivityManager( 426): Resuming delayed broadcast
I/ActivityManager( 426): Delay finish: com.google.android.gms/.wearable.init.InitializeGmsWearableReceiver
I/ActivityManager( 426): Resuming delayed broadcast
I/ActivityManager( 426): Delay finish: com.google.android.gms/.wearable.init.InitializeGmsWearableReceiver
I/ActivityManager( 426): Resuming delayed broadcast
I/ActivityManager( 426): Delay finish: com.google.android.gms/.wearable.init.InitializeGmsWearableReceiver
I/ActivityManager( 426): Resuming delayed broadcast
I/ActivityManager( 426): Delay finish: com.google.android.gms/.wearable.init.InitializeGmsWearableReceiver
I/ActivityManager( 426): Resuming delayed broadcast
I/ActivityManager( 426): Delay finish: com.google.android.gms/.wearable.init.InitializeGmsWearableReceiver
I/ActivityManager( 426): Resuming delayed broadcast
I/ActivityManager( 426): Delay finish: com.google.android.gms/.wearable.init.InitializeGmsWearableReceiver
I/ActivityManager( 426): Resuming delayed broadcast
I/ActivityManager( 426): Delay finish: com.google.android.gms/.wearable.init.InitializeGmsWearableReceiver
I/ActivityManager( 426): Resuming delayed broadcast
I/ActivityManager( 426): Delay finish: com.google.android.gms/.wearable.init.InitializeGmsWearableReceiver
I/ActivityManager( 426): Resuming delayed broadcast
I/ActivityManager( 426): Delay finish: com.google.android.gms/.wearable.init.InitializeGmsWearableReceiver
I/ActivityManager( 426): Resuming delayed broadcast
I/ActivityManager( 426): Delay finish: com.google.android.gms/.wearable.init.InitializeGmsWearableReceiver
I/ActivityManager( 426): Resuming delayed broadcast
I/ActivityManager( 426): Delay finish: com.google.android.gms/.wearable.init.InitializeGmsWearableReceiver
I/ActivityManager( 426): Resuming delayed broadcast
I/ActivityManager( 426): Delay finish: com.google.android.gms/.wearable.init.InitializeGmsWearableReceiver
I/ActivityManager( 426): Resuming delayed broadcast
I/ActivityManager( 426): Delay finish: com.google.android.gms/.wearable.init.InitializeGmsWearableReceiver
I/ActivityManager( 426): Resuming delayed broadcast
I/ActivityManager( 426): Delay finish: com.google.android.gms/.wearable.init.InitializeGmsWearableReceiver
I/ActivityManager( 426): Resuming delayed broadcast
I/ActivityManager( 426): Delay finish: com.google.android.gms/.wearable.init.InitializeGmsWearableReceiver
I/ActivityManager( 426): Resuming delayed broadcast
I/ActivityManager( 426): Delay finish: com.google.android.gms/.wearable.init.InitializeGmsWearableReceiver
I/ActivityManager( 426): Resuming delayed broadcast
I/ActivityManager( 426): Delay finish: com.google.android.gms/.wearable.init.InitializeGmsWearableReceiver
I/ActivityManager( 426): Resuming delayed broadcast
I/ActivityManager( 426): Delay finish: com.google.android.gms/.wearable.init.InitializeGmsWearableReceiver
I/ActivityManager( 426): Resuming delayed broadcast
I/ActivityManager( 426): Delay finish: com.google.android.gms/.wearable.init.InitializeGmsWearableReceiver
I/ActivityManager( 426): Resuming delayed broadcast
I/ActivityManager( 426): Delay finish: com.google.android.gms/.wearable.init.InitializeGmsWearableReceiver
I/ActivityManager( 426): Resuming delayed broadcast
I/ActivityManager( 426): Delay finish: com.google.android.gms/.wearable.init.InitializeGmsWearableReceiver
I/ActivityManager( 426): Resuming delayed broadcast
I/ActivityManager( 426): Delay finish: com.google.android.gms/.wearable.init.InitializeGmsWearableReceiver
I/ActivityManager( 426): Resuming delayed broadcast
I/ActivityManager( 426): Delay finish: com.google.android.gms/.wearable.init.InitializeGmsWearableReceiver
I/ActivityManager( 426): Resuming delayed broadcast
I/ActivityManager( 426): Delay finish: com.google.android.gms/.wearable.init.InitializeGmsWearableReceiver
I/ActivityManager( 426): Resuming delayed broadcast
I/ActivityManager( 426): Delay finish: com.google.android.gms/.wearable.init.InitializeGmsWearableReceiver
I/ActivityManager( 426): Resuming delayed broadcast
I/ActivityManager( 426): Delay finish: com.google.android.gms/.wearable.init.InitializeGmsWearableReceiver
I/ActivityManager( 426): Resuming delayed broadcast
I/ActivityManager( 426): Delay finish: com.google.android.gms/.wearable.init.InitializeGmsWearableReceiver
I/ActivityManager( 426): Resuming delayed broadcast
I/ActivityManager( 426): Delay finish: com.google.android.gms/.wearable.init.InitializeGmsWearableReceiver
I/ActivityManager( 426): Resuming delayed broadcast
I/ActivityManager( 426): Delay finish: com.google.android.gms/.wearable.init.InitializeGmsWearableReceiver
I/ActivityManager( 426): Resuming delayed broadcast
I/ActivityManager( 426): Delay finish: com.google.android.gms/.wearable.init.InitializeGmsWearableReceiver
I/ActivityManager( 426): Resuming delayed broadcast
I/ActivityManager( 426): Delay finish: com.google.android.gms/.wearable.init.InitializeGmsWearableReceiver
I/ActivityManager( 426): Resuming delayed broadcast
I/ActivityManager( 426): Delay finish: com.google.android.gms/.wearable.init.InitializeGmsWearableReceiver
I/ActivityManager( 426): Resuming delayed broadcast
I/ActivityManager( 426): Delay finish: com.google.android.gms/.wearable.init.InitializeGmsWearableReceiver
I/ActivityManager( 426): Resuming delayed broadcast
I/ActivityManager( 426): Delay finish: com.google.android.gms/.wearable.init.InitializeGmsWearableReceiver
I/ActivityManager( 426): Resuming delayed broadcast
I/ActivityManager( 426): Delay finish: com.google.android.gms/.wearable.init.InitializeGmsWearableReceiver
I/ActivityManager( 426): Resuming delayed broadcast
I/ActivityManager( 426): Delay finish: com.google.android.gms/.wearable.init.InitializeGmsWearableReceiver
I/ActivityManager( 426): Resuming delayed broadcast
I/ActivityManager( 426): Start proc 22531:sony.com.stepservice/1000 for service sony.com.stepservice/.StepService
I/ActivityManager( 426): Delay finish: com.google.android.gms/.wearable.init.InitializeGmsWearableReceiver
I/ActivityManager( 426): Resuming delayed broadcast
I/ActivityManager( 426): Delay finish: com.google.android.gms/.wearable.init.InitializeGmsWearableReceiver
I/ActivityManager( 426): Resuming delayed broadcast
I/ActivityManager( 426): Delay finish: com.google.android.gms/.wearable.init.InitializeGmsWearableReceiver
I/ActivityManager( 426): Resuming delayed broadcast
I/ActivityManager( 426): Delay finish: com.google.android.gms/.wearable.init.InitializeGmsWearableReceiver
I/ActivityManager( 426): Resuming delayed broadcast
I/ActivityManager( 426): Delay finish: com.google.android.gms/.wearable.init.InitializeGmsWearableReceiver
I/ActivityManager( 426): Resuming delayed broadcast
I/ActivityManager( 426): Delay finish: com.google.android.gms/.wearable.init.InitializeGmsWearableReceiver
I/ActivityManager( 426): Resuming delayed broadcast
I/ActivityManager( 426): Delay finish: com.google.android.gms/.wearable.init.InitializeGmsWearableReceiver
I/ActivityManager( 426): Resuming delayed broadcast
I/ActivityManager( 426): Delay finish: com.google.android.gms/.wearable.init.InitializeGmsWearableReceiver
I/ActivityManager( 426): Resuming delayed broadcast
I/ActivityManager( 426): Delay finish: com.google.android.gms/.wearable.init.InitializeGmsWearableReceiver
I/ActivityManager( 426): Resuming delayed broadcast
I/ActivityManager( 426): Delay finish: com.google.android.gms/.wearable.init.InitializeGmsWearableReceiver
I/ActivityManager( 426): Resuming delayed broadcast
I/ActivityManager( 426): Delay finish: com.google.android.gms/.wearable.init.InitializeGmsWearableReceiver
I/ActivityManager( 426): Resuming delayed broadcast
I/ActivityManager( 426): Delay finish: com.google.android.gms/.wearable.init.InitializeGmsWearableReceiver
I/ActivityManager( 426): Resuming delayed broadcast
I/ActivityManager( 426): Delay finish: com.google.android.gms/.wearable.init.InitializeGmsWearableReceiver
I/ActivityManager( 426): Resuming delayed broadcast
I/ActivityManager( 426): Delay finish: com.google.android.gms/.wearable.init.InitializeGmsWearableReceiver
I/ActivityManager( 426): Resuming delayed broadcast
I/ActivityManager( 426): Delay finish: com.google.android.gms/.wearable.init.InitializeGmsWearableReceiver
I/ActivityManager( 426): Resuming delayed broadcast
I/ActivityManager( 426): Delay finish: com.google.android.gms/.wearable.init.InitializeGmsWearableReceiver
I/ActivityManager( 426): Resuming delayed broadcast
I/ActivityManager( 426): Delay finish: com.google.android.gms/.wearable.init.InitializeGmsWearableReceiver
I/ActivityManager( 426): Resuming delayed broadcast
I/ActivityManager( 426): Delay finish: com.google.android.gms/.wearable.init.InitializeGmsWearableReceiver
I/ActivityManager( 426): Resuming delayed broadcast
I/ActivityManager( 426): Delay finish: com.google.android.gms/.wearable.init.InitializeGmsWearableReceiver
I/ActivityManager( 426): Resuming delayed broadcast
I/ActivityManager( 426): Delay finish: com.google.android.gms/.wearable.init.InitializeGmsWearableReceiver
I/ActivityManager( 426): Resuming delayed broadcast
I/ActivityManager( 426): Delay finish: com.google.android.gms/.wearable.init.InitializeGmsWearableReceiver
I/ActivityManager( 426): Resuming delayed broadcast
I/ActivityManager( 426): Delay finish: com.google.android.gms/.wearable.init.InitializeGmsWearableReceiver
W/ContextImpl(22531): Calling a method in the system process without a qualified user: android.app.ContextImpl.sendBroadcast:1327 android.content.ContextWrapper.sendBroadcast:377 sony.com.stepservice.StepService.broadcastSteps:295 sony.com.stepservice.StepService.onSensorChanged:212 android.hardware.SystemSensorManager$SensorEventQueue.dispatchSensorEvent:405
I/ActivityManager( 426): Resuming delayed broadcast
W/ContextImpl(22531): Calling a method in the system process without a qualified user: android.app.ContextImpl.sendBroadcast:1327 android.content.ContextWrapper.sendBroadcast:377 sony.com.stepservice.StepService.broadcastSteps:295 sony.com.stepservice.StepService.onSensorChanged:212 android.hardware.SystemSensorManager$SensorEventQueue.dispatchSensorEvent:405
I/ActivityManager( 426): Delay finish: com.google.android.gms/.wearable.init.InitializeGmsWearableReceiver
I/ActivityManager( 426): Resuming delayed broadcast
I/ActivityManager( 426): Delay finish: com.google.android.gms/.wearable.init.InitializeGmsWearableReceiver
I/ActivityManager( 426): Resuming delayed broadcast
I/ActivityManager( 426): Delay finish: com.google.android.gms/.wearable.init.InitializeGmsWearableReceiver
I/ActivityManager( 426): Resuming delayed broadcast
I/ActivityManager( 426): Delay finish: com.google.android.gms/.wearable.init.InitializeGmsWearableReceiver
I/ActivityManager( 426): Resuming delayed broadcast
I/ActivityManager( 426): Delay finish: com.google.android.gms/.wearable.init.InitializeGmsWearableReceiver
I/ActivityManager( 426): Resuming delayed broadcast
I/ActivityManager( 426): Resuming delayed broadcast
I/ActivityManager( 426): Delay finish: com.google.android.gms/.wearable.init.InitializeGmsWearableReceiver
I/ActivityManager( 426): Resuming delayed broadcast
I/ActivityManager( 426): Delay finish: com.google.android.gms/.wearable.init.InitializeGmsWearableReceiver
I/ActivityManager( 426): Resuming delayed broadcast
I/ActivityManager( 426): Delay finish: com.google.android.gms/.wearable.init.InitializeGmsWearableReceiver
I/ActivityManager( 426): Resuming delayed broadcast
I/ActivityManager( 426): Delay finish: com.google.android.gms/.wearable.init.InitializeGmsWearableReceiver
I/ActivityManager( 426): Resuming delayed broadcast
I/ActivityManager( 426): Delay finish: com.google.android.gms/.wearable.init.InitializeGmsWearableReceiver
I/ActivityManager( 426): Resuming delayed broadcast
I/ActivityManager( 426): Delay finish: com.google.android.gms/.wearable.init.InitializeGmsWearableReceiver
I/ActivityManager( 426): Resuming delayed broadcast
I/ActivityManager( 426): Delay finish: com.google.android.gms/.wearable.init.InitializeGmsWearableReceiver
I/ActivityManager( 426): Resuming delayed broadcast
I/ActivityManager( 426): Delay finish: com.google.android.gms/.wearable.init.InitializeGmsWearableReceiver
I/ActivityManager( 426): Resuming delayed broadcast
I/ActivityManager( 426): Delay finish: com.google.android.gms/.wearable.init.InitializeGmsWearableReceiver
I/ActivityManager( 426): Resuming delayed broadcast
I/ActivityManager( 426): Delay finish: com.google.android.gms/.wearable.init.InitializeGmsWearableReceiver
I/ActivityManager( 426): Resuming delayed broadcast
I/ActivityManager( 426): Delay finish: com.google.android.gms/.wearable.init.InitializeGmsWearableReceiver
I/ActivityManager( 426): Resuming delayed broadcast
I/ActivityManager( 426): Delay finish: com.google.android.gms/.wearable.init.InitializeGmsWearableReceiver
I/ActivityManager( 426): Resuming delayed broadcast
I/ActivityManager( 426): Delay finish: com.google.android.gms/.wearable.init.InitializeGmsWearableReceiver
I/ActivityManager( 426): Resuming delayed broadcast
I/ActivityManager( 426): Delay finish: com.google.android.gms/.wearable.init.InitializeGmsWearableReceiver
I/ActivityManager( 426): Resuming delayed broadcast
I/ActivityManager( 426): Delay finish: com.google.android.gms/.wearable.init.InitializeGmsWearableReceiver
I/ActivityManager( 426): Resuming delayed broadcast
I/ActivityManager( 426): Delay finish: com.google.android.gms/.wearable.init.InitializeGmsWearableReceiver
I/ActivityManager( 426): Resuming delayed broadcast
I/ActivityManager( 426): Delay finish: com.google.android.gms/.wearable.init.InitializeGmsWearableReceiver
I/ActivityManager( 426): Resuming delayed broadcast
I/ActivityManager( 426): Delay finish: com.google.android.gms/.wearable.init.InitializeGmsWearableReceiver
I/ActivityManager( 426): Resuming delayed broadcast
I/ActivityManager( 426): Delay finish: com.google.android.gms/.wearable.init.InitializeGmsWearableReceiver
I/ActivityManager( 426): Resuming delayed broadcast
I/ActivityManager( 426): Delay finish: com.google.android.gms/.wearable.init.InitializeGmsWearableReceiver
I/ActivityManager( 426): Resuming delayed broadcast
I/ActivityManager( 426): Delay finish: com.google.android.gms/.wearable.init.InitializeGmsWearableReceiver
I/ActivityManager( 426): Resuming delayed broadcast
I/ActivityManager( 426): Delay finish: com.google.android.gms/.wearable.init.InitializeGmsWearableReceiver
I/ActivityManager( 426): Resuming delayed broadcast
I/ActivityManager( 426): Delay finish: com.google.android.gms/.wearable.init.InitializeGmsWearableReceiver
I/ActivityManager( 426): Resuming delayed broadcast
I/ActivityManager( 426): Delay finish: com.google.android.gms/.wearable.init.InitializeGmsWearableReceiver
I/ActivityManager( 426): Resuming delayed broadcast
I/ActivityManager( 426): Delay finish: com.google.android.gms/.wearable.init.InitializeGmsWearableReceiver
I/ActivityManager( 426): Resuming delayed broadcast
I/ActivityManager( 426): Delay finish: com.google.android.gms/.wearable.init.InitializeGmsWearableReceiver
I/ActivityManager( 426): Resuming delayed broadcast
I/ActivityManager( 426): Delay finish: com.google.android.gms/.wearable.init.InitializeGmsWearableReceiver
I/ActivityManager( 426): Resuming delayed broadcast
I/ActivityManager( 426): Delay finish: com.google.android.gms/.wearable.init.InitializeGmsWearableReceiver
I/ActivityManager( 426): Resuming delayed broadcast
I/ActivityManager( 426): Delay finish: com.google.android.gms/.wearable.init.InitializeGmsWearableReceiver
